000
CXUS51 KRNK 010931
CF6BLF

PRELIMINARY LOCAL CLIMATOLOGICAL DATA (WS FORM: F-6)

                                          STATION:   BLUEFIELD WV
                                          MONTH:     SEPTEMBER
                                          YEAR:      2014
                                          LATITUDE:   37 17 N
                                          LONGITUDE:  81 12 W

  TEMPERATURE IN F:       :PCPN:    SNOW:  WIND      :SUNSHINE: SKY     :PK WND
================================================================================
1   2   3   4   5  6A  6B    7    8   9   10  11  12  13   14  15   16   17  18
                                     12Z  AVG MX 2MIN
DY MAX MIN AVG DEP HDD CDD  WTR  SNW DPTH SPD SPD DIR MIN PSBL S-S WX    SPD DR
================================================================================

 1  83  70  77   7   0  12 0.00  0.0    0  8.3 17 260   M    M   4        26 260
 2  86  67  77   7   0  12 0.61  0.0    0  7.6 17 300   M    M   2 13     25 310
 3  80  65  73   3   0   8 0.00  0.0    0  3.9  9 260   M    M   5 12     12 270
 4  83  66  75   5   0  10 0.08  0.0    0  3.1 16 160   M    M   2 1238   24 150
 5  80  65  73   4   0   8 0.14  0.0    0  3.0 12 260   M    M   2 13     14 340
 6  83  66  75   6   0  10 0.20  0.0    0  5.0 20 300   M    M   4 123    27 300
 7  76  64  70   1   0   5 0.05  0.0    0  3.6 14 100   M    M  10 12     21  90
 8  70  61  66  -2   0   1 0.01  0.0    0  6.7 14 140   M    M   9        21 150
 9  77  61  69   1   0   4 0.00  0.0    0  4.6 10 160   M    M   6        17 140
10  78  63  71   3   0   6 0.00  0.0    0  5.3 14 160   M    M   1        20 150
11  82  67  75   7   0  10 0.56  0.0    0  9.1 21 260   M    M   7 123    27 250
12  75  67  71   4   0   6 0.04  0.0    0  2.5 13 150   M    M  10 18     21 130
13  68  49  59  -8   6   0 0.48  0.0    0  4.9 13 300   M    M   8 128    18 290
14  64  49  57  -9   8   0 0.00  0.0    0  3.8 13 160   M    M   9 12     22 160
15  75  55  65  -1   0   0 0.00  0.0    0  4.6 14 250   M    M   7 12     18 280
16  70  57  64  -2   1   0 0.02  0.0    0  4.4 16 240   M    M   8 1      19 230
17  70  54  62  -3   3   0 0.00  0.0    0  3.0 10 150   M    M   7 12     15 140
18  73  53  63  -2   2   0 0.00  0.0    0  2.6  8 310   M    M   8 12     12 240
19  73  56  65   0   0   0 0.00  0.0    0  5.4 13 120   M    M   8 1      24 140
20  76  61  69   5   0   4 0.00  0.0    0  5.2 14 170   M    M   3        21 170
21  75  58  67   3   0   2 0.11  0.0    0  9.3 21 270   M    M   5 1      29 280
22  63  47  55  -9  10   0 0.00  0.0    0  5.8 12 310   M    M   6        18 300
23  68  40  54  -9  11   0 0.00  0.0    0  3.7  9 140   M    M   2 12     13 100
24  67  49  58  -5   7   0    T  0.0    0  6.1 12 120   M    M   4        20 130
25  76  57  67   4   0   2 0.00  0.0    0  4.7  9  90   M    M   8 1      14  80
26  74  59  67   5   0   2 0.00  0.0    0  3.3  8  30   M    M   6        12 110
27  73  57  65   3   0   0 0.00  0.0    0  4.2 10 140   M    M   1        15 170
28  74  58  66   4   0   1 0.00  0.0    0  1.9  7 220   M    M   0         9 130
29  74  59  67   6   0   2 0.11  0.0    0  4.5 10 250   M    M   4        13 250
30  75  57  66   5   0   1 0.00  0.0    0  6.1 13 260   M    M   1        17 290
================================================================================
SM 2241 1757        48 106  2.41     0.0 146.2          M      157
================================================================================
AV 74.7 58.6                               4.9 FASTST   M    M   5    MAX(MPH)
                                 MISC ---->  # 21 260               # 29  280
================================================================================
NOTES:
# LAST OF SEVERAL OCCURRENCES

COLUMN 17 PEAK WIND IN M.P.H.

PRELIMINARY LOCAL CLIMATOLOGICAL DATA (WS FORM: F-6) , PAGE 2

                                          STATION:  BLUEFIELD WV
                                          MONTH:    SEPTEMBER
                                          YEAR:     2014
                                          LATITUDE:   37 17 N
                                          LONGITUDE:  81 12 W

[TEMPERATURE DATA]      [PRECIPITATION DATA]       SYMBOLS USED IN COLUMN 16

AVERAGE MONTHLY: 66.6   TOTAL FOR MONTH:   2.41    1 = FOG OR MIST
DPTR FM NORMAL:   0.8   DPTR FM NORMAL:   -0.73    2 = FOG REDUCING VISIBILITY
HIGHEST:    86 ON  2    GRTST 24HR  0.61 ON  2- 2      TO 1/4 MILE OR LESS
LOWEST:     40 ON 23                               3 = THUNDER
                        SNOW, ICE PELLETS, HAIL    4 = ICE PELLETS
                        TOTAL MONTH:   0.0 INCH    5 = HAIL
                        GRTST 24HR     0.0         6 = FREEZING RAIN OR DRIZZLE
                        GRTST DEPTH:   0           7 = DUSTSTORM OR SANDSTORM:
                                                       VSBY 1/2 MILE OR LESS
                                                   8 = SMOKE OR HAZE
[NO. OF DAYS WITH]      [WEATHER - DAYS WITH]      9 = BLOWING SNOW
                                                   X = TORNADO
MAX 32 OR BELOW:   0    0.01 INCH OR MORE:  12
MAX 90 OR ABOVE:   0    0.10 INCH OR MORE:   7
MIN 32 OR BELOW:   0    0.50 INCH OR MORE:   2
MIN  0 OR BELOW:   0    1.00 INCH OR MORE:   0

[HDD (BASE 65) ]
TOTAL THIS MO.    48    CLEAR  (SCALE 0-3)   9
DPTR FM NORMAL   -25    PTCLDY (SCALE 4-7)  14
TOTAL FM JUL 1    58    CLOUDY (SCALE 8-10)  7
DPTR FM NORMAL   -21

[CDD (BASE 65) ]
TOTAL THIS MO.   106
DPTR FM NORMAL     8    [PRESSURE DATA]
TOTAL FM JAN 1   819    HIGHEST SLP 30.39 ON 24
DPTR FM NORMAL   -13    LOWEST  SLP 29.81 ON 21

[REMARKS]
DUE TO A POWER FAILURE CAUSING A MISSING LOW TEMPERATURE ON
MAY 30...THE SEASONAL TOTAL AND DEPARTURE FROM NORMAL FOR CDD
WILL BE CALCULATED WITHOUT DATA FROM THAT DATE.

#FINAL-09-14#
