677
CXUS51 KRNK 270852
CF6BLF

PRELIMINARY LOCAL CLIMATOLOGICAL DATA (WS FORM: F-6)

                                          STATION:   BLUEFIELD WV
                                          MONTH:     MAY
                                          YEAR:      2016
                                          LATITUDE:   37 17 N
                                          LONGITUDE:  81 12 W

  TEMPERATURE IN F:       :PCPN:    SNOW:  WIND      :SUNSHINE: SKY     :PK WND
================================================================================
1   2   3   4   5  6A  6B    7    8   9   10  11  12  13   14  15   16   17  18
                                     12Z  AVG MX 2MIN
DY MAX MIN AVG DEP HDD CDD  WTR  SNW DPTH SPD SPD DIR MIN PSBL S-S WX    SPD DR
================================================================================

 1  74  52  63   4   2   0 1.04  0.0    0  7.7 17 240   M    M   7 13     26 340
 2  73  53  63   3   2   0 1.01  0.0    0  6.9 22 290   M    M   7 123    36 300
 3  60  48  54  -6  11   0 0.09  0.0    0  7.2 17 300   M    M   9 1      24 310
 4  58  45  52  -8  13   0 0.08  0.0    0  7.1 17 280   M    M   9 1      23 290
 5  45  38  42 -18  23   0 0.55  0.0    0  8.1 16 300   M    M  10 1      22 290
 6  55  42  49 -11  16   0 0.16  0.0    0  8.8 18 330   M    M   9 13     28 340
 7  68  41  55  -6  10   0 0.07  0.0    0  9.5 18 300   M    M   4        25 290
 8  62  52  57  -4   8   0 0.11  0.0    0 10.2 23 290   M    M   8        35 290
 9  72  50  61   0   4   0    T  0.0    0  5.4 18 260   M    M   2        23 250
10  76  55  66   5   0   1 0.44  0.0    0  6.4 26 300   M    M   6 13     40 300
11  72  54  63   1   2   0 0.25  0.0    0  7.2 20 240   M    M   6 1      25 220
12  77  58  68   6   0   3 0.59  0.0    0  5.5 26 270   M    M   4 123    37 270
13  65  50  58  -4   7   0 0.51  0.0    0  8.1 18 290   M    M   6 1      27 290
14  63  38  51 -11  14   0 0.13  0.0    0 10.7 22 250   M    M   5 1      32 260
15  52  36  44 -18  21   0 0.00  0.0    0 11.0 28 290   M    M   7        36 280
16  57  34  46 -17  19   0 0.00  0.0    0  4.0 10 250   M    M   6        15 170
17  58  48  53 -10  12   0 0.20  0.0    0  2.7 12 270   M    M  10 12     16 120
18  60  48  54  -9  11   0 0.16  0.0    0  4.5 12 320   M    M  10 12     18 300
19  62  46  54  -9  11   0 0.00  0.0    0  3.5  9  10   M    M   8 12     14 130
20  59  51  55  -9  10   0 0.46  0.0    0  7.3 16 120   M    M   8 1      29 150
21  65  53  59  -5   6   0 0.21  0.0    0  5.9 15 300   M    M  10 1      20 300
22  64  45  55  -9  10   0 0.14  0.0    0  7.3 16 340   M    M   8 123    27 360
23  60  44  52 -12  13   0 0.02  0.0    0  5.8 10 280   M    M   8 12     17 310
24  73  44  59  -5   6   0 0.00  0.0    0  5.0 13 260   M    M   1        21 290
25  76  55  66   1   0   1 0.00  0.0    0  4.5 14 260   M    M   2        19 230
26  73  61  67   2   0   2 0.01  0.0    0  5.6 16 260   M    M   6        21 310
================================================================================
SM 1679 1241       231   7  6.23     0.0 175.9          M      176
================================================================================
AV 64.6 47.7                               6.8 FASTST   M    M   7    MAX(MPH)
                                 MISC ---->  # 28 290               # 40  300
================================================================================
NOTES:
# LAST OF SEVERAL OCCURRENCES

COLUMN 17 PEAK WIND IN M.P.H.

PRELIMINARY LOCAL CLIMATOLOGICAL DATA (WS FORM: F-6) , PAGE 2

                                          STATION:  BLUEFIELD WV
                                          MONTH:    MAY
                                          YEAR:     2016
                                          LATITUDE:   37 17 N
                                          LONGITUDE:  81 12 W

[TEMPERATURE DATA]      [PRECIPITATION DATA]       SYMBOLS USED IN COLUMN 16

AVERAGE MONTHLY: 56.2   TOTAL FOR MONTH:   6.23    1 = FOG OR MIST
DPTR FM NORMAL:  -6.0   DPTR FM NORMAL:    2.68    2 = FOG REDUCING VISIBILITY
HIGHEST:    77 ON 12    GRTST 24HR  1.49 ON  1- 2      TO 1/4 MILE OR LESS
LOWEST:     34 ON 16                               3 = THUNDER
                        SNOW, ICE PELLETS, HAIL    4 = ICE PELLETS
                        TOTAL MONTH:   0.0 INCH    5 = HAIL
                        GRTST 24HR     0.0         6 = FREEZING RAIN OR DRIZZLE
                        GRTST DEPTH:   0           7 = DUSTSTORM OR SANDSTORM:
                                                       VSBY 1/2 MILE OR LESS
                                                   8 = SMOKE OR HAZE
[NO. OF DAYS WITH]      [WEATHER - DAYS WITH]      9 = BLOWING SNOW
                                                   X = TORNADO
MAX 32 OR BELOW:   0    0.01 INCH OR MORE:  20
MAX 90 OR ABOVE:   0    0.10 INCH OR MORE:  15
MIN 32 OR BELOW:   0    0.50 INCH OR MORE:   5
MIN  0 OR BELOW:   0    1.00 INCH OR MORE:   2

[HDD (BASE 65) ]
TOTAL THIS MO.   231    CLEAR  (SCALE 0-3)   3
DPTR FM NORMAL   107    PTCLDY (SCALE 4-7)  15
TOTAL FM JUL 1  3866    CLOUDY (SCALE 8-10)  8
DPTR FM NORMAL  -688

[CDD (BASE 65) ]
TOTAL THIS MO.     7
DPTR FM NORMAL   -40    [PRESSURE DATA]
TOTAL FM JAN 1    12    HIGHEST SLP M ON M
DPTR FM NORMAL   -63    LOWEST  SLP 29.58 ON  4

[REMARKS]

DUE TO A SENSOR FAILURE CAUSING MISSING TEMPERATURES ON DECEMBER 20-
21...JANUARY 19-20...AND JANUARY 22-25...THE SEASONAL HEATING DEGREE
DAY TOTAL AND DEPARTURE FROM NORMAL WILL BE CALCULATED WITHOUT DATA
FROM THESE DATES.
