000
CXUS55 KSEW 010930
CF6BLI
PRELIMINARY LOCAL CLIMATOLOGICAL DATA (WS FORM: F-6)

                                          STATION:   BELLINGHAM WA AIRPORT
                                          MONTH:     AUGUST
                                          YEAR:      2015
                                          LATITUDE:   48 47 N
                                          LONGITUDE: 122 32 W

  TEMPERATURE IN F:       :PCPN:    SNOW:  WIND      :SUNSHINE: SKY     :PK WND
================================================================================
1   2   3   4   5  6A  6B    7    8   9   10  11  12  13   14  15   16   17  18
                                     12Z  AVG MX 2MIN
DY MAX MIN AVG DEP HDD CDD  WTR  SNW DPTH SPD SPD DIR MIN PSBL S-S WX    SPD DR
================================================================================

 1  86  57  72   8   0   7 0.00  0.0    0  2.8  9 150   M    M   0        13 150
 2  81  60  71   8   0   6 0.00  0.0    0  4.1 10 180   M    M   0        17 180
 3  75  59  67   4   0   2 0.00  0.0    0 10.2 18 160   M    M   0        26 160
 4  74  59  67   4   0   2 0.00  0.0    0  7.7 15 170   M    M   1        21 170
 5  64  58  61  -2   4   0 0.08  0.0    0  9.3 18 170   M    M   8        29 160
 6  75  55  65   2   0   0 0.00  0.0    0  4.8 15 160   M    M   6        32 210
 7  79  51  65   2   0   0 0.00  0.0    0  3.2  9 160   M    M   0        14 210
 8  73  61  67   4   0   2    T  0.0    0  6.7 16 150   M    M   5        23 140
 9  78  58  68   5   0   3    T  0.0    0  5.9 15 160   M    M   2        23 170
10  80  55  68   5   0   3    T  0.0    0  2.3 12 280   M    M   3        14 300
11  86  53  70   7   0   5 0.00  0.0    0  2.8 14 310   M    M   0 1      16 300
12  84  57  71   8   0   6 0.00  0.0    0  3.3 13 250   M    M   0        18 250
13  82  62  72   9   0   7 0.00  0.0    0  6.2 13 180   M    M   0        18 160
14  63  58  61  -2   4   0 0.14  0.0    0  9.2 18 170   M    M   8 1      26 170
15  69  56  63   0   2   0 0.00  0.0    0  6.8 16 170   M    M   7        21 180
16  75  54  65   2   0   0 0.00  0.0    0  3.6 12 280   M    M   4        16 280
17  77  51  64   1   1   0 0.00  0.0    0  3.2 12 290   M    M   0 1      16 190
18  82  53  68   5   0   3 0.00  0.0    0  3.6 14 290   M    M   0        20 180
19  83  56  70   8   0   5 0.00  0.0    0  5.2 13 170   M    M   0        18 190
20  71  59  65   3   0   0 0.00  0.0    0  7.7 20 150   M    M   7        29 240
21  72  53  63   1   2   0    T  0.0    0  6.3 20 180   M    M   5        32 190
22  78  50  64   2   1   0 0.00  0.0    0  2.0  9 180   M    M   2 8      13 180
23  79  49  64   1   1   0 0.00  0.0    0  3.0 15 170   M    M   0 8      22 160
24  69  57  63   1   2   0 0.00  0.0    0  8.8 16 170   M    M   0        22 170
25  75  48  62   0   3   0 0.00  0.0    0  2.2 10 110   M    M   0        26 210
26  78  49  64   3   1   0 0.00  0.0    0  1.4  7 180   M    M   0        10 190
27  80  52  66   5   0   1    T  0.0    0  3.6 15 190   M    M   1        26 200
28  71  60  66   5   0   1 0.27  0.0    0  3.8 15 190   M    M   8 1      32  30
29  74  59  67   6   0   2 0.33  0.0    0 16.5 39 160   M    M   8 1      58 160
30  69  57  63   2   2   0 0.26  0.0    0 11.1 15 160   M    M   6        23 170
31  70  59  65   4   0   0 0.45  0.0    0 16.2 23 150   M    M  10 1      40 150
================================================================================
SM 2352 1725        23  55  1.53     0.0 183.5          M       91
================================================================================
AV 75.9 55.6                               5.9 FASTST   M    M   3    MAX(MPH)
                                 MISC ---->  # 39 160               # 58  160
================================================================================
NOTES:
# LAST OF SEVERAL OCCURRENCES

COLUMN 17 PEAK WIND IN M.P.H.

PRELIMINARY LOCAL CLIMATOLOGICAL DATA (WS FORM: F-6) , PAGE 2

                                          STATION:  BELLINGHAM WA AIRPORT
                                          MONTH:    AUGUST
                                          YEAR:     2015
                                          LATITUDE:   48 47 N
                                          LONGITUDE: 122 32 W

[TEMPERATURE DATA]      [PRECIPITATION DATA]       SYMBOLS USED IN COLUMN 16

AVERAGE MONTHLY: 65.8   TOTAL FOR MONTH:   1.53    1 = FOG OR MIST
DPTR FM NORMAL:   3.3   DPTR FM NORMAL:    0.30    2 = FOG REDUCING VISIBILITY
HIGHEST:    86 ON 11, 1 GRTST 24HR  0.45 ON 31-31      TO 1/4 MILE OR LESS
LOWEST:     48 ON 25                               3 = THUNDER
                        SNOW, ICE PELLETS, HAIL    4 = ICE PELLETS
                        TOTAL MONTH:   0.0 INCH    5 = HAIL
                        GRTST 24HR     0.0         6 = FREEZING RAIN OR DRIZZLE
                        GRTST DEPTH:   0           7 = DUSTSTORM OR SANDSTORM:
                                                       VSBY 1/2 MILE OR LESS
                                                   8 = SMOKE OR HAZE
[NO. OF DAYS WITH]      [WEATHER - DAYS WITH]      9 = BLOWING SNOW
                                                   X = TORNADO
MAX 32 OR BELOW:   0    0.01 INCH OR MORE:   6
MAX 90 OR ABOVE:   0    0.10 INCH OR MORE:   5
MIN 32 OR BELOW:   0    0.50 INCH OR MORE:   0
MIN  0 OR BELOW:   0    1.00 INCH OR MORE:   0

[HDD (BASE 65) ]
TOTAL THIS MO.    23    CLEAR  (SCALE 0-3)  19
DPTR FM NORMAL   -73    PTCLDY (SCALE 4-7)  11
TOTAL FM JUL 1    36    CLOUDY (SCALE 8-10)  1
DPTR FM NORMAL  -161

[CDD (BASE 65) ]
TOTAL THIS MO.    55
DPTR FM NORMAL    38    [PRESSURE DATA]
TOTAL FM JAN 1   193    HIGHEST SLP M ON M
DPTR FM NORMAL   153    LOWEST  SLP 29.26 ON 29

[REMARKS]
#FINAL-08-15#
