000
CXUS53 KIND 230730
CF6BMG
PRELIMINARY LOCAL CLIMATOLOGICAL DATA (WS FORM: F-6)

                                          STATION:   BLOOMINGTON IN
                                          MONTH:     APRIL
                                          YEAR:      2014
                                          LATITUDE:   39  7 N
                                          LONGITUDE:  86 37 W

  TEMPERATURE IN F:       :PCPN:    SNOW:  WIND      :SUNSHINE: SKY     :PK WND
================================================================================
1   2   3   4   5  6A  6B    7    8   9   10  11  12  13   14  15   16   17  18
                                     12Z  AVG MX 2MIN
DY MAX MIN AVG DEP HDD CDD  WTR  SNW DPTH SPD SPD DIR MIN PSBL S-S WX    SPD DR
================================================================================

 1  67  48  58   9   7   0 0.09    M    M 11.5 23 270   M    M   1 1      33 250
 2  54  43  49   0  16   0 1.19    M    M  8.8 18 130   M    M  10 13     24 120
 3  65  53  59   9   6   0 1.74    M    M 10.0 25 260   M    M   6 13     39 260
 4  58  40  49  -1  16   0 0.72    M    M 14.8 29 270   M    M  10 13     40 270
 5  53  34  44  -6  21   0 0.00    M    M  5.1 15 300   M    M   4        24 280
 6  59  29  44  -7  21   0 0.00    M    M  4.1 16 100   M    M   0 8      19 110
 7  51  43  47  -4  18   0 0.95    M    M  7.8 20 350   M    M   9 1      31 350
 8  60  40  50  -1  15   0 0.01    M    M  6.2 17 360   M    M   6 1      23 350
 9  62  33  48  -4  17   0 0.00    M    M  4.8 17 230   M    M   1 1      22 270
10  77  47  62  10   3   0 0.05    M    M 14.5 31 220   M    M   2        41 220
11  69  42  56   4   9   0    T    M    M  4.6 16  10   M    M   3 1      19 360
12  79  40  60   7   5   0 0.00    M    M 11.4 26 220   M    M   2        37 180
13  78  64  71  18   0   6 0.00    M    M 14.6 25 200   M    M   3        36 210
14  72  34  53   0  12   0 0.99    M    M 12.0 28 210   M    M   9 1      36 220
15  43  28  36 -18  29   0 0.01    M    M  7.5 18 360   M    M   6 1      26 360
16  52  27  40 -14  25   0 0.00    M    M  8.2 18 140   M    M   0        23 160
17  67  38  53  -1  12   0 0.00    M    M  7.7 20 210   M    M   0        27 210
18  73  37  55   1  10   0 0.00    M    M  2.3 10  20   M    M   3        15 270
19  73  43  58   3   7   0 0.00    M    M  6.5 16  60   M    M   0        22  30
20  77  39  58   3   7   0 0.00    M    M  2.5 10 120   M    M   0        12 190
21  76  46  61   6   4   0    T    M    M  5.4 20 220   M    M   3        26 210
22  67  47  57   1   8   0 0.00    M    M  7.9 22  10   M    M   3 18     27  10
================================================================================
SM 1432  895       268   6  5.75    M    178.2          M       81
================================================================================
AV 65.1 40.7                               8.1 FASTST   M    M   4    MAX(MPH)
                                 MISC ---->  # 31 220               # 41  220
================================================================================
NOTES:
# LAST OF SEVERAL OCCURRENCES

COLUMN 17 PEAK WIND IN M.P.H.

PRELIMINARY LOCAL CLIMATOLOGICAL DATA (WS FORM: F-6) , PAGE 2

                                          STATION:  BLOOMINGTON IN
                                          MONTH:    APRIL
                                          YEAR:     2014
                                          LATITUDE:   39  7 N
                                          LONGITUDE:  86 37 W

[TEMPERATURE DATA]      [PRECIPITATION DATA]       SYMBOLS USED IN COLUMN 16

AVERAGE MONTHLY: 52.9   TOTAL FOR MONTH:   5.75    1 = FOG OR MIST
DPTR FM NORMAL:   0.5   DPTR FM NORMAL:    2.39    2 = FOG REDUCING VISIBILITY
HIGHEST:    79 ON 12    GRTST 24HR  2.33 ON  3- 4      TO 1/4 MILE OR LESS
LOWEST:     27 ON 16                               3 = THUNDER
                        SNOW, ICE PELLETS, HAIL    4 = ICE PELLETS
                        TOTAL MONTH:    M          5 = HAIL
                        GRTST 24HR    M  ON   M    6 = FREEZING RAIN OR DRIZZLE
                        GRTST DEPTH:  M  ON   M    7 = DUSTSTORM OR SANDSTORM:
                                                       VSBY 1/2 MILE OR LESS
                                                   8 = SMOKE OR HAZE
[NO. OF DAYS WITH]      [WEATHER - DAYS WITH]      9 = BLOWING SNOW
                                                   X = TORNADO
MAX 32 OR BELOW:   0    0.01 INCH OR MORE:   9
MAX 90 OR ABOVE:   0    0.10 INCH OR MORE:   5
MIN 32 OR BELOW:   3    0.50 INCH OR MORE:   5
MIN  0 OR BELOW:   0    1.00 INCH OR MORE:   2

[HDD (BASE 65) ]
TOTAL THIS MO.   268    CLEAR  (SCALE 0-3)  13
DPTR FM NORMAL   -20    PTCLDY (SCALE 4-7)   5
TOTAL FM JUL 1  5667    CLOUDY (SCALE 8-10)  4
DPTR FM NORMAL   623

[CDD (BASE 65) ]
TOTAL THIS MO.     6
DPTR FM NORMAL    -8    [PRESSURE DATA]
TOTAL FM JAN 1     6    HIGHEST SLP M ON M
DPTR FM NORMAL   -11    LOWEST  SLP 29.44 ON  7

[REMARKS]
