000
CXUS54 KEWX 010910
CF6BMQ
PRELIMINARY LOCAL CLIMATOLOGICAL DATA (WS FORM: F-6)

                                          STATION:   BURNET
                                          MONTH:     FEBRUARY
                                          YEAR:      2015
                                          LATITUDE:   30 43 N
                                          LONGITUDE:  98 14 W

  TEMPERATURE IN F:       :PCPN:    SNOW:  WIND      :SUNSHINE: SKY     :PK WND
================================================================================
1   2   3   4   5  6A  6B    7    8   9   10  11  12  13   14  15   16   17  18
                                     12Z  AVG MX 2MIN
DY MAX MIN AVG DEP HDD CDD  WTR  SNW DPTH SPD SPD DIR MIN PSBL S-S WX    SPD DR
================================================================================

 1  65  40  53   3  12   0 0.00    M    M  9.3 20 360   M    M   7 1      27  10
 2  47  30  39 -11  26   0 0.00    M    M  6.0 15 360   M    M   0        25 360
 3  44  37  41  -9  24   0    T    M    M  5.1 10 180   M    M   7 1      14 170
 4  55  41  48  -2  17   0 0.00    M    M  5.9 13 190   M    M   8 1      17 360
 5  50  34  42  -8  23   0 0.00    M    M  7.7 18 340   M    M  10        25  10
 6  61  32  47  -3  18   0 0.00    M    M  4.8 13 220   M    M   4        17 230
 7  69  34  52   2  13   0 0.00    M    M  8.1 16 180   M    M   1 12     23 180
 8  81  49  65  15   0   0 0.00    M    M  8.1 15 200   M    M   0 1      21 320
 9  81  45  63  12   2   0 0.00    M    M  4.3 13  50   M    M   0        16  40
10  80  45  63  12   2   0 0.00    M    M  5.2 18 190   M    M   0        24 190
11  74  48  61  10   4   0 0.00    M    M  5.5 22  30   M    M   0        30  30
12  59  41  50  -1  15   0 0.00    M    M  8.6 18  20   M    M   5        27  20
13  66  37  52   1  13   0 0.00    M    M  2.8  9 190   M    M   1        12 210
14  75  43  59   7   6   0 0.00    M    M  2.6 14 280   M    M   0        16 290
15  68  54  61   9   4   0    T    M    M  6.7 22 180   M    M   5 1      29 180
16  64  32  48  -4  17   0 0.01    M    M 12.2 21 330   M    M   9 1      27 320
17  54  33  44  -8  21   0 0.00    M    M  7.0 14  10   M    M   5        23  10
18  63  28  46  -6  19   0 0.00    M    M  2.2 12 230   M    M   0        18 220
19  66  36  51  -2  14   0 0.00    M    M  5.8 18 190   M    M   0        28 170
20  71  69  70  17   0   5 0.00    M    M 20.1 21 190   M    M   2        35 180
21   M   M   M   M   M   M 0.00    M    M   M   M   M   M    M   0         M  M
22   M   M   M   M   M   M    T    M    M 14.8 17 360   M    M   3 1      30  30
23  32  26  29 -25  36   0 0.03    M    M 11.5 18 360   M    M  10 16     28  10
24  34  27  31 -23  34   0    T    M    M  4.2 10 360   M    M  10 1      14 360
25  61  33  47  -7  18   0    T    M    M  6.4 18 310   M    M   4 1      24 280
26  42  32  37 -17  28   0 0.00    M    M  9.2 22  40   M    M   6 18     32  30
27  33  27  30 -24  35   0    T    M    M 10.3 15  60   M    M  10 168    20  40
28  32  27  30 -25  35   0 0.01    M    0  7.5 14  40   M    M  10 16     17  70
================================================================================
SM 1527  980       436   5  0.05    M    201.9          M      117
================================================================================
AV 58.7 37.7                               7.5 FASTST   M    M   4    MAX(MPH)
                                 MISC ---->  # 22  30               # 35  180
================================================================================
NOTES:
# LAST OF SEVERAL OCCURRENCES

COLUMN 17 PEAK WIND IN M.P.H.

PRELIMINARY LOCAL CLIMATOLOGICAL DATA (WS FORM: F-6) , PAGE 2

                                          STATION:  BURNET
                                          MONTH:    FEBRUARY
                                          YEAR:     2015
                                          LATITUDE:   30 43 N
                                          LONGITUDE:  98 14 W

[TEMPERATURE DATA]      [PRECIPITATION DATA]       SYMBOLS USED IN COLUMN 16

AVERAGE MONTHLY: 48.2   TOTAL FOR MONTH:   0.05    1 = FOG OR MIST
DPTR FM NORMAL:  -3.6   DPTR FM NORMAL:   -1.98    2 = FOG REDUCING VISIBILITY
HIGHEST:    81 ON  9, 8 GRTST 24HR  0.07 ON 31- 1      TO 1/4 MILE OR LESS
LOWEST:     26 ON 23                               3 = THUNDER
                        SNOW, ICE PELLETS, HAIL    4 = ICE PELLETS
                        TOTAL MONTH:    M          5 = HAIL
                        GRTST 24HR    M  ON   M    6 = FREEZING RAIN OR DRIZZLE
                        GRTST DEPTH:   0           7 = DUSTSTORM OR SANDSTORM:
                                                       VSBY 1/2 MILE OR LESS
                                                   8 = SMOKE OR HAZE
[NO. OF DAYS WITH]      [WEATHER - DAYS WITH]      9 = BLOWING SNOW
                                                   X = TORNADO
MAX 32 OR BELOW:   2    0.01 INCH OR MORE:   3
MAX 90 OR ABOVE:   0    0.10 INCH OR MORE:   0
MIN 32 OR BELOW:   9    0.50 INCH OR MORE:   0
MIN  0 OR BELOW:   0    1.00 INCH OR MORE:   0

[HDD (BASE 65) ]
TOTAL THIS MO.   436    CLEAR  (SCALE 0-3)  13
DPTR FM NORMAL    59    PTCLDY (SCALE 4-7)   8
TOTAL FM JUL 1  1704    CLOUDY (SCALE 8-10)  7
DPTR FM NORMAL   -20

[CDD (BASE 65) ]
TOTAL THIS MO.     5
DPTR FM NORMAL    -3    [PRESSURE DATA]
TOTAL FM JAN 1     5    HIGHEST SLP 30.53 ON 23
DPTR FM NORMAL    -5    LOWEST  SLP 29.80 ON 25

[REMARKS]
#FINAL-02-15#
