000
CXUS54 KEWX 250910
CF6BMQ
PRELIMINARY LOCAL CLIMATOLOGICAL DATA (WS FORM: F-6)

                                          STATION:   BURNET
                                          MONTH:     NOVEMBER
                                          YEAR:      2017
                                          LATITUDE:   30 43 N
                                          LONGITUDE:  98 14 W

  TEMPERATURE IN F:       :PCPN:    SNOW:  WIND      :SUNSHINE: SKY     :PK WND
================================================================================
1   2   3   4   5  6A  6B    7    8   9   10  11  12  13   14  15   16   17  18
                                     12Z  AVG MX 2MIN
DY MAX MIN AVG DEP HDD CDD  WTR  SNW DPTH SPD SPD DIR MIN PSBL S-S WX    SPD DR
================================================================================

 1  89  54  72   9   0   7 0.00    M    M  5.2 14 180   M    M   4 12     20 170
 2  90  62  76  14   0  11 0.00    M    M  6.7 16 140   M    M   1 1      21 160
 3  87  68  78  16   0  13 0.00    M    M  5.3 12 130   M    M   6 18     16 190
 4  84  70  77  16   0  12 0.00    M    M  6.9 16 190   M    M   6 1      21 180
 5  84  69  77  16   0  12 0.00    M    M  6.9 17 190   M    M   4 1      23 180
 6  86  68  77  16   0  12 0.00    M    M  5.5 14 200   M    M   3        20 190
 7  75  55  65   5   0   0 0.00    M    M  7.5 18  20   M    M   8        25  30
 8  55  43  49 -11  16   0 0.37    M    M  9.0 15  20   M    M  10 13     23  10
 9  54  44  49 -10  16   0 0.00    M    M  4.8 10  20   M    M  10        13  30
10  59  48  54  -5  11   0 0.00    M    M  4.7 13  70   M    M  10 1      16  80
11  70  56  63   4   2   0 0.00    M    M  6.0 14 180   M    M  10 1      21 190
12  70  64  67   9   0   2 0.09    M    M  4.0 13 180   M    M  10 1      18 170
13  74  61  68  10   0   3 0.00    M    M  5.2 12  60   M    M   9 18     16  60
14  75  59  67  10   0   2 0.00    M    M  8.1 17 200   M    M   7        25 180
15  74  65  70  13   0   5 0.00    M    M  5.8 14 190   M    M  10        20 180
16  80  60  70  13   0   5 0.00    M    M  3.5 12 180   M    M   5 1      16 190
17  82  67  75  19   0  10 0.00    M    M 10.9 21 200   M    M   5        27 210
18  78  50  64   8   1   0 0.00    M    M 12.5 29 340   M    M   1        40 340
19  62  38  50  -5  15   0 0.00    M    M  3.1 16  70   M    M   0        20  70
20  66  36  51  -4  14   0 0.00    M    M  5.1 16 200   M    M   0        21 180
21  74  47  61   6   4   0 0.00    M    M  7.2 16  10   M    M   0        24 360
22  63  40  52  -2  13   0 0.00    M    M  9.0 16 330   M    M   0        26 360
23  71  33  52  -2  13   0 0.00    M    M  2.0  9 280   M    M   0        14 260
24  77  39  58   4   7   0 0.00    M    M  4.6 16 180   M    M   0        22 180
================================================================================
SM 1779 1296       112  94  0.46    M    149.5          M      119
================================================================================
AV 74.1 54.0                               6.2 FASTST   M    M   5    MAX(MPH)
                                 MISC ---->  # 29 340               # 40  340
================================================================================
NOTES:
# LAST OF SEVERAL OCCURRENCES

COLUMN 17 PEAK WIND IN M.P.H.

PRELIMINARY LOCAL CLIMATOLOGICAL DATA (WS FORM: F-6) , PAGE 2

                                          STATION:  BURNET
                                          MONTH:    NOVEMBER
                                          YEAR:     2017
                                          LATITUDE:   30 43 N
                                          LONGITUDE:  98 14 W

[TEMPERATURE DATA]      [PRECIPITATION DATA]       SYMBOLS USED IN COLUMN 16

AVERAGE MONTHLY: 64.1   TOTAL FOR MONTH:   0.46    1 = FOG OR MIST
DPTR FM NORMAL:   6.0   DPTR FM NORMAL:   -1.81    2 = FOG REDUCING VISIBILITY
HIGHEST:    90 ON  2    GRTST 24HR  0.37 ON  8- 8      TO 1/4 MILE OR LESS
LOWEST:     33 ON 23                               3 = THUNDER
                        SNOW, ICE PELLETS, HAIL    4 = ICE PELLETS
                        TOTAL MONTH:    M          5 = HAIL
                        GRTST 24HR    M  ON   M    6 = FREEZING RAIN OR DRIZZLE
                        GRTST DEPTH:  M  ON   M    7 = DUSTSTORM OR SANDSTORM:
                                                       VSBY 1/2 MILE OR LESS
                                                   8 = SMOKE OR HAZE
[NO. OF DAYS WITH]      [WEATHER - DAYS WITH]      9 = BLOWING SNOW
                                                   X = TORNADO
MAX 32 OR BELOW:   0    0.01 INCH OR MORE:   2
MAX 90 OR ABOVE:   1    0.10 INCH OR MORE:   1
MIN 32 OR BELOW:   0    0.50 INCH OR MORE:   0
MIN  0 OR BELOW:   0    1.00 INCH OR MORE:   0

[HDD (BASE 65) ]
TOTAL THIS MO.   112    CLEAR  (SCALE 0-3)   9
DPTR FM NORMAL   -77    PTCLDY (SCALE 4-7)   7
TOTAL FM JUL 1   176    CLOUDY (SCALE 8-10)  8
DPTR FM NORMAL   -72

[CDD (BASE 65) ]
TOTAL THIS MO.    94
DPTR FM NORMAL    75    [PRESSURE DATA]
TOTAL FM JAN 1  2924    HIGHEST SLP M ON M
DPTR FM NORMAL   342    LOWEST  SLP 29.77 ON  1

[REMARKS]
