000
CXUS55 KOHX 211010
CF6BNA
PRELIMINARY LOCAL CLIMATOLOGICAL DATA (WS FORM: F-6)

                                          STATION:   NASHVILLE
                                          MONTH:     SEPTEMBER
                                          YEAR:      2014
                                          LATITUDE:   36  7 N
                                          LONGITUDE:  86 41 W

  TEMPERATURE IN F:       :PCPN:    SNOW:  WIND      :SUNSHINE: SKY     :PK WND
================================================================================
1   2   3   4   5  6A  6B    7    8   9   10  11  12  13   14  15   16   17  18
                                     12Z  AVG MX 2MIN
DY MAX MIN AVG DEP HDD CDD  WTR  SNW DPTH SPD SPD DIR MIN PSBL S-S WX    SPD DR
================================================================================

 1  91  73  82   5   0  17 0.00  0.0    0  7.1 17 210   M    M   5        25 200
 2  92  71  82   6   0  17 0.19  0.0    0  5.2 18 280   M    M   6 13     25 280
 3  90  72  81   5   0  16    T  0.0    0  2.8 10  70   M    M   7        18 280
 4  90  70  80   4   0  15 0.00  0.0    0  3.6 13 180   M    M   4        16 180
 5  93  72  83   7   0  18 0.00  0.0    0  2.9 13 140   M    M   5 1      16 140
 6  92  71  82   7   0  17    T  0.0    0  4.4 18 360   M    M   6 3      23 360
 7  76  67  72  -3   0   7    T  0.0    0  6.8 13  30   M    M   8        15  30
 8  82  66  74   0   0   9 0.00  0.0    0  2.9  8  60   M    M   6 18     10  60
 9  90  65  78   4   0  13 0.00  0.0    0  1.8 10 170   M    M   7 128    14 170
10  89  73  81   7   0  16 0.00  0.0    0 12.0 22 170   M    M   6        29 180
11  82  68  75   2   0  10 0.02  0.0    0  7.3 14  10   M    M   7 1      17 350
12  76  64  70  -3   0   5 0.00  0.0    0  8.1 14  10   M    M  10 1      22 310
13  68  57  63 -10   2   0 0.00  0.0    0  9.5 16 360   M    M  10 1      22  10
14  80  53  67  -5   0   2 0.00  0.0    0  3.3  9  20   M    M   4        15 360
15  79  55  67  -5   0   2    T  0.0    0  1.3  8 330   M    M   8        17 140
16  75  60  68  -4   0   3    T  0.0    0  4.7 14 360   M    M   7 18     17 300
17  74  55  65  -6   0   0 0.00  0.0    0  3.4  9 110   M    M   8 1      14 330
18  78  59  69  -2   0   4 0.00  0.0    0  3.9 10  50   M    M   7 18     13  40
19  87  59  73   3   0   8 0.00  0.0    0  4.2 10  90   M    M   3        13 100
20   M   M   M   M   M   M    M    M    M   M   M   M   M    M   M         M  M
================================================================================
SM 1584 1230         2 179  0.21     0.0  95.2          M      124
================================================================================
AV 83.4 64.7                               5.0 FASTST   M    M   7    MAX(MPH)
                                 MISC ---->  # 22 170               # 29  180
================================================================================
NOTES:
# LAST OF SEVERAL OCCURRENCES

COLUMN 17 PEAK WIND IN M.P.H.

PRELIMINARY LOCAL CLIMATOLOGICAL DATA (WS FORM: F-6) , PAGE 2

                                          STATION:  NASHVILLE
                                          MONTH:    SEPTEMBER
                                          YEAR:     2014
                                          LATITUDE:   36  7 N
                                          LONGITUDE:  86 41 W

[TEMPERATURE DATA]      [PRECIPITATION DATA]       SYMBOLS USED IN COLUMN 16

AVERAGE MONTHLY: 74.1   TOTAL FOR MONTH:   0.21    1 = FOG OR MIST
DPTR FM NORMAL:   0.6   DPTR FM NORMAL:   -2.00    2 = FOG REDUCING VISIBILITY
HIGHEST:    93 ON  5    GRTST 24HR  0.19 ON  2- 2      TO 1/4 MILE OR LESS
LOWEST:     53 ON 14                               3 = THUNDER
                        SNOW, ICE PELLETS, HAIL    4 = ICE PELLETS
                        TOTAL MONTH:   0.0 INCH    5 = HAIL
                        GRTST 24HR     0.0         6 = FREEZING RAIN OR DRIZZLE
                        GRTST DEPTH:   0           7 = DUSTSTORM OR SANDSTORM:
                                                       VSBY 1/2 MILE OR LESS
                                                   8 = SMOKE OR HAZE
[NO. OF DAYS WITH]      [WEATHER - DAYS WITH]      9 = BLOWING SNOW
                                                   X = TORNADO
MAX 32 OR BELOW:   0    0.01 INCH OR MORE:   2
MAX 90 OR ABOVE:   7    0.10 INCH OR MORE:   1
MIN 32 OR BELOW:   0    0.50 INCH OR MORE:   0
MIN  0 OR BELOW:   0    1.00 INCH OR MORE:   0

[HDD (BASE 65) ]
TOTAL THIS MO.     2    CLEAR  (SCALE 0-3)   1
DPTR FM NORMAL    -3    PTCLDY (SCALE 4-7)  16
TOTAL FM JUL 1     2    CLOUDY (SCALE 8-10)  2
DPTR FM NORMAL    -3

[CDD (BASE 65) ]
TOTAL THIS MO.   179
DPTR FM NORMAL     4    [PRESSURE DATA]
TOTAL FM JAN 1  1668    HIGHEST SLP M ON M
DPTR FM NORMAL   119    LOWEST  SLP 29.92 ON 10

[REMARKS]
