000
CXUS56 KBOI 291002
CF6BNO
PRELIMINARY LOCAL CLIMATOLOGICAL DATA (WS FORM: F-6)

                                          STATION:   BURNS OR
                                          MONTH:     APRIL
                                          YEAR:      2017
                                          LATITUDE:   43 34 N
                                          LONGITUDE: 118 57 W

  TEMPERATURE IN F:       :PCPN:    SNOW:  WIND      :SUNSHINE: SKY     :PK WND
================================================================================
1   2   3   4   5  6A  6B    7    8   9   10  11  12  13   14  15   16   17  18
                                     12Z  AVG MX 2MIN
DY MAX MIN AVG DEP HDD CDD  WTR  SNW DPTH SPD SPD DIR MIN PSBL S-S WX    SPD DR
================================================================================

 1  63  27  45   4  20   0    T    M    M  6.4 16 320   M    M   4        23 320
 2  53  28  41   0  24   0 0.00    M    M 10.4 23 270   M    M   0        30 230
 3  48  23  36  -5  29   0 0.00    M    M  6.3 15 180   M    M   1        22 150
 4  55  25  40  -1  25   0 0.00    M    M  7.8 17  50   M    M   5        20  50
 5  63  33  48   7  17   0 0.00    M    M  5.9 25 150   M    M   6        32 160
 6  57  46  52  11  13   0 0.07    M    M 10.2 24 170   M    M  10        33 190
 7  55  35  45   4  20   0 0.07    M    M 21.4 41 180   M    M   5 1      53 200
 8  44  25  35  -7  30   0 0.16    M    M 11.6 31 280   M    M   6 18     39 280
 9  48  20  34  -8  31   0 0.00    M    M  5.4 17 120   M    M   4        23 120
10  50  26  38  -4  27   0 0.01    M    M  9.0 24 250   M    M   4 1      31 200
11  48  25  37  -5  28   0 0.18    M    M  8.5 21 150   M    M   7 1      27 140
12  56  39  48   6  17   0 0.10    M    M  9.4 30 170   M    M  10        38 170
13  51  34  43   1  22   0 0.03    M    M  8.2 26 240   M    M   6        33 250
14  44  26  35  -7  30   0 0.04    M    M 10.6 24 250   M    M   7 8      34 250
15  51  21  36  -7  29   0 0.00    M    M  5.3 14  30   M    M   1        18  30
16  60  32  46   3  19   0 0.05    M    M 12.5 30 170   M    M   4        40 180
17  55  33  44   1  21   0 0.00    M    M  7.2 22 190   M    M   5        30 180
18  57  29  43   0  22   0    T    M    M  6.7 32 240   M    M   5        38 240
19  61  26  44   0  21   0 0.00    M    M  7.4 24 190   M    M   3        32 150
20  51  29  40  -4  25   0 0.09    M    M 10.9 25 260   M    M   7        31 270
21  55  21  38  -6  27   0 0.00    M    M  6.0 13  70   M    M   1        23  80
22  64  32  48   4  17   0    T    M    M 10.2 22 220   M    M   3        36 220
23  57  41  49   4  16   0    T    M    M  8.7 21 220   M    M   6        26 250
24  47  32  40  -5  25   0 0.20    M    M 10.8 33 270   M    M   9 1      44 270
25  51  29  40  -5  25   0 0.01    M    M  8.1 23 200   M    M   5        27 200
26  52  31  42  -4  23   0 0.15    M    M 12.1 29 260   M    M   6 1      38 270
27  47  27  37  -9  28   0 0.02    M    M 11.5 24 310   M    M   5 1      31 300
28  52  28  40  -6  25   0 0.00    M    M  9.2 20 310   M    M   1        26 310
================================================================================
SM 1495  823       656   0  1.18    M    257.7          M      136
================================================================================
AV 53.4 29.4                               9.2 FASTST   M    M   5    MAX(MPH)
                                 MISC ---->  # 41 180               # 53  200
================================================================================
NOTES:
# LAST OF SEVERAL OCCURRENCES

COLUMN 17 PEAK WIND IN M.P.H.

PRELIMINARY LOCAL CLIMATOLOGICAL DATA (WS FORM: F-6) , PAGE 2

                                          STATION:  BURNS OR
                                          MONTH:    APRIL
                                          YEAR:     2017
                                          LATITUDE:   43 34 N
                                          LONGITUDE: 118 57 W

[TEMPERATURE DATA]      [PRECIPITATION DATA]       SYMBOLS USED IN COLUMN 16

AVERAGE MONTHLY: 41.4   TOTAL FOR MONTH:   1.18    1 = FOG OR MIST
DPTR FM NORMAL:  -1.5   DPTR FM NORMAL:    0.31    2 = FOG REDUCING VISIBILITY
HIGHEST:    64 ON 22    GRTST 24HR  0.23 ON  7- 8      TO 1/4 MILE OR LESS
LOWEST:     20 ON  9                               3 = THUNDER
                        SNOW, ICE PELLETS, HAIL    4 = ICE PELLETS
                        TOTAL MONTH:    M          5 = HAIL
                        GRTST 24HR    M  ON   M    6 = FREEZING RAIN OR DRIZZLE
                        GRTST DEPTH:  M  ON   M    7 = DUSTSTORM OR SANDSTORM:
                                                       VSBY 1/2 MILE OR LESS
                                                   8 = SMOKE OR HAZE
[NO. OF DAYS WITH]      [WEATHER - DAYS WITH]      9 = BLOWING SNOW
                                                   X = TORNADO
MAX 32 OR BELOW:   0    0.01 INCH OR MORE:  14
MAX 90 OR ABOVE:   0    0.10 INCH OR MORE:   5
MIN 32 OR BELOW:  21    0.50 INCH OR MORE:   0
MIN  0 OR BELOW:   0    1.00 INCH OR MORE:   0

[HDD (BASE 65) ]
TOTAL THIS MO.   656    CLEAR  (SCALE 0-3)   7
DPTR FM NORMAL    39    PTCLDY (SCALE 4-7)  18
TOTAL FM JUL 1  7325    CLOUDY (SCALE 8-10)  3
DPTR FM NORMAL   323

[CDD (BASE 65) ]
TOTAL THIS MO.     0
DPTR FM NORMAL     0    [PRESSURE DATA]
TOTAL FM JAN 1     0    HIGHEST SLP M ON M
DPTR FM NORMAL     0    LOWEST  SLP 29.47 ON  7

[REMARKS]
