000
CXUS55 KBOI 301002
CF6BOI
PRELIMINARY LOCAL CLIMATOLOGICAL DATA (WS FORM: F-6)

                                          STATION:   BOISE ID
                                          MONTH:     JUNE
                                          YEAR:      2015
                                          LATITUDE:   43 34 N
                                          LONGITUDE: 116 13 W

  TEMPERATURE IN F:       :PCPN:    SNOW:  WIND      :SUNSHINE: SKY     :PK WND
================================================================================
1   2   3   4   5  6A  6B    7    8   9   10  11  12  13   14  15   16   17  18
                                     12Z  AVG MX 2MIN
DY MAX MIN AVG DEP HDD CDD  WTR  SNW DPTH SPD SPD DIR MIN PSBL S-S WX    SPD DR
================================================================================

 1  85  60  73  10   0   8 0.01  0.0    0 10.3 25  90   M    M   3 3      31 150
 2  75  56  66   2   0   1    T  0.0    0  6.6 25 250   M    M   2        29 250
 3  75  50  63  -1   2   0 0.01  0.0    0  7.9 17 310   M    M   3        24 340
 4  79  51  65   1   0   0 0.01  0.0    0  9.3 21 300   M    M   1 3      25 300
 5  83  54  69   5   0   4 0.14  0.0    0  7.1 31  70   M    M   2 138    38  70
 6  89  57  73   8   0   8 0.00  0.0    0  8.4 26 150   M    M   1        32 160
 7  89  60  75  10   0  10 0.00  0.0    0  4.7 12 140   M    M   0        16 270
 8  96  67  82  17   0  17 0.00  0.0    0  5.8 13 140   M    M   0        16 310
 9  99  70  85  19   0  20 0.00  0.0    0  6.4 16  70   M    M   0        20  60
10  88  68  78  12   0  13    T  0.0    0  4.2 10 330   M    M   3        13 320
11  91  59  75   9   0  10 0.00  0.0    0  9.2 22 320   M    M   0        26 330
12  88  60  74   8   0   9 0.00  0.0    0 11.4 23 320   M    M   0        28 310
13  83  52  68   1   0   3 0.00  0.0    0  7.9 18 350   M    M   0        21 340
14  84  50  67   0   0   2 0.00  0.0    0  6.8 16 310   M    M   0        20 300
15  91  53  72   5   0   7 0.00  0.0    0  6.2 16 330   M    M   0        20 130
16  90  59  75   7   0  10 0.00  0.0    0  5.3 15 350   M    M   0        21 310
17  93  62  78  10   0  13 0.00  0.0    0  6.8 17 350   M    M   0        23 340
18  94  60  77   9   0  12 0.00  0.0    0  5.7 15 340   M    M   0        22 330
19  86  62  74   6   0   9 0.00  0.0    0 11.4 21 300   M    M   0        24 300
20  88  56  72   3   0   7 0.00  0.0    0  5.7 15 340   M    M   0        20 310
21  90  63  77   8   0  12 0.00  0.0    0  6.6 29 320   M    M   0        35 310
22  88  57  73   4   0   8 0.00  0.0    0  5.0 15 320   M    M   0        20 330
23  93  60  77   7   0  12 0.00  0.0    0  5.9 15 320   M    M   0        29 310
24  92  60  76   6   0  11 0.00  0.0    0  6.6 17 340   M    M   0        22 330
25  94  61  78   8   0  13 0.00  0.0    0  6.3 17 300   M    M   0        29 310
26 101  64  83  12   0  18 0.00  0.0    0  5.3 14 280   M    M   0        16 260
27 106  73  90  19   0  25    T  0.0    0  5.3 16 300   M    M   0        22 310
28 110  74  92  21   0  27    T  0.0    0  5.9 18 210   M    M   0        24 220
29 103  79  91  19   0  26 0.00  0.0    0  6.4 16 120   M    M   0        23 130
================================================================================
SM 2623 1757         2 315  0.17     0.0 200.4          M       15
================================================================================
AV 90.4 60.6                               6.9 FASTST   M    M   1    MAX(MPH)
                                 MISC ---->  # 31  70               # 38   70
================================================================================
NOTES:
# LAST OF SEVERAL OCCURRENCES

COLUMN 17 PEAK WIND IN M.P.H.

PRELIMINARY LOCAL CLIMATOLOGICAL DATA (WS FORM: F-6) , PAGE 2

                                          STATION:  BOISE ID
                                          MONTH:    JUNE
                                          YEAR:     2015
                                          LATITUDE:   43 34 N
                                          LONGITUDE: 116 13 W

[TEMPERATURE DATA]      [PRECIPITATION DATA]       SYMBOLS USED IN COLUMN 16

AVERAGE MONTHLY: 75.5   TOTAL FOR MONTH:   0.17    1 = FOG OR MIST
DPTR FM NORMAL:   8.2   DPTR FM NORMAL:   -0.51    2 = FOG REDUCING VISIBILITY
HIGHEST:   110 ON 28    GRTST 24HR  0.14 ON  5- 5      TO 1/4 MILE OR LESS
LOWEST:     50 ON 14, 3                            3 = THUNDER
                        SNOW, ICE PELLETS, HAIL    4 = ICE PELLETS
                        TOTAL MONTH:   0.0 INCH    5 = HAIL
                        GRTST 24HR     0.0         6 = FREEZING RAIN OR DRIZZLE
                        GRTST DEPTH:   0           7 = DUSTSTORM OR SANDSTORM:
                                                       VSBY 1/2 MILE OR LESS
                                                   8 = SMOKE OR HAZE
[NO. OF DAYS WITH]      [WEATHER - DAYS WITH]      9 = BLOWING SNOW
                                                   X = TORNADO
MAX 32 OR BELOW:   0    0.01 INCH OR MORE:   4
MAX 90 OR ABOVE:  15    0.10 INCH OR MORE:   1
MIN 32 OR BELOW:   0    0.50 INCH OR MORE:   0
MIN  0 OR BELOW:   0    1.00 INCH OR MORE:   0

[HDD (BASE 65) ]
TOTAL THIS MO.     2    CLEAR  (SCALE 0-3)  29
DPTR FM NORMAL   -61    PTCLDY (SCALE 4-7)   0
TOTAL FM JUL 1  4588    CLOUDY (SCALE 8-10)  0
DPTR FM NORMAL  -925

[CDD (BASE 65) ]
TOTAL THIS MO.   315
DPTR FM NORMAL   185    [PRESSURE DATA]
TOTAL FM JAN 1   350    HIGHEST SLP M ON M
DPTR FM NORMAL   176    LOWEST  SLP 29.61 ON  9

[REMARKS]
