000
CXUS51 KBOX 231200
CF6BOS
PRELIMINARY LOCAL CLIMATOLOGICAL DATA (WS FORM: F-6)

                                          STATION:   BOSTON MA
                                          MONTH:     JULY
                                          YEAR:      2016
                                          LATITUDE:   42 22 N
                                          LONGITUDE:  71  2 W

  TEMPERATURE IN F:       :PCPN:    SNOW:  WIND      :SUNSHINE: SKY     :PK WND
================================================================================
1   2   3   4   5  6A  6B    7    8   9   10  11  12  13   14  15   16   17  18
                                     12Z  AVG MX 2MIN
DY MAX MIN AVG DEP HDD CDD  WTR  SNW DPTH SPD SPD DIR MIN PSBL S-S WX    SPD DR
================================================================================

 1  86  68  77   5   0  12 0.20  0.0    M 11.4 25 180   M    M   8 13     32 200
 2  80  65  73   1   0   8 0.00  0.0    M 12.7 23 290   M    M   5        30 310
 3  84  64  74   2   0   9 0.00  0.0    M 10.9 18 230   M    M   4        25 250
 4  88  66  77   4   0  12 0.00  0.0    0 11.8 22 230   M    M   4        29 230
 5  76  64  70  -3   0   5 0.23  0.0    0  5.1 10 210   M    M   7 1      21 140
 6  94  71  83  10   0  18 0.00  0.0    0  9.0 18 230   M    M   3        25 220
 7  79  61  70  -3   0   5 0.00  0.0    0  8.1 15  90   M    M   7 12     18 110
 8  67  61  64  -9   1   0 0.02  0.0    0 10.4 16  70   M    M  10 12     20  60
 9  65  59  62 -11   3   0 0.11  0.0    0  9.7 16  90   M    M  10 1      18  90
10  64  59  62 -11   3   0 0.09  0.0    0  6.3 13  50   M    M   7 1      16  50
11  72  59  66  -7   0   1    T  0.0    M  7.0 14 110   M    M   8 1      18 300
12  88  65  77   3   0  12 0.00  0.0    M  9.0 16 220   M    M   3        23 260
13  92  65  79   5   0  14 0.00  0.0    M 12.1 22 190   M    M   2        29 210
14  87  69  78   4   0  13    T  0.0    M 14.4 26 200   M    M   5        36 200
15  96  72  84  10   0  19 0.00  0.0    M  8.6 17 190   M    M   4        24 270
16  94  75  85  11   0  20 0.00  0.0    M  8.6 18 240   M    M   6        25 250
17  79  68  74   0   0   9 0.00  0.0    M  7.2 15  80   M    M   7 1      18  80
18  95  67  81   7   0  16 0.01  0.0    M 11.9 30 240   M    M   6 3      40 240
19  84  68  76   2   0  11 0.00  0.0    M 10.7 21 330   M    M   5        28 320
20  84  65  75   1   0  10 0.00  0.0    M 10.2 17 320   M    M   2        25 280
21  91  67  79   5   0  14 0.00  0.0    M  9.7 20 220   M    M   3        26 230
22  98  73  86  12   0  21 0.00  0.0    M 17.2 26 230   M    M   4 3      39 220
================================================================================
SM 1843 1451         7 229  0.66     0.0 222.0          M      120
================================================================================
AV 83.8 66.0                              10.1 FASTST   M    M   5    MAX(MPH)
                                 MISC ---->  # 30 240               # 40  240
================================================================================
NOTES:
# LAST OF SEVERAL OCCURRENCES

COLUMN 17 PEAK WIND IN M.P.H.

PRELIMINARY LOCAL CLIMATOLOGICAL DATA (WS FORM: F-6) , PAGE 2

                                          STATION:  BOSTON MA
                                          MONTH:    JULY
                                          YEAR:     2016
                                          LATITUDE:   42 22 N
                                          LONGITUDE:  71  2 W

[TEMPERATURE DATA]      [PRECIPITATION DATA]       SYMBOLS USED IN COLUMN 16

AVERAGE MONTHLY: 74.9   TOTAL FOR MONTH:   0.66    1 = FOG OR MIST
DPTR FM NORMAL:   1.6   DPTR FM NORMAL:   -1.67    2 = FOG REDUCING VISIBILITY
HIGHEST:    98 ON 22    GRTST 24HR  0.23 ON  5- 5      TO 1/4 MILE OR LESS
LOWEST:     59 ON 11,10                            3 = THUNDER
                        SNOW, ICE PELLETS, HAIL    4 = ICE PELLETS
                        TOTAL MONTH:   0.0 INCH    5 = HAIL
                        GRTST 24HR     0.0         6 = FREEZING RAIN OR DRIZZLE
                        GRTST DEPTH:   0           7 = DUSTSTORM OR SANDSTORM:
                                                       VSBY 1/2 MILE OR LESS
                                                   8 = SMOKE OR HAZE
[NO. OF DAYS WITH]      [WEATHER - DAYS WITH]      9 = BLOWING SNOW
                                                   X = TORNADO
MAX 32 OR BELOW:   0    0.01 INCH OR MORE:   6
MAX 90 OR ABOVE:   7    0.10 INCH OR MORE:   3
MIN 32 OR BELOW:   0    0.50 INCH OR MORE:   0
MIN  0 OR BELOW:   0    1.00 INCH OR MORE:   0

[HDD (BASE 65) ]
TOTAL THIS MO.     7    CLEAR  (SCALE 0-3)   4
DPTR FM NORMAL     7    PTCLDY (SCALE 4-7)  16
TOTAL FM JUL 1     7    CLOUDY (SCALE 8-10)  2
DPTR FM NORMAL     7

[CDD (BASE 65) ]
TOTAL THIS MO.   229
DPTR FM NORMAL    42    [PRESSURE DATA]
TOTAL FM JAN 1   403    HIGHEST SLP M ON M
DPTR FM NORMAL    50    LOWEST  SLP 29.72 ON  5

[REMARKS]
