000
CXUS54 KBRO 010900
CF6BRO
PRELIMINARY LOCAL CLIMATOLOGICAL DATA (WS FORM: F-6)

                                          STATION:   BROWNSVILLE
                                          MONTH:     JUNE
                                          YEAR:      2015
                                          LATITUDE:   25 53 N
                                          LONGITUDE:  97 26 W

  TEMPERATURE IN F:       :PCPN:    SNOW:  WIND      :SUNSHINE: SKY     :PK WND
================================================================================
1   2   3   4   5  6A  6B    7    8   9   10  11  12  13   14  15   16   17  18
                                     12Z  AVG MX 2MIN
DY MAX MIN AVG DEP HDD CDD  WTR  SNW DPTH SPD SPD DIR MIN PSBL S-S WX    SPD DR
================================================================================

 1  87  69  78  -5   0  13 0.00  0.0    0  4.4 14 120   M    M   2 12     17  80
 2  89  71  80  -3   0  15 0.00  0.0    0  6.1 15 120   M    M   1        20 120
 3  90  74  82  -1   0  17 0.00  0.0    0  8.2 17 150   M    M   2        23 130
 4  90  75  83   0   0  18 0.00  0.0    0  9.0 17 160   M    M   1        23 140
 5  89  74  82  -1   0  17 0.00  0.0    0  8.7 20 130   M    M   2        25 110
 6  89  73  81  -2   0  16 0.00  0.0    0  7.7 16  90   M    M   1        19  90
 7  90  75  83  -1   0  18 0.00  0.0    0  8.8 18 120   M    M   2        23 120
 8  90  76  83  -1   0  18 0.00  0.0    0 10.3 20 120   M    M   3        25 130
 9  90  74  82  -2   0  17 0.00  0.0    0  7.8 16 130   M    M   2        22 150
10  91  73  82  -2   0  17 0.00  0.0    0  9.2 18 120   M    M   1        24 140
11  92  78  85   1   0  20 0.00  0.0    0 12.9 21 150   M    M   2        27 160
12  92  80  86   2   0  21    T  0.0    0 11.4 21 130   M    M   3        24 140
13  93  79  86   2   0  21    T  0.0    0 12.8 21 130   M    M   4 1      27 140
14  91  78  85   1   0  20 0.01  0.0    0 11.2 24 170   M    M   4        30 160
15  92  76  84   0   0  19    T  0.0    0  5.0 15  80   M    M   3        19  80
16  97  78  88   4   0  23    T  0.0    0 10.5 20 170   M    M   3 18     27 160
17  92  79  86   2   0  21 0.09  0.0    0 13.8 23 150   M    M   6 13     30 140
18  92  81  87   3   0  22 0.00  0.0    0 11.9 22 150   M    M   7        30 160
19  93  77  85   1   0  20    T  0.0    0 10.8 21 140   M    M   2 1      27 120
20  90  78  84   0   0  19 0.20  0.0    0 11.8 24 180   M    M   4 138    30 160
21  93  81  87   3   0  22    T  0.0    0 13.5 26 150   M    M   9 1      32 150
22  90  80  85   1   0  20 0.00  0.0    0 10.6 18 140   M    M   4 18     23 140
23  93  79  86   2   0  21 0.00  0.0    0  9.1 20 140   M    M   2        27 150
24  94  78  86   2   0  21    T  0.0    0  9.4 18 130   M    M   2        23 120
25  94  76  85   1   0  20 0.06  0.0    0  9.0 21 140   M    M   1        24 150
26  94  76  85   1   0  20 0.00  0.0    0 14.9 25 150   M    M   2        33 160
27  95  77  86   2   0  21 0.00  0.0    0 12.4 23 140   M    M   2        30 170
28  92  76  84   0   0  19 0.32  0.0    0  9.5 22 190   M    M   2 138    27 180
29  94  77  86   2   0  21    T  0.0    0 11.3 23 150   M    M   2 13     28 160
30  87  75  81  -3   0  16 0.08  0.0    0  7.6 30 190   M    M   3 13     36 190
================================================================================
SM 2745 2293         0 573  0.76     0.0 299.6          M       84
================================================================================
AV 91.5 76.4                              10.0 FASTST   M    M   3    MAX(MPH)
                                 MISC ---->  # 30 190               # 36  190
================================================================================
NOTES:
# LAST OF SEVERAL OCCURRENCES

COLUMN 17 PEAK WIND IN M.P.H.

PRELIMINARY LOCAL CLIMATOLOGICAL DATA (WS FORM: F-6) , PAGE 2

                                          STATION:  BROWNSVILLE
                                          MONTH:    JUNE
                                          YEAR:     2015
                                          LATITUDE:   25 53 N
                                          LONGITUDE:  97 26 W

[TEMPERATURE DATA]      [PRECIPITATION DATA]       SYMBOLS USED IN COLUMN 16

AVERAGE MONTHLY: 84.0   TOTAL FOR MONTH:   0.76    1 = FOG OR MIST
DPTR FM NORMAL:   0.1   DPTR FM NORMAL:   -1.81    2 = FOG REDUCING VISIBILITY
HIGHEST:    97 ON 16    GRTST 24HR  3.50 ON 31- 1      TO 1/4 MILE OR LESS
LOWEST:     69 ON  1                               3 = THUNDER
                        SNOW, ICE PELLETS, HAIL    4 = ICE PELLETS
                        TOTAL MONTH:   0.0 INCH    5 = HAIL
                        GRTST 24HR     0.0         6 = FREEZING RAIN OR DRIZZLE
                        GRTST DEPTH:   0           7 = DUSTSTORM OR SANDSTORM:
                                                       VSBY 1/2 MILE OR LESS
                                                   8 = SMOKE OR HAZE
[NO. OF DAYS WITH]      [WEATHER - DAYS WITH]      9 = BLOWING SNOW
                                                   X = TORNADO
MAX 32 OR BELOW:   0    0.01 INCH OR MORE:   6
MAX 90 OR ABOVE:  25    0.10 INCH OR MORE:   2
MIN 32 OR BELOW:   0    0.50 INCH OR MORE:   0
MIN  0 OR BELOW:   0    1.00 INCH OR MORE:   0

[HDD (BASE 65) ]
TOTAL THIS MO.     0    CLEAR  (SCALE 0-3)  20
DPTR FM NORMAL     0    PTCLDY (SCALE 4-7)   9
TOTAL FM JUL 1   690    CLOUDY (SCALE 8-10)  1
DPTR FM NORMAL   136

[CDD (BASE 65) ]
TOTAL THIS MO.   573
DPTR FM NORMAL     6    [PRESSURE DATA]
TOTAL FM JAN 1  1635    HIGHEST SLP 30.12 ON 24
DPTR FM NORMAL   -25    LOWEST  SLP 29.75 ON 12

[REMARKS]
#FINAL-06-15#
