000
CXUS55 KMSO 280800
CF6BTM
PRELIMINARY LOCAL CLIMATOLOGICAL DATA (WS FORM: F-6)

                                          STATION:   BUTTE MT
                                          MONTH:     FEBRUARY
                                          YEAR:      2015
                                          LATITUDE:   45 57 N
                                          LONGITUDE: 112 30 W

  TEMPERATURE IN F:       :PCPN:    SNOW:  WIND      :SUNSHINE: SKY     :PK WND
================================================================================
1   2   3   4   5  6A  6B    7    8   9   10  11  12  13   14  15   16   17  18
                                     12Z  AVG MX 2MIN
DY MAX MIN AVG DEP HDD CDD  WTR  SNW DPTH SPD SPD DIR MIN PSBL S-S WX    SPD DR
================================================================================

 1  33  10  22   2  43   0    T    M    M  2.0  8 330   M    M   6         9 330
 2  40  25  33  13  32   0    T    M    M  3.9 21 260   M    M   6 8      31 270
 3  40  27  34  14  31   0    T    M    M  6.6 20 250   M    M   7 1      31 240
 4  37  17  27   7  38   0 0.02    M    M  1.9  7 300   M    M   7 12      9  10
 5  51  28  40  20  25   0 0.00    M    M  4.8 24 220   M    M   3        32 210
 6  55  31  43  22  22   0 0.00    M    M  7.4 25 170   M    M   2        32 170
 7  50  38  44  23  21   0    T    M    M  9.1 24 250   M    M   8        37 240
 8  51  33  42  21  23   0 0.00    M    M  4.8 14 230   M    M   3        21 210
 9  48  34  41  20  24   0 0.05    M    M  5.7 24 290   M    M   8 1      30 290
10  45  34  40  19  25   0    T    M    M  5.3 15 300   M    M   9        20 260
11  48  24  36  15  29   0 0.00    M    M  2.7 13 190   M    M   2        17 210
12  54  27  41  20  24   0 0.00    M    M  4.0 14 320   M    M   6 8      16 310
13  56  25  41  20  24   0 0.00    M    M  4.1  9 180   M    M   0        10 180
14  53  26  40  18  25   0 0.00    M    M  5.1 20 330   M    M   3        24 340
15  39  28  34  12  31   0    T    M    M  5.9 18 340   M    M   7 1      23 310
16  32  16  24   2  41   0    T    M    M  5.6 17  20   M    M   7 1      21  20
17  39  11  25   3  40   0 0.00    M    M  3.8 12 310   M    M   1        13 310
18  50  16  33  11  32   0 0.00    M    M  2.5  8 340   M    M   0        10 330
19  48  22  35  12  30   0 0.00    M    M  6.0 21 320   M    M   4        26 310
20  39  27  33  10  32   0 0.02    M    M  7.3 22 300   M    M  10 18     31 310
21  28  -6  11 -12  54   0 0.02    M    M  9.0 24  20   M    M   6 18     31  30
22  19 -17   1 -23  64   0 0.00    M    M  4.2  9 140   M    M   0        11 310
23  29 -10  10 -14  55   0 0.00    M    M  2.6  8 320   M    M   2        10 310
24  43   7  25   1  40   0 0.00    M    M  4.0 16 310   M    M   4        20 310
25  37  22  30   5  35   0 0.02    M    M  9.8 18 340   M    M  10 1      24 340
26  24   9  17  -8  48   0    T    M    M  8.7 20 170   M    M   6 18     23 170
27  31   4  18  -7  47   0    T    M    M  5.6 21 160   M    M   7        27 170
================================================================================
SM 1119  508       935   0  0.13    M    142.4          M      134
================================================================================
AV 41.4 18.8                               5.3 FASTST   M    M   5    MAX(MPH)
                                 MISC ---->  # 25 170               # 37  240
================================================================================
NOTES:
# LAST OF SEVERAL OCCURRENCES

COLUMN 17 PEAK WIND IN M.P.H.

PRELIMINARY LOCAL CLIMATOLOGICAL DATA (WS FORM: F-6) , PAGE 2

                                          STATION:  BUTTE MT
                                          MONTH:    FEBRUARY
                                          YEAR:     2015
                                          LATITUDE:   45 57 N
                                          LONGITUDE: 112 30 W

[TEMPERATURE DATA]      [PRECIPITATION DATA]       SYMBOLS USED IN COLUMN 16

AVERAGE MONTHLY: 30.1   TOTAL FOR MONTH:   0.13    1 = FOG OR MIST
DPTR FM NORMAL:   8.1   DPTR FM NORMAL:   -0.28    2 = FOG REDUCING VISIBILITY
HIGHEST:    56 ON 13    GRTST 24HR  0.05 ON  9- 9      TO 1/4 MILE OR LESS
LOWEST:    -17 ON 22                               3 = THUNDER
                        SNOW, ICE PELLETS, HAIL    4 = ICE PELLETS
                        TOTAL MONTH:    M          5 = HAIL
                        GRTST 24HR    M  ON   M    6 = FREEZING RAIN OR DRIZZLE
                        GRTST DEPTH:  M  ON   M    7 = DUSTSTORM OR SANDSTORM:
                                                       VSBY 1/2 MILE OR LESS
                                                   8 = SMOKE OR HAZE
[NO. OF DAYS WITH]      [WEATHER - DAYS WITH]      9 = BLOWING SNOW
                                                   X = TORNADO
MAX 32 OR BELOW:   6    0.01 INCH OR MORE:   5
MAX 90 OR ABOVE:   0    0.10 INCH OR MORE:   0
MIN 32 OR BELOW:  23    0.50 INCH OR MORE:   0
MIN  0 OR BELOW:   3    1.00 INCH OR MORE:   0

[HDD (BASE 65) ]
TOTAL THIS MO.   935    CLEAR  (SCALE 0-3)   9
DPTR FM NORMAL  -225    PTCLDY (SCALE 4-7)  15
TOTAL FM JUL 1  5830    CLOUDY (SCALE 8-10)  3
DPTR FM NORMAL  -701

[CDD (BASE 65) ]
TOTAL THIS MO.     0
DPTR FM NORMAL     0    [PRESSURE DATA]
TOTAL FM JAN 1     0    HIGHEST SLP M ON M
DPTR FM NORMAL     0    LOWEST  SLP 29.56 ON  7

[REMARKS]
