390
CXUS55 KMSO 300900
CF6BTM
PRELIMINARY LOCAL CLIMATOLOGICAL DATA (WS FORM: F-6)

                                          STATION:   BUTTE MT
                                          MONTH:     SEPTEMBER
                                          YEAR:      2016
                                          LATITUDE:   45 57 N
                                          LONGITUDE: 112 30 W

  TEMPERATURE IN F:       :PCPN:    SNOW:  WIND      :SUNSHINE: SKY     :PK WND
================================================================================
1   2   3   4   5  6A  6B    7    8   9   10  11  12  13   14  15   16   17  18
                                     12Z  AVG MX 2MIN
DY MAX MIN AVG DEP HDD CDD  WTR  SNW DPTH SPD SPD DIR MIN PSBL S-S WX    SPD DR
================================================================================

 1  83  52  68  10   0   3 0.01    M    M  7.6 39 170   M    M   3 38     47 170
 2  68  45  57   0   8   0 0.11    M    M  5.0 17 310   M    M   5 1      24 310
 3  65  39  52  -5  13   0 0.00    M    M  5.0 20  80   M    M   3        26  80
 4  50  42  46 -10  19   0 0.19    M    M  6.7 18 190   M    M  10 1      25 190
 5  52  34  43 -13  22   0 0.25    M    M  5.4 12 290   M    M   6 1      17 280
 6  64  31  48  -8  17   0    T    M    M  5.1 17 280   M    M   5        23 280
 7  63  42  53  -2  12   0 0.02    M    M  5.1 14 290   M    M   6        18 270
 8  64  44  54  -1  11   0    T    M    M 12.0 28 280   M    M   5        36 290
 9  64  33  49  -5  16   0 0.00    M    M  3.7 15 330   M    M   2 12     19 330
10  75  31  53  -1  12   0 0.00    M    M  5.9 20 270   M    M   0        27 290
11  68  37  53  -1  12   0 0.00    M    M  9.9 28  30   M    M   4        35 280
12  45  37  41 -12  24   0 0.00    M    M  8.5 17  20   M    M  10        22  30
13  57  32  45  -8  20   0 0.00    M    M  5.7 20 160   M    M   4 8      22 170
14  48  35  42 -11  23   0 0.26    M    M  2.3 10 150   M    M   6 1      12 150
15  67  37  52   0  13   0 0.00    M    M  4.7 18 290   M    M   5 12     24 320
16  70  32  51  -1  14   0 0.00    M    M  3.5 10 310   M    M   0        14 250
17  68  34  51   0  14   0    T    M    M  8.3 25 240   M    M   6        35 260
18  65  46  56   5   9   0    T    M    M 10.5 25 280   M    M   6        36 280
19  70  41  56   5   9   0 0.00    M    M  6.0 25 270   M    M   2        34 280
20  66  34  50   0  15   0 0.03    M    M  5.3 23 290   M    M   5 3      30 280
21  57  41  49  -1  16   0 0.02    M    M  8.7 21 160   M    M   7        27 140
22  49  44  47  -2  18   0 0.22    M    M  6.8 21 160   M    M  10 1      30 170
23  52  38  45  -4  20   0 0.11    M    M  7.9 15 310   M    M   8 1      19 300
24  55  33  44  -5  21   0    T    M    M  9.2 23 290   M    M   7        33 280
25  64  27  46  -2  19   0 0.00    M    M  5.0 20 310   M    M   2        26 320
26  74  33  54   6  11   0 0.00    M    M  3.5 10 340   M    M   0        14 320
27  78  34  56   9   9   0 0.00  0.0    0  3.8 14 300   M    M   0        17 310
28  75  36  56   9   9   0 0.00    M    M  7.2 17 170   M    M   0        21 170
29  77  37  57  10   8   0 0.08    M    M  4.8 17 170   M    M   2 3      25 150
================================================================================
SM 1853 1081       414   3  1.30     0.0 183.1          M      129
================================================================================
AV 63.9 37.3                               6.3 FASTST   M    M   4    MAX(MPH)
                                 MISC ---->  # 39 170               # 47  170
================================================================================
NOTES:
# LAST OF SEVERAL OCCURRENCES

COLUMN 17 PEAK WIND IN M.P.H.

PRELIMINARY LOCAL CLIMATOLOGICAL DATA (WS FORM: F-6) , PAGE 2

                                          STATION:  BUTTE MT
                                          MONTH:    SEPTEMBER
                                          YEAR:     2016
                                          LATITUDE:   45 57 N
                                          LONGITUDE: 112 30 W

[TEMPERATURE DATA]      [PRECIPITATION DATA]       SYMBOLS USED IN COLUMN 16

AVERAGE MONTHLY: 50.6   TOTAL FOR MONTH:   1.30    1 = FOG OR MIST
DPTR FM NORMAL:  -1.6   DPTR FM NORMAL:    0.33    2 = FOG REDUCING VISIBILITY
HIGHEST:    83 ON  1    GRTST 24HR  0.40 ON  4- 5      TO 1/4 MILE OR LESS
LOWEST:     27 ON 25                               3 = THUNDER
                        SNOW, ICE PELLETS, HAIL    4 = ICE PELLETS
                        TOTAL MONTH:   0.0 INCH    5 = HAIL
                        GRTST 24HR     0.0         6 = FREEZING RAIN OR DRIZZLE
                        GRTST DEPTH:   0           7 = DUSTSTORM OR SANDSTORM:
                                                       VSBY 1/2 MILE OR LESS
                                                   8 = SMOKE OR HAZE
[NO. OF DAYS WITH]      [WEATHER - DAYS WITH]      9 = BLOWING SNOW
                                                   X = TORNADO
MAX 32 OR BELOW:   0    0.01 INCH OR MORE:  11
MAX 90 OR ABOVE:   0    0.10 INCH OR MORE:   6
MIN 32 OR BELOW:   5    0.50 INCH OR MORE:   0
MIN  0 OR BELOW:   0    1.00 INCH OR MORE:   0

[HDD (BASE 65) ]
TOTAL THIS MO.   414    CLEAR  (SCALE 0-3)  10
DPTR FM NORMAL    40    PTCLDY (SCALE 4-7)  16
TOTAL FM JUL 1   712    CLOUDY (SCALE 8-10)  3
DPTR FM NORMAL   110

[CDD (BASE 65) ]
TOTAL THIS MO.     3
DPTR FM NORMAL     3    [PRESSURE DATA]
TOTAL FM JAN 1    57    HIGHEST SLP M ON M
DPTR FM NORMAL   -22    LOWEST  SLP 29.74 ON  1

[REMARKS]
