000
CXUS55 KMSO 300800
CF6BTM
PRELIMINARY LOCAL CLIMATOLOGICAL DATA (WS FORM: F-6)

                                          STATION:   BUTTE MT
                                          MONTH:     JUNE
                                          YEAR:      2015
                                          LATITUDE:   45 57 N
                                          LONGITUDE: 112 30 W

  TEMPERATURE IN F:       :PCPN:    SNOW:  WIND      :SUNSHINE: SKY     :PK WND
================================================================================
1   2   3   4   5  6A  6B    7    8   9   10  11  12  13   14  15   16   17  18
                                     12Z  AVG MX 2MIN
DY MAX MIN AVG DEP HDD CDD  WTR  SNW DPTH SPD SPD DIR MIN PSBL S-S WX    SPD DR
================================================================================

 1  69  44  57   5   8   0 0.14    M    M  4.9 26  40   M    M   3 3      34  40
 2  65  39  52   0  13   0 0.02    M    M  6.0 26 280   M    M   4 3      35 290
 3  66  37  52   0  13   0 0.04    M    M  4.9 22 190   M    M   3 3      30 190
 4  67  40  54   1  11   0 0.15    M    M  4.8 15 310   M    M   4 13     20 320
 5  71  41  56   3   9   0 0.00    M    M  5.4 22  20   M    M   2 3      27  50
 6  77  43  60   7   5   0 0.00    M    M  6.5 16 340   M    M   0        21 330
 7  80  44  62   9   3   0 0.00    M    M  4.4 16 320   M    M   0        21 330
 8  87  47  67  13   0   2 0.00    M    M  4.3 15 330   M    M   0        20 330
 9  88  46  67  13   0   2 0.22    M    M  4.7 24 280   M    M   2 3      35 260
10  74  53  64  10   1   0    T    M    M  4.7 17 160   M    M   4 3      22 170
11  80  47  64  10   1   0 0.00    M    M  4.5 18 330   M    M   1        22 290
12  76  45  61   6   4   0 0.00    M    M  8.5 25 280   M    M   0        34 270
13  72  38  55   0  10   0 0.00    M    M  7.3 22 340   M    M   0        32 310
14  65  33  49  -6  16   0 0.00    M    M  5.5 15  70   M    M   4        20  50
15  70  43  57   2   8   0 0.07    M    M  7.5 26 160   M    M   7 3      31 110
16  76  42  59   3   6   0 0.06    M    M  5.4 13 330   M    M   1        16 330
17  76  45  61   5   4   0 0.00    M    M  5.6 16 320   M    M   2        19 320
18  80  44  62   6   3   0 0.00    M    M  5.7 17 220   M    M   0        24 230
19  76  45  61   5   4   0 0.01    M    M  7.6 25 310   M    M   2 3      36 340
20  75  39  57   0   8   0 0.00    M    M  5.6 20 280   M    M   2        27 290
21  76  39  58   1   7   0 0.02    M    M  6.1 29 330   M    M   3        36 340
22  72  42  57   0   8   0 0.00    M    M  4.6 14 340   M    M   6        17 340
23  79  43  61   3   4   0 0.00    M    M  5.0 15 290   M    M   3        19 320
24  80  45  63   5   2   0    T    M    M  5.0 24 260   M    M   2        33 270
25  82  53  68  10   0   3 0.00    M    M  6.2 18 350   M    M   3        28 340
26  91  45  68   9   0   3 0.00    M    M  4.6 16 330   M    M   0        19 340
27  94  49  72  13   0   7 0.00    M    M  5.2 18 320   M    M   0        24 320
28  95  52  74  15   0   9 0.00    M    M  6.1 18  80   M    M   0        25  70
29  93  60  77  17   0  12 0.17    M    M  6.1 31 300   M    M   2 3      43 220
================================================================================
SM 2252 1283       148  38  0.90    M    162.7          M       60
================================================================================
AV 77.7 44.2                               5.6 FASTST   M    M   2    MAX(MPH)
                                 MISC ---->  # 31 300               # 43  220
================================================================================
NOTES:
# LAST OF SEVERAL OCCURRENCES

COLUMN 17 PEAK WIND IN M.P.H.

PRELIMINARY LOCAL CLIMATOLOGICAL DATA (WS FORM: F-6) , PAGE 2

                                          STATION:  BUTTE MT
                                          MONTH:    JUNE
                                          YEAR:     2015
                                          LATITUDE:   45 57 N
                                          LONGITUDE: 112 30 W

[TEMPERATURE DATA]      [PRECIPITATION DATA]       SYMBOLS USED IN COLUMN 16

AVERAGE MONTHLY: 60.9   TOTAL FOR MONTH:   0.90    1 = FOG OR MIST
DPTR FM NORMAL:   5.4   DPTR FM NORMAL:   -1.31    2 = FOG REDUCING VISIBILITY
HIGHEST:    95 ON 28    GRTST 24HR  0.37 ON 31- 1      TO 1/4 MILE OR LESS
LOWEST:     33 ON 14                               3 = THUNDER
                        SNOW, ICE PELLETS, HAIL    4 = ICE PELLETS
                        TOTAL MONTH:    M          5 = HAIL
                        GRTST 24HR    M  ON   M    6 = FREEZING RAIN OR DRIZZLE
                        GRTST DEPTH:  M  ON   M    7 = DUSTSTORM OR SANDSTORM:
                                                       VSBY 1/2 MILE OR LESS
                                                   8 = SMOKE OR HAZE
[NO. OF DAYS WITH]      [WEATHER - DAYS WITH]      9 = BLOWING SNOW
                                                   X = TORNADO
MAX 32 OR BELOW:   0    0.01 INCH OR MORE:  10
MAX 90 OR ABOVE:   4    0.10 INCH OR MORE:   4
MIN 32 OR BELOW:   0    0.50 INCH OR MORE:   0
MIN  0 OR BELOW:   0    1.00 INCH OR MORE:   0

[HDD (BASE 65) ]
TOTAL THIS MO.   148    CLEAR  (SCALE 0-3)  20
DPTR FM NORMAL  -133    PTCLDY (SCALE 4-7)   9
TOTAL FM JUL 1  8173    CLOUDY (SCALE 8-10)  0
DPTR FM NORMAL -1040

[CDD (BASE 65) ]
TOTAL THIS MO.    38
DPTR FM NORMAL    36    [PRESSURE DATA]
TOTAL FM JAN 1    38    HIGHEST SLP M ON M
DPTR FM NORMAL    36    LOWEST  SLP 29.67 ON 10

[REMARKS]
