000
CXAK56 PAFG 271215
CF6BTT
PRELIMINARY LOCAL CLIMATOLOGICAL DATA (WS FORM: F-6)

                                          STATION:   BETTLES AK
                                          MONTH:     SEPTEMBER
                                          YEAR:      2016
                                          LATITUDE:   66 55 N
                                          LONGITUDE: 151 31 W

  TEMPERATURE IN F:       :PCPN:    SNOW:  WIND      :SUNSHINE: SKY     :PK WND
================================================================================
1   2   3   4   5  6A  6B    7    8   9   10  11  12  13   14  15   16   17  18
                                     12Z  AVG MX 2MIN
DY MAX MIN AVG DEP HDD CDD  WTR  SNW DPTH SPD SPD DIR MIN PSBL S-S WX    SPD DR
================================================================================

 1  65  40  53   6  12   0 0.00  0.0    0  3.5  9  50   M    M   6        13  40
 2  65  33  49   2  16   0 0.00  0.0    0  2.2  8 130   M    M   2        12  50
 3  68  31  50   3  15   0 0.00  0.0    0  2.4  8 320   M    M   0        11 320
 4  68  31  50   4  15   0 0.00  0.0    0  3.8  8 180   M    M   1        12  10
 5  61  32  47   1  18   0 0.01  0.0    0  7.0 16  10   M    M   5        27  10
 6  55  35  45   0  20   0 0.08  0.0    0  6.2 14  40   M    M   7        20  30
 7  55  24  40  -5  25   0 0.00  0.0    0  2.3  7 340   M    M   4        10 350
 8  59  30  45   1  20   0 0.00  0.0    0  2.6  8  30   M    M   4        12 240
 9  59  24  42  -2  23   0 0.00  0.0    0  2.7  8 180   M    M   2        11 170
10  60  24  42  -2  23   0 0.00  0.0    0  5.4 17 250   M    M   2        23 250
11  51  26  39  -4  26   0 0.15  0.0    0  4.4 15  40   M    M   7 1      21  40
12  46  40  43   0  22   0 1.19  0.0    0  8.3 17  40   M    M  10 1      23  40
13  43  34  39  -3  26   0 0.86  0.0    0  2.8  8 130   M    M  10 14     11 140
14  38  29  34  -8  31   0 0.08  1.1    0  5.7  9  30   M    M  10 1      14 360
15  42  28  35  -6  30   0    T    T    0  5.0 13  40   M    M   9 1      17  40
16  44  31  38  -3  27   0 0.00  0.0    0  1.7  7 220   M    M  10         8 250
17  42  33  38  -2  27   0 0.03  0.0    0  2.7 12 210   M    M  10        16 210
18  42  26  34  -6  31   0    T    T    0  8.1 16 240   M    M   5 1      22 230
19  38  24  31  -8  34   0 0.13  0.3    0  3.7  7  20   M    M   9 146    10  20
20  48  34  41   2  24   0 0.66  0.0    0  6.9 14 140   M    M  10 1      20 120
21  54  41  48  10  17   0 0.16  0.0    0  2.9  9  20   M    M  10 1      14 160
22  45  34  40   2  25   0 1.03  0.0    0  6.7 12  40   M    M   8 1      17  20
23  42  32  37   0  28   0 0.51  0.0    0  6.5 15 140   M    M  10 1      22 140
24  41  29  35  -1  30   0 0.02  0.0    0  2.2  7 170   M    M   9 1       9 160
25  40  25  33  -3  32   0 0.00  0.0    0  0.1  6 220   M    M   7 12      8 220
26  38  29  34  -1  31   0 0.10  0.5    0  1.2  7 140   M    M   9 12     10 210
================================================================================
SM 1309  799       628   0  5.01     1.9 107.0          M      176
================================================================================
AV 50.3 30.7                               4.1 FASTST   M    M   7    MAX(MPH)
                                 MISC ---->  # 17 250               # 27   10
================================================================================
NOTES:
# LAST OF SEVERAL OCCURRENCES

COLUMN 17 PEAK WIND IN M.P.H.

PRELIMINARY LOCAL CLIMATOLOGICAL DATA (WS FORM: F-6) , PAGE 2

                                          STATION:  BETTLES AK
                                          MONTH:    SEPTEMBER
                                          YEAR:     2016
                                          LATITUDE:   66 55 N
                                          LONGITUDE: 151 31 W

[TEMPERATURE DATA]      [PRECIPITATION DATA]       SYMBOLS USED IN COLUMN 16

AVERAGE MONTHLY: 40.5   TOTAL FOR MONTH:   5.01    1 = FOG OR MIST
DPTR FM NORMAL:  -1.2   DPTR FM NORMAL:    3.30    2 = FOG REDUCING VISIBILITY
HIGHEST:    68 ON  4, 3 GRTST 24HR  1.41 ON 12-13      TO 1/4 MILE OR LESS
LOWEST:     24 ON 19,10                            3 = THUNDER
                        SNOW, ICE PELLETS, HAIL    4 = ICE PELLETS
                        TOTAL MONTH:   1.9 INCHES  5 = HAIL
                        GRTST 24HR   1.1 ON   M    6 = FREEZING RAIN OR DRIZZLE
                        GRTST DEPTH:   0           7 = DUSTSTORM OR SANDSTORM:
                                                       VSBY 1/2 MILE OR LESS
                                                   8 = SMOKE OR HAZE
[NO. OF DAYS WITH]      [WEATHER - DAYS WITH]      9 = BLOWING SNOW
                                                   X = TORNADO
MAX 32 OR BELOW:   0    0.01 INCH OR MORE:  14
MAX 90 OR ABOVE:   0    0.10 INCH OR MORE:   9
MIN 32 OR BELOW:  17    0.50 INCH OR MORE:   5
MIN  0 OR BELOW:   0    1.00 INCH OR MORE:   2

[HDD (BASE 65) ]
TOTAL THIS MO.   628    CLEAR  (SCALE 0-3)   5
DPTR FM NORMAL    23    PTCLDY (SCALE 4-7)   8
TOTAL FM JUL 1  1051    CLOUDY (SCALE 8-10) 13
DPTR FM NORMAL  -126

[CDD (BASE 65) ]
TOTAL THIS MO.     0
DPTR FM NORMAL     0    [PRESSURE DATA]
TOTAL FM JAN 1    36    HIGHEST SLP M ON M
DPTR FM NORMAL     0    LOWEST  SLP 29.07 ON 17

[REMARKS]
