000
CXUS51 KBTV 290700
CF6BTV
PRELIMINARY LOCAL CLIMATOLOGICAL DATA (WS FORM: F-6)

                                          STATION:   BURLINGTON VT
                                          MONTH:     MAY
                                          YEAR:      2015
                                          LATITUDE:   44 28 N
                                          LONGITUDE:  73  9 W

  TEMPERATURE IN F:       :PCPN:    SNOW:  WIND      :SUNSHINE: SKY     :PK WND
================================================================================
1   2   3   4   5  6A  6B    7    8   9   10  11  12  13   14  15   16   17  18
                                     12Z  AVG MX 2MIN
DY MAX MIN AVG DEP HDD CDD  WTR  SNW DPTH SPD SPD DIR MIN PSBL S-S WX    SPD DR
================================================================================

 1  67  47  57   6   8   0 0.00  0.0    0  6.6 20 320   M    M   6        23 320
 2  76  40  58   6   7   0 0.00  0.0    0  3.7 14 330   M    M   3        18 340
 3  78  45  62  10   3   0 0.00  0.0    0  4.6 16 190   M    M   4        20 190
 4  86  48  67  15   0   2    T  0.0    0 10.2 22 180   M    M   5        29 190
 5  71  48  60   7   5   0 0.00  0.0    0  7.2 20 330   M    M   4        24 330
 6  78  42  60   7   5   0 0.00  0.0    0  3.4 10 320   M    M   0        15 320
 7  85  46  66  13   0   1 0.00  0.0    0  3.4 12 210   M    M   3        17 250
 8  88  51  70  16   0   5 0.00  0.0    0  5.5 13 140   M    M   2        17 140
 9  86  63  75  21   0  10 0.00  0.0    0 14.8 26 190   M    M   4        35 190
10  84  56  70  16   0   5 0.30  0.0    0 11.2 23 190   M    M   7 1      33 190
11  60  52  56   1   9   0 0.65  0.0    0  6.0 15 310   M    M   9 13     19 300
12  79  55  67  12   0   2 0.23  0.0    0 12.9 25 280   M    M   8 1      39 270
13  61  41  51  -4  14   0 0.02  0.0    0 10.1 23 320   M    M   7 1      30 330
14  66  36  51  -5  14   0 0.00  0.0    0  3.9 14  10   M    M   1        21 360
15  72  38  55  -1  10   0 0.00  0.0    0  5.9 14 200   M    M   7        20 200
16  76  58  67  11   0   2 0.10  0.0    0  8.2 17 220   M    M  10 1      25 210
17  79  57  68  11   0   3 0.00  0.0    0  4.4 14 350   M    M   4 1      21  20
18  85  52  69  12   0   4 0.00  0.0    0 11.1 23 180   M    M   5        31 180
19  79  58  69  12   0   4 0.01  0.0    0 13.8 24 290   M    M   6        35 300
20  60  43  52  -6  13   0 0.00  0.0    0 12.7 25 340   M    M   6        32 340
21  69  41  55  -3  10   0 0.00  0.0    0  7.8 20 190   M    M   5        25 180
22  61  42  52  -6  13   0    T  0.0    0 12.9 24 320   M    M   7        32 350
23  64  39  52  -7  13   0 0.01  0.0    0  9.1 17 320   M    M   3        23 330
24  82  54  68   9   0   3    T  0.0    0 10.1 17 240   M    M   4        24 260
25  74  64  69  10   0   4 0.07  0.0    0  7.9 18 180   M    M   7 1      23 190
26  89  65  77  17   0  12    T  0.0    0  7.8 17 170   M    M   7        22 170
27  88  70  79  19   0  14 0.03  0.0    0 12.6 24 190   M    M   6 3      31 170
28  80  61  71  11   0   6 0.17  0.0    0  8.5 17 280   M    M   7        25 190
================================================================================
SM 2123 1412       124  77  1.59     0.0 236.3          M      147
================================================================================
AV 75.8 50.4                               8.4 FASTST   M    M   5    MAX(MPH)
                                 MISC ---->  # 26 190               # 39  270
================================================================================
NOTES:
# LAST OF SEVERAL OCCURRENCES

COLUMN 17 PEAK WIND IN M.P.H.

PRELIMINARY LOCAL CLIMATOLOGICAL DATA (WS FORM: F-6) , PAGE 2

                                          STATION:  BURLINGTON VT
                                          MONTH:    MAY
                                          YEAR:     2015
                                          LATITUDE:   44 28 N
                                          LONGITUDE:  73  9 W

[TEMPERATURE DATA]      [PRECIPITATION DATA]       SYMBOLS USED IN COLUMN 16

AVERAGE MONTHLY: 63.1   TOTAL FOR MONTH:   1.59    1 = FOG OR MIST
DPTR FM NORMAL:   7.3   DPTR FM NORMAL:   -1.49    2 = FOG REDUCING VISIBILITY
HIGHEST:    89 ON 26    GRTST 24HR  0.88 ON 11-12      TO 1/4 MILE OR LESS
LOWEST:     36 ON 14                               3 = THUNDER
                        SNOW, ICE PELLETS, HAIL    4 = ICE PELLETS
                        TOTAL MONTH:   0.0 INCH    5 = HAIL
                        GRTST 24HR     0.0         6 = FREEZING RAIN OR DRIZZLE
                        GRTST DEPTH:   0           7 = DUSTSTORM OR SANDSTORM:
                                                       VSBY 1/2 MILE OR LESS
                                                   8 = SMOKE OR HAZE
[NO. OF DAYS WITH]      [WEATHER - DAYS WITH]      9 = BLOWING SNOW
                                                   X = TORNADO
MAX 32 OR BELOW:   0    0.01 INCH OR MORE:  10
MAX 90 OR ABOVE:   0    0.10 INCH OR MORE:   5
MIN 32 OR BELOW:   0    0.50 INCH OR MORE:   1
MIN  0 OR BELOW:   0    1.00 INCH OR MORE:   0

[HDD (BASE 65) ]
TOTAL THIS MO.   124    CLEAR  (SCALE 0-3)   6
DPTR FM NORMAL  -146    PTCLDY (SCALE 4-7)  20
TOTAL FM JUL 1  7430    CLOUDY (SCALE 8-10)  2
DPTR FM NORMAL    86

[CDD (BASE 65) ]
TOTAL THIS MO.    77
DPTR FM NORMAL    66    [PRESSURE DATA]
TOTAL FM JAN 1    77    HIGHEST SLP M ON M
DPTR FM NORMAL    64    LOWEST  SLP 29.68 ON 12

[REMARKS]
