000
CXUS51 KBUF 191205
CF6BUF
PRELIMINARY LOCAL CLIMATOLOGICAL DATA (WS FORM: F-6)

                                          STATION:   BUFFALO NY
                                          MONTH:     SEPTEMBER
                                          YEAR:      2017
                                          LATITUDE:   42 55 N
                                          LONGITUDE:  78 44 W

  TEMPERATURE IN F:       :PCPN:    SNOW:  WIND      :SUNSHINE: SKY     :PK WND
================================================================================
1   2   3   4   5  6A  6B    7    8   9   10  11  12  13   14  15   16   17  18
                                     12Z  AVG MX 2MIN
DY MAX MIN AVG DEP HDD CDD  WTR  SNW DPTH SPD SPD DIR MIN PSBL S-S WX    SPD DR
================================================================================

 1  63  47  55 -12  10   0 0.00  0.0    0  5.3 14  30   M    M   6        19 350
 2  71  43  57 -10   8   0 0.02  0.0    0  8.3 18 120   M    M   8        24 110
 3  69  56  63  -4   2   0 0.26  0.0    0 10.8 25 240   M    M   8 1      32 260
 4  80  59  70   4   0   5 0.82  0.0    0 17.0 31 220   M    M   5 13     41 220
 5  70  58  64  -2   1   0 0.10  0.0    0  6.8 18 250   M    M   8 1      25 250
 6  69  54  62  -4   3   0    T  0.0    0  5.3 13 220   M    M   7        15 220
 7  64  53  59  -6   6   0 1.07  0.0    0 10.3 25 210   M    M   7 13     33 220
 8  62  51  57  -8   8   0 0.16  0.0    0  5.9 14 310   M    M   8 1      17 200
 9  63  47  55 -10  10   0 0.00  0.0    0  5.7 15 360   M    M   5        22 340
10  67  45  56  -8   9   0 0.00  0.0    0  4.2 14  30   M    M   2        18  30
11  74  45  60  -4   5   0 0.00  0.0    0  3.7 12 360   M    M   4        14 360
12  80  51  66   2   0   1 0.00  0.0    0  3.8 12  20   M    M   5        13  20
13  80  55  68   5   0   3    T  0.0    0  5.0 13 260   M    M   4        16 230
14  73  63  68   5   0   3 0.00  0.0    0 10.1 18 220   M    M   7        23 220
15  76  60  68   5   0   3 0.00  0.0    0  6.7 12 240   M    M   2 1      14 210
16  82  59  71   9   0   6 0.00  0.0    0  3.7 10  30   M    M   1        13  20
17  83  62  73  11   0   8 0.00  0.0    0  4.3  9 140   M    M   2        12 220
18  82  63  73  11   0   8 0.00  0.0    0  3.2  9 240   M    M   6        14 250
================================================================================
SM 1308  971        62  37  2.43     0.0 120.1          M       95
================================================================================
AV 72.7 53.9                               6.7 FASTST   M    M   5    MAX(MPH)
                                 MISC ---->  # 31 220               # 41  220
================================================================================
NOTES:
# LAST OF SEVERAL OCCURRENCES

COLUMN 17 PEAK WIND IN M.P.H.

PRELIMINARY LOCAL CLIMATOLOGICAL DATA (WS FORM: F-6) , PAGE 2

                                          STATION:  BUFFALO NY
                                          MONTH:    SEPTEMBER
                                          YEAR:     2017
                                          LATITUDE:   42 55 N
                                          LONGITUDE:  78 44 W

[TEMPERATURE DATA]      [PRECIPITATION DATA]       SYMBOLS USED IN COLUMN 16

AVERAGE MONTHLY: 63.3   TOTAL FOR MONTH:   2.43    1 = FOG OR MIST
DPTR FM NORMAL:  -1.2   DPTR FM NORMAL:    0.24    2 = FOG REDUCING VISIBILITY
HIGHEST:    83 ON 17    GRTST 24HR  1.07 ON  7- 7      TO 1/4 MILE OR LESS
LOWEST:     43 ON  2                               3 = THUNDER
                        SNOW, ICE PELLETS, HAIL    4 = ICE PELLETS
                        TOTAL MONTH:   0.0 INCH    5 = HAIL
                        GRTST 24HR     0.0         6 = FREEZING RAIN OR DRIZZLE
                        GRTST DEPTH:   0           7 = DUSTSTORM OR SANDSTORM:
                                                       VSBY 1/2 MILE OR LESS
                                                   8 = SMOKE OR HAZE
[NO. OF DAYS WITH]      [WEATHER - DAYS WITH]      9 = BLOWING SNOW
                                                   X = TORNADO
MAX 32 OR BELOW:   0    0.01 INCH OR MORE:   6
MAX 90 OR ABOVE:   0    0.10 INCH OR MORE:   5
MIN 32 OR BELOW:   0    0.50 INCH OR MORE:   2
MIN  0 OR BELOW:   0    1.00 INCH OR MORE:   1

[HDD (BASE 65) ]
TOTAL THIS MO.    62    CLEAR  (SCALE 0-3)   4
DPTR FM NORMAL     9    PTCLDY (SCALE 4-7)  14
TOTAL FM JUL 1    78    CLOUDY (SCALE 8-10)  0
DPTR FM NORMAL    -2

[CDD (BASE 65) ]
TOTAL THIS MO.    37
DPTR FM NORMAL    -6    [PRESSURE DATA]
TOTAL FM JAN 1   507    HIGHEST SLP M ON M
DPTR FM NORMAL   -23    LOWEST  SLP 29.56 ON  4

[REMARKS]
