000
CXUS54 KTSA 220840
CF6BVO
PRELIMINARY LOCAL CLIMATOLOGICAL DATA (WS FORM: F-6)

                                          STATION:   BARTLESVILLE OKLAHOMA
                                          MONTH:     OCTOBER
                                          YEAR:      2014
                                          LATITUDE:   36 45 N
                                          LONGITUDE:  96  0 W

  TEMPERATURE IN F:       :PCPN:    SNOW:  WIND      :SUNSHINE: SKY     :PK WND
================================================================================
1   2   3   4   5  6A  6B    7    8   9   10  11  12  13   14  15   16   17  18
                                     12Z  AVG MX 2MIN
DY MAX MIN AVG DEP HDD CDD  WTR  SNW DPTH SPD SPD DIR MIN PSBL S-S WX    SPD DR
================================================================================

 1  89  68  79  15   0  14    T  0.0    0  8.1 17 170   M    M   3 13     26 310
 2  81  56  69   5   0   4 0.99  0.0    0  4.4 20 170   M    M   6 138    34 170
 3  62  39  51 -13  14   0 0.00  0.0    0  2.5 18 360   M    M   1        32  10
 4  72  35  54  -9  11   0 0.00  0.0    0  1.6  9 230   M    M   0        13 220
 5  84  46  65   2   0   0 0.04  0.0    0  4.3 14 350   M    M   1        23 360
 6  83  48  66   3   0   1 0.00  0.0    0  5.1 12 220   M    M   0        17 230
 7  86  58  72  10   0   7 0.00  0.0    0  4.4 13 230   M    M   0        19 230
 8  85  57  71   9   0   6 0.00  0.0    0  3.8 13 150   M    M   3 1      17 150
 9  89  67  78  16   0  13 0.29  0.0    0  7.2 20 220   M    M   3 138    25 210
10  67  52  60  -1   5   0 2.63  0.0    0 10.8 22  10   M    M  10 13     30  60
11  59  50  55  -6  10   0 0.01  0.0    0  9.2 21  20   M    M  10        27  20
12  60  52  56  -5   9   0 0.00  0.0    0  5.4 17 150   M    M  10 13     24 150
13  60  54  57  -3   8   0 1.14  0.0    0  3.9 12 360   M    M   9 13     23 300
14  71  49  60   0   5   0 0.00  0.0    0  4.8 12 290   M    M   0        23 290
15  74  39  57  -3   8   0 0.00  0.0    0  0.9  9 270   M    M   0        14 270
16  84  40  62   3   3   0 0.00  0.0    0  3.7 14 170   M    M   0        18 160
17  75  50  63   4   2   0 0.00  0.0    0  2.3 16  10   M    M   0        19  30
18  67  40  54  -5  11   0 0.00  0.0    0  2.5 13  10   M    M   0 1      17  30
19  74  40  57  -1   8   0 0.00  0.0    0  3.2 14 200   M    M   2 1      20 210
20  77  50  64   6   1   0 0.06  0.0    0  2.1 10  50   M    M   3 13     15  60
21  79  48  64   6   1   0 0.00  0.0    0  1.9 12 140   M    M   4 12     15 140
================================================================================
SM 1578 1038        96  45  5.16     0.0  92.1          M       65
================================================================================
AV 75.1 49.4                               4.4 FASTST   M    M   3    MAX(MPH)
                                 MISC ---->  # 22  10               # 34  170
================================================================================
NOTES:
# LAST OF SEVERAL OCCURRENCES

COLUMN 17 PEAK WIND IN M.P.H.

PRELIMINARY LOCAL CLIMATOLOGICAL DATA (WS FORM: F-6) , PAGE 2

                                          STATION:  BARTLESVILLE OKLAHOMA
                                          MONTH:    OCTOBER
                                          YEAR:     2014
                                          LATITUDE:   36 45 N
                                          LONGITUDE:  96  0 W

[TEMPERATURE DATA]      [PRECIPITATION DATA]       SYMBOLS USED IN COLUMN 16

AVERAGE MONTHLY: 62.3   TOTAL FOR MONTH:   5.16    1 = FOG OR MIST
DPTR FM NORMAL:   1.3   DPTR FM NORMAL:    2.77    2 = FOG REDUCING VISIBILITY
HIGHEST:    89 ON  9, 1 GRTST 24HR  2.92 ON  9-10      TO 1/4 MILE OR LESS
LOWEST:     35 ON  4                               3 = THUNDER
                        SNOW, ICE PELLETS, HAIL    4 = ICE PELLETS
                        TOTAL MONTH:   0.0 INCH    5 = HAIL
                        GRTST 24HR     0.0         6 = FREEZING RAIN OR DRIZZLE
                        GRTST DEPTH:   0           7 = DUSTSTORM OR SANDSTORM:
                                                       VSBY 1/2 MILE OR LESS
                                                   8 = SMOKE OR HAZE
[NO. OF DAYS WITH]      [WEATHER - DAYS WITH]      9 = BLOWING SNOW
                                                   X = TORNADO
MAX 32 OR BELOW:   0    0.01 INCH OR MORE:   7
MAX 90 OR ABOVE:   0    0.10 INCH OR MORE:   4
MIN 32 OR BELOW:   0    0.50 INCH OR MORE:   3
MIN  0 OR BELOW:   0    1.00 INCH OR MORE:   2

[HDD (BASE 65) ]
TOTAL THIS MO.    96    CLEAR  (SCALE 0-3)  14
DPTR FM NORMAL   -22    PTCLDY (SCALE 4-7)   3
TOTAL FM JUL 1   123    CLOUDY (SCALE 8-10)  4
DPTR FM NORMAL   -31

[CDD (BASE 65) ]
TOTAL THIS MO.    45
DPTR FM NORMAL    11    [PRESSURE DATA]
TOTAL FM JAN 1  1573    HIGHEST SLP M ON M
DPTR FM NORMAL  -174    LOWEST  SLP 29.43 ON 13

[REMARKS]
