000
CXUS54 KTSA 300840
CF6BVO
PRELIMINARY LOCAL CLIMATOLOGICAL DATA (WS FORM: F-6)

                                          STATION:   BARTLESVILLE OKLAHOMA
                                          MONTH:     AUGUST
                                          YEAR:      2015
                                          LATITUDE:   36 45 N
                                          LONGITUDE:  96  0 W

  TEMPERATURE IN F:       :PCPN:    SNOW:  WIND      :SUNSHINE: SKY     :PK WND
================================================================================
1   2   3   4   5  6A  6B    7    8   9   10  11  12  13   14  15   16   17  18
                                     12Z  AVG MX 2MIN
DY MAX MIN AVG DEP HDD CDD  WTR  SNW DPTH SPD SPD DIR MIN PSBL S-S WX    SPD DR
================================================================================

 1  94  66  80  -1   0  15 0.00  0.0    0  2.1 10 210   M    M   1 1      16 170
 2  95  63  79  -2   0  14 0.00  0.0    0  4.3 17 230   M    M   1        23 220
 3  96  65  81   0   0  16 0.00  0.0    M  3.0 10 160   M    M   0 1      14 200
 4  80  68  74  -7   0   9 0.04  0.0    M  2.5  7 240   M    M   2 1       M  M
 5  91  69  80  -1   0  15 0.61  0.0    0  4.1  6  30   M    M   1 13      M  M
 6  91  69  80  -1   0  15 0.00  0.0    M  4.1 12 100   M    M   0 1      16  80
 7  97  72  85   4   0  20 0.00  0.0    0  2.7  9  50   M    M   1 1      13  80
 8  99  72  86   5   0  21 0.00  0.0    0  3.9 15 160   M    M   1 12     21 160
 9 101  73  87   6   0  22 0.00  0.0    0  3.4 13 220   M    M   0        16 230
10  91  72  82   1   0  17 0.26  0.0    0  1.1 10  20   M    M   4 13     14  20
11  87  63  75  -6   0  10 0.00  0.0    0  5.8 16  10   M    M   2        21  30
12  87  60  74  -7   0   9 0.00  0.0    0  2.1  9 100   M    M   0 1      15  60
13  90  57  74  -7   0   9 0.00  0.0    0  2.5 10 110   M    M   0 1      16 140
14  90  61  76  -5   0  11 0.00  0.0    0  3.4 13  90   M    M   1 1      17  60
15  90  60  75  -6   0  10 0.00  0.0    0  2.7 12 100   M    M   0 1      17  90
16  93  59  76  -5   0  11 0.00  0.0    0  3.5 13 140   M    M   0 1      18 130
17  96  63  80   0   0  15 0.00  0.0    0  3.3 16 150   M    M   1 13     22 160
18  89  69  79  -1   0  14 0.53  0.0    0  5.8 14 200   M    M   5 13     23 180
19  75  54  65 -15   0   0 1.24  0.0    0  3.1 17  10   M    M   4 13     22 360
20  82  51  67 -13   0   2 0.00  0.0    0  3.2 14 140   M    M   0        19 120
21  79  56  68 -12   0   3    T  0.0    0  4.5 14 160   M    M   6 13     19 150
22  84  66  75  -5   0  10 0.19  0.0    0  6.4 21 200   M    M   3 13     28 210
23  79  60  70 -10   0   5 0.64  0.0    0  5.3 16  10   M    M   3 13     22  20
24  82  54  68 -11   0   3 0.00  0.0    0  2.3  9  80   M    M   2        13  60
25  85  49  67 -12   0   2 0.00  0.0    0  2.4 12 140   M    M   0 1      15 150
26  88  53  71  -8   0   6 0.00  0.0    0  2.3  9 150   M    M   1 1      13 110
27  83  65  74  -5   0   9 0.53  0.0    0  5.8 24 110   M    M   0 13     33 110
28  81  66  74  -4   0   9 0.01  0.0    0  4.3 10 180   M    M   1        17 190
29  84  63  74  -4   0   9 0.00  0.0    0  3.4 16  10   M    M   3 1      20  20
================================================================================
SM 2559 1818         0 311  4.05     0.0 103.3          M       43
================================================================================
AV 88.2 62.7                               3.6 FASTST   M    M   1    MAX(MPH)
                                 MISC ---->  # 24 110               # 33  110
================================================================================
NOTES:
# LAST OF SEVERAL OCCURRENCES

COLUMN 17 PEAK WIND IN M.P.H.

PRELIMINARY LOCAL CLIMATOLOGICAL DATA (WS FORM: F-6) , PAGE 2

                                          STATION:  BARTLESVILLE OKLAHOMA
                                          MONTH:    AUGUST
                                          YEAR:     2015
                                          LATITUDE:   36 45 N
                                          LONGITUDE:  96  0 W

[TEMPERATURE DATA]      [PRECIPITATION DATA]       SYMBOLS USED IN COLUMN 16

AVERAGE MONTHLY: 75.5   TOTAL FOR MONTH:   4.05    1 = FOG OR MIST
DPTR FM NORMAL:  -4.8   DPTR FM NORMAL:    1.18    2 = FOG REDUCING VISIBILITY
HIGHEST:   101 ON  9    GRTST 24HR  1.72 ON 18-19      TO 1/4 MILE OR LESS
LOWEST:     49 ON 25                               3 = THUNDER
                        SNOW, ICE PELLETS, HAIL    4 = ICE PELLETS
                        TOTAL MONTH:   0.0 INCH    5 = HAIL
                        GRTST 24HR     0.0         6 = FREEZING RAIN OR DRIZZLE
                        GRTST DEPTH:   0           7 = DUSTSTORM OR SANDSTORM:
                                                       VSBY 1/2 MILE OR LESS
                                                   8 = SMOKE OR HAZE
[NO. OF DAYS WITH]      [WEATHER - DAYS WITH]      9 = BLOWING SNOW
                                                   X = TORNADO
MAX 32 OR BELOW:   0    0.01 INCH OR MORE:   9
MAX 90 OR ABOVE:  14    0.10 INCH OR MORE:   7
MIN 32 OR BELOW:   0    0.50 INCH OR MORE:   5
MIN  0 OR BELOW:   0    1.00 INCH OR MORE:   1

[HDD (BASE 65) ]
TOTAL THIS MO.     0    CLEAR  (SCALE 0-3)  25
DPTR FM NORMAL     0    PTCLDY (SCALE 4-7)   4
TOTAL FM JUL 1     0    CLOUDY (SCALE 8-10)  0
DPTR FM NORMAL     0

[CDD (BASE 65) ]
TOTAL THIS MO.   311
DPTR FM NORMAL  -132    [PRESSURE DATA]
TOTAL FM JAN 1  1358    HIGHEST SLP M ON M
DPTR FM NORMAL  -104    LOWEST  SLP 29.59 ON 18

[REMARKS]
