000
CXUS54 KLZK 231130
CF6BVX
PRELIMINARY LOCAL CLIMATOLOGICAL DATA (WS FORM: F-6)

                                          STATION:   Batesville Regional Airport
                                          MONTH:     NOVEMBER
                                          YEAR:      2017
                                          LATITUDE:   35 43 N
                                          LONGITUDE:  91 39 W

  TEMPERATURE IN F:       :PCPN:    SNOW:  WIND      :SUNSHINE: SKY     :PK WND
================================================================================
1   2   3   4   5  6A  6B    7    8   9   10  11  12  13   14  15   16   17  18
                                     12Z  AVG MX 2MIN
DY MAX MIN AVG DEP HDD CDD  WTR  SNW DPTH SPD SPD DIR MIN PSBL S-S WX    SPD DR
================================================================================

 1  66  43  55   0  10   0 0.35    M    M  5.0 10 180   M    M  10 1       M  M
 2   M   M   M   M   M   M 0.00    M    M  7.7 14 190   M    M   6 1      23 170
 3  72  58  65  11   0   0    T    M    M  5.5 12  80   M    M   9 12      M  M
 4  77  58  68  14   0   3 0.00    M    M  4.0  9 230   M    M   9 12      M  M
 5  76  64  70  16   0   5 0.08    M    M  9.1 16 200   M    M   7 13     21 180
 6  64  51  58   5   7   0 0.37    M    M  5.6 10  50   M    M  10 13      M  M
 7  53  48  51  -2  14   0    T    M    M  4.9  7  10   M    M  10 1       M  M
 8  53  39  46  -6  19   0 0.01    M    M  3.6  7  30   M    M   7 8       M  M
 9  62  34  48  -4  17   0 0.00    M    M  3.5  6 310   M    M   0         M  M
10  53  35  44  -8  21   0 0.00    M    M  5.3  9 100   M    M   0         M  M
11  58  29  44  -7  21   0    T    M    M  3.5 12 100   M    M   3 8       M  M
12  69  47  58   7   7   0    T    M    0  2.8  8 260   M    M   7         M  M
13  51  37  44  -6  21   0 0.00  0.0    0  2.7  8  70   M    M   3 1       M  M
14  58  38  48  -2  17   0 0.03    M    0  3.6  9 100   M    M   9 1       M  M
15  60  48  54   4  11   0 0.27    M    0  4.3 12 200   M    M   8 123    18 190
16  60  41  51   2  14   0 0.01    M    0  3.6  8 110   M    M   0 18      M  M
17  70  44  57   8   8   0    T    M    0  7.7 15 190   M    M   9        27 200
18  80  45  63  15   2   0 0.00  0.0    M 15.4 24 230   M    M   3        40 240
19  54  31  43  -5  22   0 0.00  0.0    0  5.7 13 330   M    M   0        18 320
20  58  28  43  -4  22   0 0.00  0.0    0  6.3 14 190   M    M   0        17 200
21  63  41  52   5  13   0 0.00  0.0    0  5.9 10 210   M    M   0         M  M
22  49  29  39  -7  26   0 0.00  0.0    0  4.2  8 340   M    M   0         M  M
================================================================================
SM 1306  888       272   8  1.12     0.0 119.9          M      110
================================================================================
AV 62.2 42.3                               5.5 FASTST   M    M   5    MAX(MPH)
                                 MISC ---->  # 24 230               # 40  240
================================================================================
NOTES:
# LAST OF SEVERAL OCCURRENCES

COLUMN 17 PEAK WIND IN M.P.H.

PRELIMINARY LOCAL CLIMATOLOGICAL DATA (WS FORM: F-6) , PAGE 2

                                          STATION:  Batesville Regional Airport
                                          MONTH:    NOVEMBER
                                          YEAR:     2017
                                          LATITUDE:   35 43 N
                                          LONGITUDE:  91 39 W

[TEMPERATURE DATA]      [PRECIPITATION DATA]       SYMBOLS USED IN COLUMN 16

AVERAGE MONTHLY: 52.2   TOTAL FOR MONTH:   1.12    1 = FOG OR MIST
DPTR FM NORMAL:   1.3   DPTR FM NORMAL:   -2.55    2 = FOG REDUCING VISIBILITY
HIGHEST:    80 ON 18    GRTST 24HR  0.37 ON  6- 6      TO 1/4 MILE OR LESS
LOWEST:     28 ON 20                               3 = THUNDER
                        SNOW, ICE PELLETS, HAIL    4 = ICE PELLETS
                        TOTAL MONTH:   0.0 INCH    5 = HAIL
                        GRTST 24HR     0.0         6 = FREEZING RAIN OR DRIZZLE
                        GRTST DEPTH:   0           7 = DUSTSTORM OR SANDSTORM:
                                                       VSBY 1/2 MILE OR LESS
                                                   8 = SMOKE OR HAZE
[NO. OF DAYS WITH]      [WEATHER - DAYS WITH]      9 = BLOWING SNOW
                                                   X = TORNADO
MAX 32 OR BELOW:   0    0.01 INCH OR MORE:   7
MAX 90 OR ABOVE:   0    0.10 INCH OR MORE:   3
MIN 32 OR BELOW:   4    0.50 INCH OR MORE:   0
MIN  0 OR BELOW:   0    1.00 INCH OR MORE:   0

[HDD (BASE 65) ]
TOTAL THIS MO.   272    CLEAR  (SCALE 0-3)   7
DPTR FM NORMAL   -44    PTCLDY (SCALE 4-7)   8
TOTAL FM JUL 1   437    CLOUDY (SCALE 8-10)  7
DPTR FM NORMAL   -96

[CDD (BASE 65) ]
TOTAL THIS MO.     8
DPTR FM NORMAL     8    [PRESSURE DATA]
TOTAL FM JAN 1  1731    HIGHEST SLP M ON M
DPTR FM NORMAL    -7    LOWEST  SLP M ON M

[REMARKS]
