000
CXUS51 KLWX 220620
CF6BWI
PRELIMINARY LOCAL CLIMATOLOGICAL DATA (WS FORM: F-6)

                                          STATION:   BALTIMORE MD
                                          MONTH:     AUGUST
                                          YEAR:      2014
                                          LATITUDE:   39 10 N
                                          LONGITUDE:  76 40 W

  TEMPERATURE IN F:       :PCPN:    SNOW:  WIND      :SUNSHINE: SKY     :PK WND
================================================================================
1   2   3   4   5  6A  6B    7    8   9   10  11  12  13   14  15   16   17  18
                                     12Z  AVG MX 2MIN
DY MAX MIN AVG DEP HDD CDD  WTR  SNW DPTH SPD SPD DIR MIN PSBL S-S WX    SPD DR
================================================================================

 1  81  66  74  -3   0   9 0.09  0.0    0  3.8 13 220   M    M   9 1      18 230
 2  79  65  72  -4   0   7 0.20  0.0    0  5.6 13  70   M    M   9 1      20  40
 3  79  65  72  -4   0   7 0.53  0.0    0  5.9 20 280   M    M   8 13     26 270
 4  84  61  73  -3   0   8 0.00  0.0    0  2.8 10 320   M    M   5 1      20 280
 5  89  63  76   0   0  11    T  0.0    0  1.8 15 320   M    M   4 18     21 320
 6  82  64  73  -3   0   8    T  0.0    0  3.5 10 320   M    M   7 1      20 360
 7  84  64  74  -2   0   9 0.00  0.0    0  4.4 14 310   M    M   4        22  10
 8  84  59  72  -4   0   7 0.00  0.0    0  2.8 10 140   M    M   7 8      23  20
 9  84  60  72  -4   0   7 0.00  0.0    0  3.7 13  70   M    M   6        16  60
10  86  63  75  -1   0  10 0.00  0.0    0  3.3 12 150   M    M   4 18     18  90
11  83  61  72  -4   0   7 0.01  0.0    0  4.0 15 120   M    M   8 18     22 130
12  76  67  72  -4   0   7 6.30  0.0    0  5.4 23  30   M    M   8 123    29  20
13  82  63  73  -3   0   8 0.00  0.0    0  9.8 21 270   M    M   5 1      28 270
14  81  58  70  -6   0   5 0.00  0.0    0  6.7 21 280   M    M   3        26 320
15  78  54  66 -10   0   1 0.00  0.0    0  3.9 14 310   M    M   4        24 340
16  82  55  69  -6   0   4 0.00  0.0    0  2.5 13 280   M    M   6        17 310
17  87  62  75   0   0  10 0.00  0.0    0  5.0 16 280   M    M   7        23 280
18  80  64  72  -3   0   7 0.00  0.0    0  3.8  9  90   M    M   7        12 100
19  82  68  75   0   0  10 0.00  0.0    0  6.5 14 100   M    M   7        18  60
20  84  64  74  -1   0   9 0.01  0.0    0  2.4 15 150   M    M   7        20 150
21  87  64  76   1   0  11 0.01  0.0    0  1.9 10 220   M    M   7 1      17 360
================================================================================
SM 1734 1310         0 162  7.15     0.0  89.5          M      132
================================================================================
AV 82.6 62.4                               4.3 FASTST   M    M   6    MAX(MPH)
                                 MISC ---->  # 23  30               # 29   20
================================================================================
NOTES:
# LAST OF SEVERAL OCCURRENCES

COLUMN 17 PEAK WIND IN M.P.H.

PRELIMINARY LOCAL CLIMATOLOGICAL DATA (WS FORM: F-6) , PAGE 2

                                          STATION:  BALTIMORE MD
                                          MONTH:    AUGUST
                                          YEAR:     2014
                                          LATITUDE:   39 10 N
                                          LONGITUDE:  76 40 W

[TEMPERATURE DATA]      [PRECIPITATION DATA]       SYMBOLS USED IN COLUMN 16

AVERAGE MONTHLY: 72.5   TOTAL FOR MONTH:   7.15    1 = FOG OR MIST
DPTR FM NORMAL:  -3.3   DPTR FM NORMAL:    4.87    2 = FOG REDUCING VISIBILITY
HIGHEST:    89 ON  5    GRTST 24HR  6.31 ON 11-12      TO 1/4 MILE OR LESS
LOWEST:     54 ON 15                               3 = THUNDER
                        SNOW, ICE PELLETS, HAIL    4 = ICE PELLETS
                        TOTAL MONTH:   0.0 INCH    5 = HAIL
                        GRTST 24HR     0.0         6 = FREEZING RAIN OR DRIZZLE
                        GRTST DEPTH:   0           7 = DUSTSTORM OR SANDSTORM:
                                                       VSBY 1/2 MILE OR LESS
                                                   8 = SMOKE OR HAZE
[NO. OF DAYS WITH]      [WEATHER - DAYS WITH]      9 = BLOWING SNOW
                                                   X = TORNADO
MAX 32 OR BELOW:   0    0.01 INCH OR MORE:   7
MAX 90 OR ABOVE:   0    0.10 INCH OR MORE:   3
MIN 32 OR BELOW:   0    0.50 INCH OR MORE:   2
MIN  0 OR BELOW:   0    1.00 INCH OR MORE:   1

[HDD (BASE 65) ]
TOTAL THIS MO.     0    CLEAR  (SCALE 0-3)   0
DPTR FM NORMAL     0    PTCLDY (SCALE 4-7)  19
TOTAL FM JUL 1     0    CLOUDY (SCALE 8-10)  2
DPTR FM NORMAL     0

[CDD (BASE 65) ]
TOTAL THIS MO.   162
DPTR FM NORMAL   -64    [PRESSURE DATA]
TOTAL FM JAN 1   838    HIGHEST SLP M ON M
DPTR FM NORMAL   -82    LOWEST  SLP 29.74 ON 13

[REMARKS]
