000
CXUS55 KPIH 301200
CF6BYI

PRELIMINARY LOCAL CLIMATOLOGICAL DATA (WS FORM: F-6)

                                          STATION:   BURLEY ID
                                          MONTH:     JULY
                                          YEAR:      2016
                                          LATITUDE:   42 32 N
                                          LONGITUDE: 113 46 W

  TEMPERATURE IN F:       :PCPN:    SNOW:  WIND      :SUNSHINE: SKY     :PK WND
================================================================================
1   2   3   4   5  6A  6B    7    8   9   10  11  12  13   14  15   16   17  18
                                     12Z  AVG MX 2MIN
DY MAX MIN AVG DEP HDD CDD  WTR  SNW DPTH SPD SPD DIR MIN PSBL S-S WX    SPD DR
================================================================================

 1  88  53  71   5   0   6 0.00    M    M  3.9 12 210   M    M   0        15 220
 2  88  56  72   5   0   7 0.00    M    M  7.9 15 210   M    M   0        20 210
 3  88  61  75   8   0  10 0.00    M    M  7.8 14 190   M    M   0        18 290
 4  82  58  70   3   0   5 0.00    M    M  9.4 18 260   M    M   0        25 270
 5  78  56  67  -1   0   2 0.00    M    M  8.8 21 250   M    M   0        24 250
 6  74  52  63  -5   2   0 0.00    M    M 10.5 23 250   M    M   1        29 270
 7  83  45  64  -4   1   0 0.00    M    M  4.4 14  80   M    M   0        17  80
 8  85  50  68   0   0   3 0.00    M    M  5.4 14 290   M    M   0        19 280
 9  86  53  70   1   0   5 0.07    M    M  6.1 28 220   M    M   0 3      40 200
10  65  47  56 -13   9   0 0.17    M    M 11.9 37 260   M    M   1 138    52 280
11  70  42  56 -13   9   0 0.00    M    M  7.4 17 260   M    M   0        24 270
12  82  44  63  -6   2   0 0.00    M    M  3.8 13 320   M    M   0        17 320
13  78  48  63  -6   2   0 0.00    M    M  6.6 14 270   M    M   0        20 260
14  84  44  64  -6   1   0 0.00    M    M  4.9 12 290   M    M   0        18 290
15  86  48  67  -3   0   2 0.00    M    M  4.8 15 250   M    M   0        18 250
16  79  52  66  -4   0   1 0.00    M    M 10.9 22 240   M    M   0        28 240
17  92  45  69  -1   0   4 0.00    M    M  4.6 14  50   M    M   0        18  50
18  90  46  68  -2   0   3 0.00    M    M  5.1 14 270   M    M   0        20 280
19  89  52  71   1   0   6 0.00    M    M  4.5 12 260   M    M   0        15 270
20  89  52  71   1   0   6 0.00    M    M  6.2 14 290   M    M   0        20 260
21  95  49  72   2   0   7 0.00    M    M  4.9 12  20   M    M   0        14  40
22  87  57  72   1   0   7 0.00    M    M 10.2 20 290   M    M   0        25 290
23  81  53  67  -4   0   2 0.00    M    M 10.5 20 270   M    M   0        25 270
24  87  48  68  -3   0   3 0.00    M    M  3.7 13 220   M    M   0        15 220
25  93  47  70  -1   0   5 0.00    M    M  3.7 10 260   M    M   0        16 300
26  94  48  71   0   0   6 0.00    M    M  4.4 14 290   M    M   0        21 290
27  95  52  74   3   0   9 0.00    M    M  3.7 10  90   M    M   0        13  80
28  92  53  73   2   0   8 0.00    M    M  5.8 15 270   M    M   0 8      19 240
29  92  54  73   2   0   8 0.00    M    M  6.5 15 250   M    M   0 8      18 270
================================================================================
SM 2472 1465        26 115  0.24    M    188.3          M        2
================================================================================
AV 85.2 50.5                               6.5 FASTST   M    M   0    MAX(MPH)
                                 MISC ---->  # 37 260               # 52  280
================================================================================
NOTES:
# LAST OF SEVERAL OCCURRENCES
PRECIPITATION SUSPECT DURING FREEZING/FROZEN EVENTS

COLUMN 17 PEAK WIND IN M.P.H.

PRELIMINARY LOCAL CLIMATOLOGICAL DATA (WS FORM: F-6) , PAGE 2

                                          STATION:  BURLEY ID
                                          MONTH:    JULY
                                          YEAR:     2016
                                          LATITUDE:   42 32 N
                                          LONGITUDE: 113 46 W

[TEMPERATURE DATA]      [PRECIPITATION DATA]       SYMBOLS USED IN COLUMN 16

AVERAGE MONTHLY: 67.9   TOTAL FOR MONTH:   0.24    1 = FOG OR MIST
DPTR FM NORMAL:  -1.5   DPTR FM NORMAL:   -0.04    2 = FOG REDUCING VISIBILITY
HIGHEST:    95 ON 27,21 GRTST 24HR  0.24 ON  9-10      TO 1/4 MILE OR LESS
LOWEST:     42 ON 11                               3 = THUNDER
                        SNOW, ICE PELLETS, HAIL    4 = ICE PELLETS
                        TOTAL MONTH:    M          5 = HAIL
                        GRTST 24HR    M  ON   M    6 = FREEZING RAIN OR DRIZZLE
                        GRTST DEPTH:  M  ON   M    7 = DUSTSTORM OR SANDSTORM:
                                                       VSBY 1/2 MILE OR LESS
                                                   8 = SMOKE OR HAZE
[NO. OF DAYS WITH]      [WEATHER - DAYS WITH]      9 = BLOWING SNOW
                                                   X = TORNADO
MAX 32 OR BELOW:   0    0.01 INCH OR MORE:   2
MAX 90 OR ABOVE:   8    0.10 INCH OR MORE:   1
MIN 32 OR BELOW:   0    0.50 INCH OR MORE:   0
MIN  0 OR BELOW:   0    1.00 INCH OR MORE:   0

[HDD (BASE 65) ]
TOTAL THIS MO.    26    CLEAR  (SCALE 0-3)  29
DPTR FM NORMAL     6    PTCLDY (SCALE 4-7)   0
TOTAL FM JUL 1    26    CLOUDY (SCALE 8-10)  0
DPTR FM NORMAL     6

[CDD (BASE 65) ]
TOTAL THIS MO.   115
DPTR FM NORMAL   -33    [PRESSURE DATA]
TOTAL FM JAN 1   219    HIGHEST SLP M ON M
DPTR FM NORMAL    18    LOWEST  SLP 25.51 ON 22

[REMARKS]
