000
CXUS54 KHGX 291415
CF6BYY
PRELIMINARY LOCAL CLIMATOLOGICAL DATA (WS FORM: F-6)

                                          STATION:   Bay City
                                          MONTH:     MAY
                                          YEAR:      2016
                                          LATITUDE:   28 58 N
                                          LONGITUDE:  95 52 W

  TEMPERATURE IN F:       :PCPN:    SNOW:  WIND      :SUNSHINE: SKY     :PK WND
================================================================================
1   2   3   4   5  6A  6B    7    8   9   10  11  12  13   14  15   16   17  18
                                     12Z  AVG MX 2MIN
DY MAX MIN AVG DEP HDD CDD  WTR  SNW DPTH SPD SPD DIR MIN PSBL S-S WX    SPD DR
================================================================================

 1  87  75  81   M   0  16 0.02  0.0    0  6.2 13 100   M    M  10 18     18 100
 2  76  63  70   M   0   5 0.07  0.0    0  9.7 18  10   M    M   8 1      29  10
 3  77  60  69   M   0   4 0.00  0.0    0  7.9 14 360   M    M   4        17 360
 4  83  54  69   M   0   4 0.00  0.0    0  4.4 13 310   M    M   0         M  M
 5  87  61  74   M   0   9 0.00  0.0    0  4.2 10 340   M    M   0        17 330
 6  83  56  70   M   0   5 0.00  0.0    0  4.2 12 190   M    M   1        16 190
 7  81  57  69   M   0   4 0.00  0.0    0  6.3 15 170   M    M   1        21 130
 8  78  69  74   M   0   9 0.00  0.0    0  8.8 17 160   M    M   4        24 130
 9  82  71  77   M   0  12 0.01  0.0    0 11.7 22 190   M    M   6 1      31 190
10  85  75  80   M   0  15 0.00  0.0    0 10.1 16 160   M    M   9 1      23 150
11  86  73  80   M   0  15 0.03  0.0    0  7.0 18 170   M    M   6 1      24 170
12  89  72  81   M   0  16 0.00  0.0    0  4.0 10 160   M    M   6 1       M  M
13  90  70  80   M   0  15 0.18  0.0    0  2.2 14 100   M    M   3 12     20 100
14  87  69  78   M   0  13 0.00  0.0    0  3.4 12 190   M    M   4 1       M  M
15  82  69  76   M   0  11 0.42  0.0    0  4.1  8  70   M    M   6 1       M  M
16  79  70  75   M   0  10 1.01  0.0    0  8.4 16  80   M    M   8 1      22  80
17  84  69  77   M   0  12    T  0.0    0  3.0 13  30   M    M   6 12     18  30
18  84  68  76   M   0  11 0.37  0.0    0  4.8 14 310   M    M   6        18 310
19  77  67  72   M   0   7 1.72  0.0    0  6.8 14  20   M    M   9 1      31 330
20  85  67  76   M   0  11 0.00  0.0    0  4.7  8  40   M    M   7 1       M  M
21  87  71  79   M   0  14 1.22  0.0    0  5.6 12 100   M    M   8 1       M  M
22  76  70  73   M   0   8 0.00  0.0    0  1.4  5  60   M    M   8 12      M  M
23   M   M   M   M   M   M    M    M    M   M   M   M   M    M   M         M  M
24  87  79  83   M   0  18 0.00  0.0    M  9.9 14 130   M    M   6        21 140
25  88  79  84   M   0  19 0.00  0.0    0  9.3 16 170   M    M   8 1      21 160
26  86  80  83   M   0  18 0.00  0.0    0 12.4 22 150   M    M   9        29 150
27  86  67  77   M   0  12 0.80  0.0    0 12.6 27 160   M    M   8        32 160
28  87  70  79   M   0  14 0.00  0.0    0  6.7 15 190   M    M   1        20 190
================================================================================
SM 2259 1851         0 307  5.85     0.0 179.8          M      152
================================================================================
AV 83.7 68.6                               6.7 FASTST   M    M   6    MAX(MPH)
                                 MISC ---->  # 27 160                 32    M
================================================================================
NOTES:
# LAST OF SEVERAL OCCURRENCES

COLUMN 17 PEAK WIND IN M.P.H.

PRELIMINARY LOCAL CLIMATOLOGICAL DATA (WS FORM: F-6) , PAGE 2

                                          STATION:  Bay City
                                          MONTH:    MAY
                                          YEAR:     2016
                                          LATITUDE:   28 58 N
                                          LONGITUDE:  95 52 W

[TEMPERATURE DATA]      [PRECIPITATION DATA]       SYMBOLS USED IN COLUMN 16

AVERAGE MONTHLY: 76.1   TOTAL FOR MONTH:   5.85    1 = FOG OR MIST
DPTR FM NORMAL:     M   DPTR FM NORMAL:       M    2 = FOG REDUCING VISIBILITY
HIGHEST:    90 ON 13    GRTST 24HR  1.72 ON 19-19      TO 1/4 MILE OR LESS
LOWEST:     54 ON  4                               3 = THUNDER
                        SNOW, ICE PELLETS, HAIL    4 = ICE PELLETS
                        TOTAL MONTH:   0.0 INCH    5 = HAIL
                        GRTST 24HR     0.0         6 = FREEZING RAIN OR DRIZZLE
                        GRTST DEPTH:   0           7 = DUSTSTORM OR SANDSTORM:
                                                       VSBY 1/2 MILE OR LESS
                                                   8 = SMOKE OR HAZE
[NO. OF DAYS WITH]      [WEATHER - DAYS WITH]      9 = BLOWING SNOW
                                                   X = TORNADO
MAX 32 OR BELOW:   0    0.01 INCH OR MORE:  11
MAX 90 OR ABOVE:   1    0.10 INCH OR MORE:   7
MIN 32 OR BELOW:   0    0.50 INCH OR MORE:   4
MIN  0 OR BELOW:   0    1.00 INCH OR MORE:   3

[HDD (BASE 65) ]
TOTAL THIS MO.     0    CLEAR  (SCALE 0-3)   5
DPTR FM NORMAL     M    PTCLDY (SCALE 4-7)  16
TOTAL FM JUL 1   832    CLOUDY (SCALE 8-10)  6
DPTR FM NORMAL     M

[CDD (BASE 65) ]
TOTAL THIS MO.   307
DPTR FM NORMAL     M    [PRESSURE DATA]
TOTAL FM JAN 1   668    HIGHEST SLP M ON M
DPTR FM NORMAL     M    LOWEST  SLP M ON M

[REMARKS]
