000
CXUS54 KHGX 231515
CF6BYY
PRELIMINARY LOCAL CLIMATOLOGICAL DATA (WS FORM: F-6)

                                          STATION:   Bay City
                                          MONTH:     MARCH
                                          YEAR:      2017
                                          LATITUDE:   28 58 N
                                          LONGITUDE:  95 52 W

  TEMPERATURE IN F:       :PCPN:    SNOW:  WIND      :SUNSHINE: SKY     :PK WND
================================================================================
1   2   3   4   5  6A  6B    7    8   9   10  11  12  13   14  15   16   17  18
                                     12Z  AVG MX 2MIN
DY MAX MIN AVG DEP HDD CDD  WTR  SNW DPTH SPD SPD DIR MIN PSBL S-S WX    SPD DR
================================================================================

 1  83  61  72   M   0   7 0.00  0.0    0 10.9 18 340   M    M   6 1      24 340
 2  67  51  59   M   6   0 0.00  0.0    0  8.3 20  70   M    M   1        24  70
 3  70  47  59   M   6   0 0.00  0.0    0  8.3 16  80   M    M   3        24  80
 4  69  56  63   M   2   0 0.04  0.0    0  8.1 14  80   M    M   7        17  80
 5  76  65  71   M   0   6 0.09  0.0    0 11.2 15 160   M    M  10 1      21 100
 6  79  70  75   M   0  10 0.00  0.0    0 13.3 22 160   M    M  10 18     28 160
 7  83  64  74   M   0   9 0.00  0.0    0  8.6 14  50   M    M   9 1      18 350
 8  77  62  70   M   0   5 0.00  0.0    0  8.4 13 100   M    M   9 1       M  M
 9  80  68  74   M   0   9 0.00  0.0    0  6.8 16 160   M    M   7 1      20 160
10  75  66  71   M   0   6 0.14  0.0    0  3.8  8 150   M    M   8         M  M
11  71  64  68   M   0   3 0.76  0.0    0  6.7 10 100   M    M  10 1      17 100
12  66  53  60   M   5   0 0.01  0.0    0  9.1 15  30   M    M  10 1      23  20
13  68  52  60   M   5   0 0.00  0.0    0  6.6 13 350   M    M   6        17 350
14  70  47  59   M   6   0 0.00  0.0    0  2.8  9 160   M    M   0         M  M
15  73  45  59   M   6   0 0.00  0.0    0  5.4 14 130   M    M   1        16 120
16  78  58  68   M   0   3 0.00  0.0    0  9.4 17 170   M    M   7        24 170
17  77  66  72   M   0   7 0.00  0.0    0 10.7 17 170   M    M   4        25 170
18  81  62  72   M   0   7 0.00  0.0    0  5.4 13 170   M    M   4 1       M  M
19  81  58  70   M   0   5 0.00  0.0    0  4.0 12 160   M    M   7 1       M  M
20  82  64  73   M   0   8 0.00  0.0    0  7.3 14 200   M    M   2        18 200
21  81  61  71   M   0   6 0.00  0.0    0  6.9 15 190   M    M   4 1      20 180
22  81  60  71   M   0   6 0.00  0.0    0  5.5 12 160   M    M   4 2       M  M
================================================================================
SM 1668 1300        36  97  1.04     0.0 167.5          M      129
================================================================================
AV 75.8 59.1                               7.6 FASTST   M    M   6    MAX(MPH)
                                 MISC ---->  # 22 160               # 28  160
================================================================================
NOTES:
# LAST OF SEVERAL OCCURRENCES

COLUMN 17 PEAK WIND IN M.P.H.

PRELIMINARY LOCAL CLIMATOLOGICAL DATA (WS FORM: F-6) , PAGE 2

                                          STATION:  Bay City
                                          MONTH:    MARCH
                                          YEAR:     2017
                                          LATITUDE:   28 58 N
                                          LONGITUDE:  95 52 W

[TEMPERATURE DATA]      [PRECIPITATION DATA]       SYMBOLS USED IN COLUMN 16

AVERAGE MONTHLY: 67.5   TOTAL FOR MONTH:   1.04    1 = FOG OR MIST
DPTR FM NORMAL:     M   DPTR FM NORMAL:       M    2 = FOG REDUCING VISIBILITY
HIGHEST:    83 ON  7, 1 GRTST 24HR  0.76 ON 11-11      TO 1/4 MILE OR LESS
LOWEST:     45 ON 15                               3 = THUNDER
                        SNOW, ICE PELLETS, HAIL    4 = ICE PELLETS
                        TOTAL MONTH:   0.0 INCH    5 = HAIL
                        GRTST 24HR     0.0         6 = FREEZING RAIN OR DRIZZLE
                        GRTST DEPTH:   0           7 = DUSTSTORM OR SANDSTORM:
                                                       VSBY 1/2 MILE OR LESS
                                                   8 = SMOKE OR HAZE
[NO. OF DAYS WITH]      [WEATHER - DAYS WITH]      9 = BLOWING SNOW
                                                   X = TORNADO
MAX 32 OR BELOW:   0    0.01 INCH OR MORE:   5
MAX 90 OR ABOVE:   0    0.10 INCH OR MORE:   2
MIN 32 OR BELOW:   0    0.50 INCH OR MORE:   1
MIN  0 OR BELOW:   0    1.00 INCH OR MORE:   0

[HDD (BASE 65) ]
TOTAL THIS MO.    36    CLEAR  (SCALE 0-3)   5
DPTR FM NORMAL     M    PTCLDY (SCALE 4-7)  10
TOTAL FM JUL 1   512    CLOUDY (SCALE 8-10)  7
DPTR FM NORMAL     M

[CDD (BASE 65) ]
TOTAL THIS MO.    97
DPTR FM NORMAL     M    [PRESSURE DATA]
TOTAL FM JAN 1   281    HIGHEST SLP M ON M
DPTR FM NORMAL     M    LOWEST  SLP M ON M

[REMARKS]
