000
CXUS51 KCAR 210600
CF6CAR
PRELIMINARY LOCAL CLIMATOLOGICAL DATA (WS FORM: F-6)

                                          STATION:   CARIBOU ME
                                          MONTH:     NOVEMBER
                                          YEAR:      2017
                                          LATITUDE:   46 52 N
                                          LONGITUDE:  68  1 W

  TEMPERATURE IN F:       :PCPN:    SNOW:  WIND      :SUNSHINE: SKY     :PK WND
================================================================================
1   2   3   4   5  6A  6B    7    8   9   10  11  12  13   14  15   16   17  18
                                     12Z  AVG MX 2MIN
DY MAX MIN AVG DEP HDD CDD  WTR  SNW DPTH SPD SPD DIR MIN PSBL S-S WX    SPD DR
================================================================================

 1  46  33  40   3  25   0 0.00  0.0    0  5.8 14 250   M    M   2        20 240
 2  57  37  47  10  18   0 0.62  0.0    0  8.2 16 170   M    M  10 1      21 150
 3  62  40  51  14  14   0 0.19  0.0    0 10.7 21 230   M    M   8 1      29 270
 4  43  28  36   0  29   0 0.00  0.0    0  8.4 20 320   M    M   2        26 330
 5  53  26  40   4  25   0 0.05  0.0    0  9.9 23 180   M    M   7        31 170
 6  61  32  47  11  18   0 0.65  0.0    0 12.1 29 350   M    M   8 1      37 360
 7  34  25  30  -5  35   0    T    T    0  5.1 16 310   M    M   7        21 300
 8  38  20  29  -6  36   0 0.00  0.0    0  1.6  6  60   M    M   0         9  80
 9  42  20  31  -3  34   0 0.00  0.0    0  5.5 16 170   M    M   2        23 180
10  39  18  29  -5  36   0 0.12    T    0 15.5 25 250   M    M   8 13     39 300
11  32  19  26  -8  39   0 0.00  0.0    0 12.0 21 330   M    M   0        36 330
12  33  14  24  -9  41   0 0.00  0.0    0  2.9 12 230   M    M   4        15 190
13  37  13  25  -8  40   0 0.00  0.0    0  1.4  8 210   M    M   4 1      10 210
14  34  20  27  -5  38   0 0.00  0.0    0  5.7 14  10   M    M   6        18  10
15  34  12  23  -9  42   0 0.00  0.0    0  1.8  8 100   M    M   0        10 160
16  37  23  30  -1  35   0 0.28    T    0  5.7 15 170   M    M  10 1      20 160
17  36  24  30  -1  35   0 0.48  0.8    1 16.3 29 310   M    M  10 1      39 310
18  30  19  25  -5  40   0 0.00  0.0    T  6.1 20 320   M    M   5        26 330
19  43  29  36   6  29   0 0.77    T    T  9.2 17 260   M    M  10 1268   29 260
20  30  13  22  -8  43   0    T    T    0 11.9 21 260   M    M   8        31 240
================================================================================
SM  821  465       652   0  3.16     0.8 155.8          M      111
================================================================================
AV 41.1 23.3                               7.8 FASTST   M    M   6    MAX(MPH)
                                 MISC ---->  # 29 350               # 39  300
================================================================================
NOTES:
# LAST OF SEVERAL OCCURRENCES

COLUMN 17 PEAK WIND IN M.P.H.

PRELIMINARY LOCAL CLIMATOLOGICAL DATA (WS FORM: F-6) , PAGE 2

                                          STATION:  CARIBOU ME
                                          MONTH:    NOVEMBER
                                          YEAR:     2017
                                          LATITUDE:   46 52 N
                                          LONGITUDE:  68  1 W

[TEMPERATURE DATA]      [PRECIPITATION DATA]       SYMBOLS USED IN COLUMN 16

AVERAGE MONTHLY: 32.2   TOTAL FOR MONTH:   3.16    1 = FOG OR MIST
DPTR FM NORMAL:  -1.5   DPTR FM NORMAL:    0.73    2 = FOG REDUCING VISIBILITY
HIGHEST:    62 ON  3    GRTST 24HR  0.77 ON 19-19      TO 1/4 MILE OR LESS
LOWEST:     12 ON 15                               3 = THUNDER
                        SNOW, ICE PELLETS, HAIL    4 = ICE PELLETS
                        TOTAL MONTH:   0.8 INCH    5 = HAIL
                        GRTST 24HR   0.8 ON 17-17  6 = FREEZING RAIN OR DRIZZLE
                        GRTST DEPTH:   1 ON 17     7 = DUSTSTORM OR SANDSTORM:
                                                       VSBY 1/2 MILE OR LESS
                                                   8 = SMOKE OR HAZE
[NO. OF DAYS WITH]      [WEATHER - DAYS WITH]      9 = BLOWING SNOW
                                                   X = TORNADO
MAX 32 OR BELOW:   3    0.01 INCH OR MORE:   8
MAX 90 OR ABOVE:   0    0.10 INCH OR MORE:   7
MIN 32 OR BELOW:  17    0.50 INCH OR MORE:   3
MIN  0 OR BELOW:   0    1.00 INCH OR MORE:   0

[HDD (BASE 65) ]
TOTAL THIS MO.   652    CLEAR  (SCALE 0-3)   6
DPTR FM NORMAL    25    PTCLDY (SCALE 4-7)   8
TOTAL FM JUL 1  1336    CLOUDY (SCALE 8-10)  6
DPTR FM NORMAL  -431

[CDD (BASE 65) ]
TOTAL THIS MO.     0
DPTR FM NORMAL     0    [PRESSURE DATA]
TOTAL FM JAN 1   222    HIGHEST SLP M ON M
DPTR FM NORMAL    42    LOWEST  SLP 28.92 ON 19

[REMARKS]
