000
CXUS56 KMTR 251000
CF6CCR
PRELIMINARY LOCAL CLIMATOLOGICAL DATA (WS FORM: F-6)

                                          STATION:   CONCORD AIRPORT
                                          MONTH:     OCTOBER
                                          YEAR:      2014
                                          LATITUDE:   37 58 N
                                          LONGITUDE: 122  3 W

  TEMPERATURE IN F:       :PCPN:    SNOW:  WIND      :SUNSHINE: SKY     :PK WND
================================================================================
1   2   3   4   5  6A  6B    7    8   9   10  11  12  13   14  15   16   17  18
                                     12Z  AVG MX 2MIN
DY MAX MIN AVG DEP HDD CDD  WTR  SNW DPTH SPD SPD DIR MIN PSBL S-S WX    SPD DR
================================================================================

 1  88  53  71   3   0   6 0.00  0.0    0  5.1 15  60   M    M   0        22  60
 2  89  52  71   4   0   6 0.00  0.0    0  4.2 13  20   M    M   0        17 350
 3  94  56  75   8   0  10 0.00  0.0    0  3.9 12  10   M    M   0        14 350
 4  95  56  76   9   0  11 0.00  0.0    0  4.3  9 240   M    M   0        12 360
 5  97  53  75   8   0  10 0.00  0.0    0  3.0 12 330   M    M   0 8      19 330
 6  95  56  76  10   0  11 0.00  0.0    0  3.0  9 300   M    M   0        12 360
 7  90  53  72   6   0   7 0.00  0.0    0  3.8 13 310   M    M   1        15 320
 8  94  54  74   8   0   9 0.00  0.0    0  4.6 23 270   M    M   0        28 270
 9  84  55  70   4   0   5 0.00  0.0    0  6.0 15 240   M    M   0        18 240
10  81  55  68   2   0   3 0.00  0.0    0  8.7 15 300   M    M   0        19 280
11  86  56  71   6   0   6 0.00  0.0    0  6.3 14 190   M    M   0        17 190
12  93  53  73   8   0   8 0.00  0.0    0  2.8 10  20   M    M   0 8      15  10
13  87  53  70   5   0   5 0.00  0.0    0  4.8 15 250   M    M   1        17 250
14  72  54  63  -2   2   0 0.00  0.0    0 11.5 23 220   M    M   5        42 240
15  71  57  64   0   1   0 0.03  0.0    0  7.3 17 200   M    M   6 1      23 290
16  74  51  63  -1   2   0 0.00  0.0    0  5.8 15 330   M    M   1        22 250
17  76  52  64   0   1   0 0.00  0.0    0  4.1 15 350   M    M   5        25 340
18  80  55  68   4   0   3 0.00  0.0    0  5.0 13 290   M    M   0        17 290
19  80  55  68   5   0   3 0.00  0.0    0  6.0 16 300   M    M   1 1      20 330
20  71  54  63   0   2   0    T  0.0    0  8.8 20 240   M    M   6        25 250
21  72  48  60  -3   5   0 0.00  0.0    0  4.7 15 270   M    M   0        19 270
22  76  50  63   1   2   0 0.00  0.0    0  6.0 15 290   M    M   0        19 290
23  75  58  67   5   0   2 0.00  0.0    0  5.1 14 320   M    M   2        16 150
24  74  52  63   1   2   0 0.00  0.0    0  6.2 17 270   M    M   0        20 270
================================================================================
SM 1994 1291        17 105  0.03     0.0 131.0          M       28
================================================================================
AV 83.1 53.8                               5.5 FASTST   M    M   1    MAX(MPH)
                                 MISC ---->  # 23 270               # 42  240
================================================================================
NOTES:
# LAST OF SEVERAL OCCURRENCES

COLUMN 17 PEAK WIND IN M.P.H.

PRELIMINARY LOCAL CLIMATOLOGICAL DATA (WS FORM: F-6) , PAGE 2

                                          STATION:  CONCORD AIRPORT
                                          MONTH:    OCTOBER
                                          YEAR:     2014
                                          LATITUDE:   37 58 N
                                          LONGITUDE: 122  3 W

[TEMPERATURE DATA]      [PRECIPITATION DATA]       SYMBOLS USED IN COLUMN 16

AVERAGE MONTHLY: 68.4   TOTAL FOR MONTH:   0.03    1 = FOG OR MIST
DPTR FM NORMAL:   3.6   DPTR FM NORMAL:   -0.56    2 = FOG REDUCING VISIBILITY
HIGHEST:    97 ON  5    GRTST 24HR  0.03 ON 15-15      TO 1/4 MILE OR LESS
LOWEST:     48 ON 21                               3 = THUNDER
                        SNOW, ICE PELLETS, HAIL    4 = ICE PELLETS
                        TOTAL MONTH:   0.0 INCH    5 = HAIL
                        GRTST 24HR     0.0         6 = FREEZING RAIN OR DRIZZLE
                        GRTST DEPTH:   0           7 = DUSTSTORM OR SANDSTORM:
                                                       VSBY 1/2 MILE OR LESS
                                                   8 = SMOKE OR HAZE
[NO. OF DAYS WITH]      [WEATHER - DAYS WITH]      9 = BLOWING SNOW
                                                   X = TORNADO
MAX 32 OR BELOW:   0    0.01 INCH OR MORE:   1
MAX 90 OR ABOVE:   7    0.10 INCH OR MORE:   0
MIN 32 OR BELOW:   0    0.50 INCH OR MORE:   0
MIN  0 OR BELOW:   0    1.00 INCH OR MORE:   0

[HDD (BASE 65) ]
TOTAL THIS MO.    17    CLEAR  (SCALE 0-3)  20
DPTR FM NORMAL   -32    PTCLDY (SCALE 4-7)   4
TOTAL FM JUL 1    17    CLOUDY (SCALE 8-10)  0
DPTR FM NORMAL   -47

[CDD (BASE 65) ]
TOTAL THIS MO.   105
DPTR FM NORMAL    58    [PRESSURE DATA]
TOTAL FM JAN 1  1112    HIGHEST SLP M ON M
DPTR FM NORMAL   229    LOWEST  SLP 29.81 ON 14

[REMARKS]
