000
CXUS55 KBOU 280828
CF6CCU
PRELIMINARY LOCAL CLIMATOLOGICAL DATA (WS FORM: F-6)

                                          STATION:   COPPER MTN CO
                                          MONTH:     AUGUST
                                          YEAR:      2016
                                          LATITUDE:   39 28 N
                                          LONGITUDE: 106  9 W

  TEMPERATURE IN F:       :PCPN:    SNOW:  WIND      :SUNSHINE: SKY     :PK WND
================================================================================
1   2   3   4   5  6A  6B    7    8   9   10  11  12  13   14  15   16   17  18
                                     12Z  AVG MX 2MIN
DY MAX MIN AVG DEP HDD CDD  WTR  SNW DPTH SPD SPD DIR MIN PSBL S-S WX    SPD DR
================================================================================

 1  70  46  58   M   7   0    M    M    M  6.5 12 180   M    M   4         M  M
 2  68  54  61   M   4   0    M    M    M  8.0 23 120   M    M   7        28 120
 3  73  54  64   M   1   0    M    M    M  8.0 18 310   M    M   5        27 310
 4  59  45  52   M  13   0    M    M    M  5.2 12 170   M    M  10        17 100
 5  59  46  53   M  12   0    M    M    M 10.5 18 190   M    M  10 38     22 160
 6  59  46  53   M  12   0    M    M    M  8.8 16 300   M    M   9 28     24 300
 7  64  45  55   M  10   0    M    M    M  6.7 13 290   M    M   3 3      18 270
 8  61  45  53   M  12   0    M    M    M  8.7 18 280   M    M   4 38     36 300
 9  66  46  56   M   9   0    M    M    M  8.2 16 180   M    M   3 3      39 140
10  63  45  54   M  11   0    M    M    M  7.8 21 180   M    M   5 3      32 180
11  61  45  53   M  12   0    M    M    M  8.4 18 310   M    M   3        28 310
12  61  45  53   M  12   0    M    M    M  8.4 18 310   M    M   1        25 270
13  64  45  55   M  10   0    M    M    M  7.3 23 320   M    M   1        36 320
14  63  46  55   M  10   0    M    M    M  9.0 14 200   M    M   1        24 330
15  64  50  57   M   8   0    M    M    M 10.0 22 290   M    M   4 3      33 290
16  63  46  55   M  10   0    M    M    M  7.6 17 200   M    M   6 3      30 240
17  64  46  55   M  10   0    M    M    M  5.5 16 180   M    M   3 3      23 180
18  55  41  48   M  17   0    M    M    M  7.1 21 300   M    M   4 38     27 300
19  59  41  50   M  15   0    M    M    M  9.8 18 310   M    M   4 3      29 320
20  61  43  52   M  13   0    M    M    M  9.5 18 310   M    M   4        32 290
21  64  46  55   M  10   0    M    M    M  9.4 21 190   M    M   1 3      25 350
22  61  45  53   M  12   0    M    M    M  7.0 22 300   M    M   4        27 300
23  59  37  48   M  17   0    M    M    M  6.2 14 130   M    M   7 3      18 120
24  54  37  46   M  19   0    M    M    M  4.6 13 280   M    M   8 38     21 120
25  52  36  44   M  21   0    M    M    M 10.3 25 280   M    M   5 3      46 280
26  52  37  45   M  20   0    M    M    M  8.0 17 190   M    M   6 13     22 260
27  54  37  46   M  19   0    M    M    M  6.1 20 300   M    M   4        29 300
================================================================================
SM 1653 1195       326   0    M     M    212.6          M      126
================================================================================
AV 61.2 44.3                               7.9 FASTST   M    M   5    MAX(MPH)
                                 MISC ---->    25   M               # 46  280
================================================================================
NOTES:
# LAST OF SEVERAL OCCURRENCES

COLUMN 17 PEAK WIND IN M.P.H.

PRELIMINARY LOCAL CLIMATOLOGICAL DATA (WS FORM: F-6) , PAGE 2

                                          STATION:  COPPER MTN CO
                                          MONTH:    AUGUST
                                          YEAR:     2016
                                          LATITUDE:   39 28 N
                                          LONGITUDE: 106  9 W

[TEMPERATURE DATA]      [PRECIPITATION DATA]       SYMBOLS USED IN COLUMN 16

AVERAGE MONTHLY: 52.7   TOTAL FOR MONTH:      M    1 = FOG OR MIST
DPTR FM NORMAL:     M   DPTR FM NORMAL:       M    2 = FOG REDUCING VISIBILITY
HIGHEST:    73 ON  3    GRTST 24HR    M  ON   M        TO 1/4 MILE OR LESS
LOWEST:     36 ON 25                               3 = THUNDER
                        SNOW, ICE PELLETS, HAIL    4 = ICE PELLETS
                        TOTAL MONTH:    M          5 = HAIL
                        GRTST 24HR    M  ON   M    6 = FREEZING RAIN OR DRIZZLE
                        GRTST DEPTH:  M  ON   M    7 = DUSTSTORM OR SANDSTORM:
                                                       VSBY 1/2 MILE OR LESS
                                                   8 = SMOKE OR HAZE
[NO. OF DAYS WITH]      [WEATHER - DAYS WITH]      9 = BLOWING SNOW
                                                   X = TORNADO
MAX 32 OR BELOW:   0    0.01 INCH OR MORE:   0
MAX 90 OR ABOVE:   0    0.10 INCH OR MORE:   0
MIN 32 OR BELOW:   0    0.50 INCH OR MORE:   0
MIN  0 OR BELOW:   0    1.00 INCH OR MORE:   0

[HDD (BASE 65) ]
TOTAL THIS MO.   326    CLEAR  (SCALE 0-3)   5
DPTR FM NORMAL     M    PTCLDY (SCALE 4-7)  19
TOTAL FM JUL 1   539    CLOUDY (SCALE 8-10)  3
DPTR FM NORMAL     M

[CDD (BASE 65) ]
TOTAL THIS MO.     0
DPTR FM NORMAL     M    [PRESSURE DATA]
TOTAL FM JAN 1     8    HIGHEST SLP M ON M
DPTR FM NORMAL     M    LOWEST  SLP M ON M

[REMARKS]
