000
CXUS53 KARX 260930
CF6CCY
PRELIMINARY LOCAL CLIMATOLOGICAL DATA (WS FORM: F-6)

                                          STATION:   CHARLES_CITY IA
                                          MONTH:     MAY
                                          YEAR:      2016
                                          LATITUDE:   43  4 N
                                          LONGITUDE:  92 37 W

  TEMPERATURE IN F:       :PCPN:    SNOW:  WIND      :SUNSHINE: SKY     :PK WND
================================================================================
1   2   3   4   5  6A  6B    7    8   9   10  11  12  13   14  15   16   17  18
                                     12Z  AVG MX 2MIN
DY MAX MIN AVG DEP HDD CDD  WTR  SNW DPTH SPD SPD DIR MIN PSBL S-S WX    SPD DR
================================================================================

 1  52  43  48  -6  17   0 0.04  0.0    0 10.9 20  60   M    M   9        24  50
 2  61  41  51  -4  14   0 0.00  0.0    0  3.8  8 360   M    M   5         M  M
 3  68  45  57   2   8   0 0.00  0.0    0 13.0 23 270   M    M   3        31 280
 4  66  45  56   0   9   0 0.00  0.0    0 15.5 28 340   M    M   0        36 340
 5  72  37  55  -1  10   0 0.04  0.0    0  5.0 10 230   M    M   2        13 190
 6  90  46  68  12   0   3 0.00  0.0    0 13.6 23 230   M    M   1        35 250
 7  72  50  61   5   4   0 0.00  0.0    0 14.0 22  20   M    M   2 8      30 350
 8  73  43  58   1   7   0 0.00  0.0    0  7.3 15 130   M    M   2        18 120
 9  61  54  58   1   7   0 0.23  0.0    0 17.0 27 100   M    M  10 1      32 110
10  61  52  57   0   8   0 0.03  0.0    0 11.3 15 100   M    M  10 1      20 100
11  61  50  56  -2   9   0 0.15  0.0    0  7.1 12  80   M    M  10 12      M  M
12  57  46  52  -6  13   0 0.00  0.0    0 12.1 21 280   M    M   6 2      29 280
13  54  41  48 -10  17   0 0.27  0.0    0 12.0 25 320   M    M   6 1      29 320
14  52  36  44 -15  21   0 0.00  0.0    0 17.8 27 320   M    M   4        36 320
15  64  32  48 -11  17   0 0.00  0.0    0  7.7 16 300   M    M   3        24 280
16  70  48  59   0   6   0 0.03  0.0    0 10.1 17 220   M    M   5        24 240
17  64  48  56  -4   9   0 0.00  0.0    0  9.1 14  70   M    M   3        23  70
18  68  39  54  -6  11   0 0.00  0.0    0  5.2 10 140   M    M   0        17 140
19  72  46  59  -1   6   0 0.00  0.0    0  9.2 15 140   M    M   0        23 170
20  75  54  65   5   0   0 0.00  0.0    0  8.4 17 140   M    M   4        22 140
21  77  50  64   3   1   0 0.00  0.0    0  4.9 12 340   M    M   1        17 350
22  82  52  67   6   0   2 0.00  0.0    0  8.5 21 160   M    M   0        27 160
23  86  59  73  12   0   8 0.15  0.0    0 13.4 23 190   M    M   6        31 180
24  82  63  73  11   0   8 0.00  0.0    0  4.3 13 210   M    M   2        14 240
25  79  63  71   9   0   6 0.00  0.0    0  9.6 17 190   M    M   4 1      18 220
================================================================================
SM 1719 1183       194  27  0.94     0.0 250.8          M       98
================================================================================
AV 68.8 47.3                              10.0 FASTST   M    M   4    MAX(MPH)
                                 MISC ---->    28   M                 36    M
================================================================================
NOTES:
# LAST OF SEVERAL OCCURRENCES

COLUMN 17 PEAK WIND IN M.P.H.

PRELIMINARY LOCAL CLIMATOLOGICAL DATA (WS FORM: F-6) , PAGE 2

                                          STATION:  CHARLES_CITY IA
                                          MONTH:    MAY
                                          YEAR:     2016
                                          LATITUDE:   43  4 N
                                          LONGITUDE:  92 37 W

[TEMPERATURE DATA]      [PRECIPITATION DATA]       SYMBOLS USED IN COLUMN 16

AVERAGE MONTHLY: 58.0   TOTAL FOR MONTH:   0.94    1 = FOG OR MIST
DPTR FM NORMAL:  -0.2   DPTR FM NORMAL:   -2.68    2 = FOG REDUCING VISIBILITY
HIGHEST:    90 ON  6    GRTST 24HR  0.27 ON 13-13      TO 1/4 MILE OR LESS
LOWEST:     32 ON 15                               3 = THUNDER
                        SNOW, ICE PELLETS, HAIL    4 = ICE PELLETS
                        TOTAL MONTH:   0.0 INCH    5 = HAIL
                        GRTST 24HR     0.0         6 = FREEZING RAIN OR DRIZZLE
                        GRTST DEPTH:   0           7 = DUSTSTORM OR SANDSTORM:
                                                       VSBY 1/2 MILE OR LESS
                                                   8 = SMOKE OR HAZE
[NO. OF DAYS WITH]      [WEATHER - DAYS WITH]      9 = BLOWING SNOW
                                                   X = TORNADO
MAX 32 OR BELOW:   0    0.01 INCH OR MORE:   8
MAX 90 OR ABOVE:   1    0.10 INCH OR MORE:   4
MIN 32 OR BELOW:   1    0.50 INCH OR MORE:   0
MIN  0 OR BELOW:   0    1.00 INCH OR MORE:   0

[HDD (BASE 65) ]
TOTAL THIS MO.   194    CLEAR  (SCALE 0-3)  13
DPTR FM NORMAL     4    PTCLDY (SCALE 4-7)   8
TOTAL FM JUL 1  6109    CLOUDY (SCALE 8-10)  4
DPTR FM NORMAL -1180

[CDD (BASE 65) ]
TOTAL THIS MO.    27
DPTR FM NORMAL     5    [PRESSURE DATA]
TOTAL FM JAN 1    34    HIGHEST SLP M ON M
DPTR FM NORMAL     6    LOWEST  SLP M ON M

[REMARKS]
