000
CXUS53 KARX 290930
CF6CCY
PRELIMINARY LOCAL CLIMATOLOGICAL DATA (WS FORM: F-6)

                                          STATION:   CHARLES_CITY IA
                                          MONTH:     MARCH
                                          YEAR:      2015
                                          LATITUDE:   43  4 N
                                          LONGITUDE:  92 37 W

  TEMPERATURE IN F:       :PCPN:    SNOW:  WIND      :SUNSHINE: SKY     :PK WND
================================================================================
1   2   3   4   5  6A  6B    7    8   9   10  11  12  13   14  15   16   17  18
                                     12Z  AVG MX 2MIN
DY MAX MIN AVG DEP HDD CDD  WTR  SNW DPTH SPD SPD DIR MIN PSBL S-S WX    SPD DR
================================================================================

 1  23   9  16 -12  49   0 0.00  0.0    8 10.2 16 290   M    M   5 1      20 280
 2  23   1  12 -16  53   0 0.00  0.0    7  7.2 14 140   M    M   5 1       M  M
 3  32   9  21  -7  44   0 0.01  0.0    7 15.9 24 310   M    M   8 16     35 320
 4  12   0   6 -23  59   0 0.00  0.0    7 14.6 24 320   M    M   4        28 320
 5  10 -13  -1 -30  66   0 0.00  0.0    6  7.7 15 160   M    M   0         M  M
 6  36   1  19 -11  46   0 0.00  0.0    6 10.5 16 180   M    M   3         M  M
 7  43  25  34   4  31   0 0.00  0.0    5 10.1 20 290   M    M   3        24 310
 8  46  30  38   7  27   0    T    T    4  8.0 13 240   M    M   5 1       M  M
 9  50  30  40   9  25   0 0.00  0.0    1  9.4 17 210   M    M   0         M  M
10  61  32  47  15  18   0 0.00  0.0    0 10.0 15 250   M    M   1 1      18 230
11  55  32  44  12  21   0 0.00  0.0    0  7.4 12 160   M    M   0         M  M
12  61  36  49  17  16   0 0.00  0.0    0 13.7 22 170   M    M   0 1      30 170
13  64  39  52  19  13   0 0.00  0.0    0 12.5 17 320   M    M   3 12     24 320
14  57  32  45  11  20   0 0.00  0.0    0  9.7 16 320   M    M   0        24 330
15  64  34  49  15  16   0 0.00  0.0    0 12.7 23 230   M    M   0        32 200
16  75  41  58  24   7   0 0.00  0.0    0 14.9 23 280   M    M   1        32 350
17  43  32  38   3  27   0 0.00  0.0    0 13.3 24 360   M    M   6        32 360
18  43  32  38   3  27   0 0.00  0.0    0  4.6  8  50   M    M   8        14 120
19  46  34  40   4  25   0 0.00  0.0    0 10.6 18 160   M    M   9        17 170
20  57  32  45   9  20   0 0.00  0.0    0  9.9 15 210   M    M   2 1      21 280
21  46  30  38   1  27   0 0.00  0.0    0 12.2 22 330   M    M   2        33 330
22  36  30  33  -4  32   0 0.02    M    0 16.4 24  90   M    M   8 1      31  80
23  32  27  30  -8  35   0 0.07    M    2 12.3 20  70   M    M  10        29  70
24  36  27  32  -6  33   0 0.28    M    1 14.6 23 120   M    M   9 1      28 140
25  39  28  34  -5  31   0 0.11  0.0    2 12.2 23 300   M    M   9 1      30 290
26  36  28  32  -7  33   0 0.00  0.0    M 14.5 21 340   M    M   5        25 320
27  34  19  27 -13  38   0 0.00  0.0    M  7.3 13 350   M    M   2        14  99
28  43  21  32  -8  33   0 0.00  0.0    0  9.8 17 160   M    M   4        21 150
================================================================================
SM 1203  678       872   0  0.49    T    312.2          M      112
================================================================================
AV 43.0 24.2                              11.1 FASTST   M    M   4    MAX(MPH)
                                 MISC ---->    24   M               # 35  320
================================================================================
NOTES:
# LAST OF SEVERAL OCCURRENCES

COLUMN 17 PEAK WIND IN M.P.H.

PRELIMINARY LOCAL CLIMATOLOGICAL DATA (WS FORM: F-6) , PAGE 2

                                          STATION:  CHARLES_CITY IA
                                          MONTH:    MARCH
                                          YEAR:     2015
                                          LATITUDE:   43  4 N
                                          LONGITUDE:  92 37 W

[TEMPERATURE DATA]      [PRECIPITATION DATA]       SYMBOLS USED IN COLUMN 16

AVERAGE MONTHLY: 33.6   TOTAL FOR MONTH:   0.49    1 = FOG OR MIST
DPTR FM NORMAL:  -0.2   DPTR FM NORMAL:   -1.14    2 = FOG REDUCING VISIBILITY
HIGHEST:    75 ON 16    GRTST 24HR  0.28 ON 24-24      TO 1/4 MILE OR LESS
LOWEST:    -13 ON  5                               3 = THUNDER
                        SNOW, ICE PELLETS, HAIL    4 = ICE PELLETS
                        TOTAL MONTH:    T          5 = HAIL
                        GRTST 24HR    T  ON  8- 8  6 = FREEZING RAIN OR DRIZZLE
                        GRTST DEPTH:   8 ON  1     7 = DUSTSTORM OR SANDSTORM:
                                                       VSBY 1/2 MILE OR LESS
                                                   8 = SMOKE OR HAZE
[NO. OF DAYS WITH]      [WEATHER - DAYS WITH]      9 = BLOWING SNOW
                                                   X = TORNADO
MAX 32 OR BELOW:   6    0.01 INCH OR MORE:   5
MAX 90 OR ABOVE:   0    0.10 INCH OR MORE:   2
MIN 32 OR BELOW:  23    0.50 INCH OR MORE:   0
MIN  0 OR BELOW:   2    1.00 INCH OR MORE:   0

[HDD (BASE 65) ]
TOTAL THIS MO.   872    CLEAR  (SCALE 0-3)  14
DPTR FM NORMAL    -4    PTCLDY (SCALE 4-7)  10
TOTAL FM JUL 1  6727    CLOUDY (SCALE 8-10)  4
DPTR FM NORMAL   211

[CDD (BASE 65) ]
TOTAL THIS MO.     0
DPTR FM NORMAL     0    [PRESSURE DATA]
TOTAL FM JAN 1     0    HIGHEST SLP M ON M
DPTR FM NORMAL     0    LOWEST  SLP M ON M

[REMARKS]
