000
CXAK56 PAFC 221426
CF6CDB

PRELIMINARY LOCAL CLIMATOLOGICAL DATA (WS FORM: F-6)

                                          STATION:   COLD BAY
                                          MONTH:     NOVEMBER
                                          YEAR:      2017
                                          LATITUDE:   55 13 N
                                          LONGITUDE: 162 44 W

  TEMPERATURE IN F:       :PCPN:    SNOW:  WIND      :SUNSHINE: SKY     :PK WND
================================================================================
1   2   3   4   5  6A  6B    7    8   9   10  11  12  13   14  15   16   17  18
                                     12Z  AVG MX 2MIN
DY MAX MIN AVG DEP HDD CDD  WTR  SNW DPTH SPD SPD DIR MIN PSBL S-S WX    SPD DR
================================================================================

 1  44  32  38   1  27   0 0.00  0.0    0  2.1  8 150   M    M   8 12      M  M
 2  46  33  40   3  25   0 0.00  0.0    0 11.4 21 150   M    M   7 1      28 150
 3  45  34  40   4  25   0 0.00  0.0    0 12.4 20 160   M    M   7         M  M
 4  44  39  42   6  23   0 0.07  0.0    0 11.4 18 350   M    M  10 1      27 350
 5  42  38  40   4  25   0 0.01    T    0 13.5 20 360   M    M  10 1      23 360
 6  47  29  38   2  27   0 0.00  0.0    0  7.4 20 350   M    M   1         M  M
 7  44  32  38   2  27   0 0.12  0.0    0 13.6 29 280   M    M   7 1      35 280
 8  46  35  41   5  24   0 0.02  0.0    0  9.2 18 240   M    M   6 1      23 240
 9  43  35  39   4  26   0 0.08  0.0    0 17.2 32 320   M    M   9 1      39 320
10  44  36  40   5  25   0 0.01  0.0    0 18.9 24 290   M    M   9 1      35 310
11  45  39  42   7  23   0 0.00  0.0    0 10.7 21 300   M    M   9 1      30 300
12  44  38  41   6  24   0 0.00  0.0    0  8.6 13 280   M    M  10         M  M
13  42  30  36   1  29   0 0.06  0.0    0  6.6 15 350   M    M   8 1      20 220
14  45  28  37   2  28   0 0.03  0.0    0  8.2 20 150   M    M   5 1      24 130
15  45  40  43   9  22   0 0.48  0.0    0 19.2 32 330   M    M  10 1      40 330
16  44  39  42   8  23   0 0.04  0.0    0 25.0 33 310   M    M  10 1      41 300
17  43  36  40   6  25   0    T  0.0    0 19.4 31 310   M    M   7        39 320
18  46  35  41   7  24   0 0.30  0.0    0 15.0 46 280   M    M  10 1      52 280
19  41  36  39   5  26   0 0.06    T    0 40.3 50 310   M    M   9 18     68 320
20  38  30  34   0  31   0    T  0.0    0 24.5 41 330   M    M   6        60 320
21  42  29  36   2  29   0    T  0.0    0 17.2 37 310   M    M   7 1      43 320
================================================================================
SM  920  723       538   0  1.28    T    311.8          M      165
================================================================================
AV 43.8 34.4                              14.8 FASTST   M    M   8    MAX(MPH)
                                 MISC ---->  # 50 310               # 68  320
================================================================================
NOTES:
# LAST OF SEVERAL OCCURRENCES

COLUMN 17 PEAK WIND IN M.P.H.

PRELIMINARY LOCAL CLIMATOLOGICAL DATA (WS FORM: F-6) , PAGE 2

                                          STATION:  COLD BAY
                                          MONTH:    NOVEMBER
                                          YEAR:     2017
                                          LATITUDE:   55 13 N
                                          LONGITUDE: 162 44 W

[TEMPERATURE DATA]      [PRECIPITATION DATA]       SYMBOLS USED IN COLUMN 16

AVERAGE MONTHLY: 39.1   TOTAL FOR MONTH:   1.28    1 = FOG OR MIST
DPTR FM NORMAL:   4.0   DPTR FM NORMAL:   -2.13    2 = FOG REDUCING VISIBILITY
HIGHEST:    47 ON  6    GRTST 24HR  0.48 ON 15-15      TO 1/4 MILE OR LESS
LOWEST:     28 ON 14                               3 = THUNDER
                        SNOW, ICE PELLETS, HAIL    4 = ICE PELLETS
                        TOTAL MONTH:    T          5 = HAIL
                        GRTST 24HR    T  ON 19-19  6 = FREEZING RAIN OR DRIZZLE
                        GRTST DEPTH:   0           7 = DUSTSTORM OR SANDSTORM:
                                                       VSBY 1/2 MILE OR LESS
                                                   8 = SMOKE OR HAZE
[NO. OF DAYS WITH]      [WEATHER - DAYS WITH]      9 = BLOWING SNOW
                                                   X = TORNADO
MAX 32 OR BELOW:   0    0.01 INCH OR MORE:  12
MAX 90 OR ABOVE:   0    0.10 INCH OR MORE:   3
MIN 32 OR BELOW:   7    0.50 INCH OR MORE:   0
MIN  0 OR BELOW:   0    1.00 INCH OR MORE:   0

[HDD (BASE 65) ]
TOTAL THIS MO.   538    CLEAR  (SCALE 0-3)   1
DPTR FM NORMAL   -89    PTCLDY (SCALE 4-7)   8
TOTAL FM JUL 1  2485    CLOUDY (SCALE 8-10) 12
DPTR FM NORMAL  -249

[CDD (BASE 65) ]
TOTAL THIS MO.     0
DPTR FM NORMAL     0    [PRESSURE DATA]
TOTAL FM JAN 1     0    HIGHEST SLP M ON M
DPTR FM NORMAL     0    LOWEST  SLP 29.77 ON 18

[REMARKS]
