000
CXUS55 KEAX 180736
CF6CDJ
PRELIMINARY LOCAL CLIMATOLOGICAL DATA (WS FORM: F-6)

                                          STATION:   CHILLICOTHE
                                          MONTH:     OCTOBER
                                          YEAR:      2017
                                          LATITUDE:   39 49 N
                                          LONGITUDE:  93 35 W

  TEMPERATURE IN F:       :PCPN:    SNOW:  WIND      :SUNSHINE: SKY     :PK WND
================================================================================
1   2   3   4   5  6A  6B    7    8   9   10  11  12  13   14  15   16   17  18
                                     12Z  AVG MX 2MIN
DY MAX MIN AVG DEP HDD CDD  WTR  SNW DPTH SPD SPD DIR MIN PSBL S-S WX    SPD DR
================================================================================

 1  79  56  68   8   0   3 0.00    M    M  6.8 14 170   M    M   0        23 160
 2  87  64  76  16   0  11 0.00    M    M 10.1 20 190   M    M   0        27 190
 3  84  70  77  18   0  12 0.00    M    M  8.8 21 180   M    M   0        26 190
 4  74  61  68   9   0   3 0.10    M    M  4.5 16  20   M    M   0        21  20
 5  72  61  67   8   0   2 0.57    M    M  2.5  8 120   M    M   0        12 120
 6  76  66  71  13   0   6 1.69    M    M  6.8 15 180   M    M   0        23 160
 7  73  54  64   6   1   0 0.48    M    M  7.4 20 190   M    M   0        34 240
 8  81  47  64   6   1   0 0.00    M    M  2.3 14 200   M    M   0        19 200
 9  78  51  65   8   0   0 0.00    M    M  6.3 17  20   M    M   0        28  40
10  56  46  51  -6  14   0 0.30    M    M  6.9 14 310   M    M   0        20 340
11  62  47  55  -2  10   0 0.00    M    M  3.1  9 360   M    M   0        13 300
12  65  47  56   0   9   0 0.00    M    M  4.6 13 150   M    M   0        17 160
13  85  54  70  14   0   5 0.00    M    M  4.7 13 180   M    M   0        19 340
14  79  56  68  12   0   3 0.26    M    M  5.9 22 310   M    M   0        30 200
15  62  40  51  -4  14   0 0.00    M    M  6.5 18 310   M    M   0        32 310
16  70  36  53  -2  12   0 0.00    M    M  3.4 12 200   M    M   0        14 220
17  72  46  59   4   6   0 0.00    M    M  7.0 17 190   M    M   0        23 190
================================================================================
SM 1255  902        67  45  3.40    M     97.6          M        0
================================================================================
AV 73.8 53.1                               5.7 FASTST   M    M   0    MAX(MPH)
                                 MISC ---->  # 22 310               # 34  240
================================================================================
NOTES:
# LAST OF SEVERAL OCCURRENCES

COLUMN 17 PEAK WIND IN M.P.H.

PRELIMINARY LOCAL CLIMATOLOGICAL DATA (WS FORM: F-6) , PAGE 2

                                          STATION:  CHILLICOTHE
                                          MONTH:    OCTOBER
                                          YEAR:     2017
                                          LATITUDE:   39 49 N
                                          LONGITUDE:  93 35 W

[TEMPERATURE DATA]      [PRECIPITATION DATA]       SYMBOLS USED IN COLUMN 16

AVERAGE MONTHLY: 63.4   TOTAL FOR MONTH:   3.40    1 = FOG OR MIST
DPTR FM NORMAL:   6.1   DPTR FM NORMAL:    1.42    2 = FOG REDUCING VISIBILITY
HIGHEST:    87 ON  2    GRTST 24HR  1.69 ON  6- 6      TO 1/4 MILE OR LESS
LOWEST:     36 ON 16                               3 = THUNDER
                        SNOW, ICE PELLETS, HAIL    4 = ICE PELLETS
                        TOTAL MONTH:    M          5 = HAIL
                        GRTST 24HR    M  ON   M    6 = FREEZING RAIN OR DRIZZLE
                        GRTST DEPTH:  M  ON   M    7 = DUSTSTORM OR SANDSTORM:
                                                       VSBY 1/2 MILE OR LESS
                                                   8 = SMOKE OR HAZE
[NO. OF DAYS WITH]      [WEATHER - DAYS WITH]      9 = BLOWING SNOW
                                                   X = TORNADO
MAX 32 OR BELOW:   0    0.01 INCH OR MORE:   6
MAX 90 OR ABOVE:   0    0.10 INCH OR MORE:   6
MIN 32 OR BELOW:   0    0.50 INCH OR MORE:   2
MIN  0 OR BELOW:   0    1.00 INCH OR MORE:   1

[HDD (BASE 65) ]
TOTAL THIS MO.    67    CLEAR  (SCALE 0-3)  17
DPTR FM NORMAL   -80    PTCLDY (SCALE 4-7)   0
TOTAL FM JUL 1    90    CLOUDY (SCALE 8-10)  0
DPTR FM NORMAL  -141

[CDD (BASE 65) ]
TOTAL THIS MO.    45
DPTR FM NORMAL    31    [PRESSURE DATA]
TOTAL FM JAN 1  1306    HIGHEST SLP  0.00 ON M
DPTR FM NORMAL   187    LOWEST  SLP  0.00 ON M

[REMARKS]
