000
CXUS55 KEAX 260736
CF6CDJ
PRELIMINARY LOCAL CLIMATOLOGICAL DATA (WS FORM: F-6)

                                          STATION:   CHILLICOTHE MO
                                          MONTH:     MAY
                                          YEAR:      2015
                                          LATITUDE:   39 49 N
                                          LONGITUDE:  93 35 W

  TEMPERATURE IN F:       :PCPN:    SNOW:  WIND      :SUNSHINE: SKY     :PK WND
================================================================================
1   2   3   4   5  6A  6B    7    8   9   10  11  12  13   14  15   16   17  18
                                     12Z  AVG MX 2MIN
DY MAX MIN AVG DEP HDD CDD  WTR  SNW DPTH SPD SPD DIR MIN PSBL S-S WX    SPD DR
================================================================================

 1  74  41  58   0   7   0 0.00    M    M  2.0  9 150   M    M   0        13 140
 2  67  50  59   0   6   0 0.14    M    M  3.6 13 110   M    M   0        16 110
 3  84  58  71  12   0   6 0.00    M    M 10.5 22 200   M    M   0        31 150
 4  81  61  71  12   0   6 0.33    M    M  4.8 13 290   M    M   0        23 330
 5  83  57  70  10   0   5 0.00    M    M  4.4 16 150   M    M   0        23 150
 6  74  65  70  10   0   5 0.01    M    M  9.0 21 180   M    M   0        29 170
 7  81  64  73  13   0   8 0.11    M    M  7.6 18 190   M    M   0        26 210
 8  77  62  70  10   0   5 0.03    M    M  3.5 10 350   M    M   0        16 310
 9  74  62  68   7   0   3 0.00    M    M  7.2 14 120   M    M   0        22 110
10  75  63  69   8   0   4 0.67    M    M  6.6 15 170   M    M   0        21 180
11  63  48  56  -5   9   0 0.00    M    M  6.9 18 280   M    M   0        29 280
12  71  45  58  -4   7   0 0.00    M    M  4.0 13 300   M    M   0        22 310
13  72  45  59  -3   6   0 0.00    M    M  7.2 17 130   M    M   0        24 110
14  70  56  63   1   2   0 0.45    M    M  7.5 16 150   M    M   0        25 150
15  76  57  67   4   0   2 0.52    M    M  3.8 13 110   M    M   0        18 130
16  80  62  71   8   0   6 0.10    M    M  7.9 21 150   M    M   0        30 160
17  81  63  72   9   0   7 0.73    M    M  8.9 26 190   M    M   0        37 200
18  70  49  60  -4   5   0 0.00    M    M  6.0 15 310   M    M   0        23 310
19  59  42  51 -13  14   0 0.00    M    M  6.2 13  30   M    M   0        17  40
20  54  47  51 -13  14   0 0.45    M    M  5.7 14  30   M    M   0        19  40
21  71  42  57  -8   8   0 0.00    M    M  3.5 12 250   M    M   0        22 250
22  71  46  59  -6   6   0 0.00    M    M  1.7 12 200   M    M   0        14 200
23  72  58  65   0   0   0 0.29    M    M  5.5 14 160   M    M   0        21 150
24  72  61  67   1   0   2 0.77    M    M  5.8 16 120   M    M   0        25 120
25  80  63  72   6   0   7 0.20    M    M  7.3 20 200   M    M   0        25 170
================================================================================
SM 1832 1367        84  66  4.80    M    147.1          M        0
================================================================================
AV 73.3 54.7                               5.9 FASTST   M    M   0    MAX(MPH)
                                 MISC ---->  # 26 190               # 37  200
================================================================================
NOTES:
# LAST OF SEVERAL OCCURRENCES

COLUMN 17 PEAK WIND IN M.P.H.

PRELIMINARY LOCAL CLIMATOLOGICAL DATA (WS FORM: F-6) , PAGE 2

                                          STATION:  CHILLICOTHE MO
                                          MONTH:    MAY
                                          YEAR:     2015
                                          LATITUDE:   39 49 N
                                          LONGITUDE:  93 35 W

[TEMPERATURE DATA]      [PRECIPITATION DATA]       SYMBOLS USED IN COLUMN 16

AVERAGE MONTHLY: 64.0   TOTAL FOR MONTH:   4.80    1 = FOG OR MIST
DPTR FM NORMAL:   1.9   DPTR FM NORMAL:    0.82    2 = FOG REDUCING VISIBILITY
HIGHEST:    84 ON  3    GRTST 24HR  1.06 ON 23-24      TO 1/4 MILE OR LESS
LOWEST:     41 ON  1                               3 = THUNDER
                        SNOW, ICE PELLETS, HAIL    4 = ICE PELLETS
                        TOTAL MONTH:    M          5 = HAIL
                        GRTST 24HR    M  ON   M    6 = FREEZING RAIN OR DRIZZLE
                        GRTST DEPTH:  M  ON   M    7 = DUSTSTORM OR SANDSTORM:
                                                       VSBY 1/2 MILE OR LESS
                                                   8 = SMOKE OR HAZE
[NO. OF DAYS WITH]      [WEATHER - DAYS WITH]      9 = BLOWING SNOW
                                                   X = TORNADO
MAX 32 OR BELOW:   0    0.01 INCH OR MORE:  14
MAX 90 OR ABOVE:   0    0.10 INCH OR MORE:  12
MIN 32 OR BELOW:   0    0.50 INCH OR MORE:   4
MIN  0 OR BELOW:   0    1.00 INCH OR MORE:   0

[HDD (BASE 65) ]
TOTAL THIS MO.    84    CLEAR  (SCALE 0-3)  25
DPTR FM NORMAL   -31    PTCLDY (SCALE 4-7)   0
TOTAL FM JUL 1  5228    CLOUDY (SCALE 8-10)  0
DPTR FM NORMAL  -258

[CDD (BASE 65) ]
TOTAL THIS MO.    66
DPTR FM NORMAL    24    [PRESSURE DATA]
TOTAL FM JAN 1    69    HIGHEST SLP  0.00 ON M
DPTR FM NORMAL    13    LOWEST  SLP  0.00 ON M

[REMARKS]
