000
CXUS55 KCYS 291000
CF6CDR
PRELIMINARY LOCAL CLIMATOLOGICAL DATA (WS FORM: F-6)

                                          STATION:   CHADRON NEBRASKA AIRPORT
                                          MONTH:     APRIL
                                          YEAR:      2016
                                          LATITUDE:   42 50 N
                                          LONGITUDE: 103  6 W

  TEMPERATURE IN F:       :PCPN:    SNOW:  WIND      :SUNSHINE: SKY     :PK WND
================================================================================
1   2   3   4   5  6A  6B    7    8   9   10  11  12  13   14  15   16   17  18
                                     12Z  AVG MX 2MIN
DY MAX MIN AVG DEP HDD CDD  WTR  SNW DPTH SPD SPD DIR MIN PSBL S-S WX    SPD DR
================================================================================

 1  51  28  40   0  25   0    T    M    M 12.4 26 300   M    M   4        35 290
 2  68  33  51  10  14   0 0.00    M    M 11.8 28 270   M    M   2        35 260
 3  72  34  53  12  12   0 0.00    M    M 13.1 30 310   M    M   2        41 320
 4  74  28  51  10  14   0 0.00    M    M  3.5 18 270   M    M   0        23 270
 5  63  42  53  12  12   0 0.00    M    M 21.1 44 310   M    M   2 8      60 320
 6  67  36  52  10  13   0    T    M    M 17.6 36 310   M    M   3        48 300
 7  62  27  45   3  20   0 0.00    M    M  9.9 23 350   M    M   6        32 330
 8  64  24  44   2  21   0 0.00    M    M  7.6 18 180   M    M   0        26 170
 9  83  41  62  19   3   0 0.00    M    M 13.7 37 180   M    M   0        47 180
10  51  32  42  -1  23   0    T    M    M  6.0 18  50   M    M   8        23  40
11  63  20  42  -1  23   0 0.00    M    M  7.4 17 170   M    M   2        22 160
12  78  31  55  11  10   0 0.00    M    M  6.9 16 290   M    M   0 1      22 300
13  81  31  56  12   9   0 0.00    M    M  8.1 23 190   M    M   2 8      31 190
14  82  40  61  17   4   0 0.34    M    M 17.3 43 160   M    M   2 38     51 160
15  58  43  51   7  14   0 0.56    M    M 12.0 23  50   M    M   6 13     30  60
16  44  35  40  -5  25   0 0.60    M    M 17.3 24  30   M    M  10 1      32  40
17  42  32  37  -8  28   0 0.40    M    M  9.2 20  20   M    M  10 1      24  20
18  48  32  40  -6  25   0 0.03    M    M  3.9 12  10   M    M   9 18     14 360
19  58  27  43  -3  22   0 0.00    M    M  4.1 12 190   M    M   4        16 230
20  64  34  49   3  16   0 0.00    M    M  5.8 13  40   M    M   3 8      16  40
21  72  35  54   7  11   0 0.00    M    M  5.4 14  10   M    M   1        18 360
22  80  37  59  12   6   0 0.00    M    M 19.6 33 170   M    M   0        41 170
23  81  52  67  20   0   2    T    M    M 12.1 32 170   M    M   0        42 170
24  62  40  51   3  14   0 0.02    M    M 16.1 32 300   M    M   6        44 300
25  65  36  51   3  14   0 0.07    M    M 13.3 22  50   M    M   2 1      29 300
26  42  35  39  -9  26   0 0.77    M    M 11.0 23  50   M    M  10 1      29  40
27  42  32  37 -12  28   0 0.14    M    M 13.8 23  20   M    M  10 1      30  30
28  45  32  39 -10  26   0 0.04    M    M  7.1 14  60   M    M  10 1      18  10
================================================================================
SM 1762  949       458   2  2.97    M    307.1          M      114
================================================================================
AV 62.9 33.9                              11.0 FASTST   M    M   4    MAX(MPH)
                                 MISC ---->  # 44 310               # 60  320
================================================================================
NOTES:
# LAST OF SEVERAL OCCURRENCES

COLUMN 17 PEAK WIND IN M.P.H.

PRELIMINARY LOCAL CLIMATOLOGICAL DATA (WS FORM: F-6) , PAGE 2

                                          STATION:  CHADRON NEBRASKA AIRPORT
                                          MONTH:    APRIL
                                          YEAR:     2016
                                          LATITUDE:   42 50 N
                                          LONGITUDE: 103  6 W

[TEMPERATURE DATA]      [PRECIPITATION DATA]       SYMBOLS USED IN COLUMN 16

AVERAGE MONTHLY: 48.4   TOTAL FOR MONTH:   2.97    1 = FOG OR MIST
DPTR FM NORMAL:   3.9   DPTR FM NORMAL:    1.17    2 = FOG REDUCING VISIBILITY
HIGHEST:    83 ON  9    GRTST 24HR  0.92 ON 15-16      TO 1/4 MILE OR LESS
LOWEST:     20 ON 11                               3 = THUNDER
                        SNOW, ICE PELLETS, HAIL    4 = ICE PELLETS
                        TOTAL MONTH:    M          5 = HAIL
                        GRTST 24HR    M  ON   M    6 = FREEZING RAIN OR DRIZZLE
                        GRTST DEPTH:  M  ON   M    7 = DUSTSTORM OR SANDSTORM:
                                                       VSBY 1/2 MILE OR LESS
                                                   8 = SMOKE OR HAZE
[NO. OF DAYS WITH]      [WEATHER - DAYS WITH]      9 = BLOWING SNOW
                                                   X = TORNADO
MAX 32 OR BELOW:   0    0.01 INCH OR MORE:  10
MAX 90 OR ABOVE:   0    0.10 INCH OR MORE:   6
MIN 32 OR BELOW:  13    0.50 INCH OR MORE:   3
MIN  0 OR BELOW:   0    1.00 INCH OR MORE:   0

[HDD (BASE 65) ]
TOTAL THIS MO.   458    CLEAR  (SCALE 0-3)  16
DPTR FM NORMAL  -117    PTCLDY (SCALE 4-7)   6
TOTAL FM JUL 1  5900    CLOUDY (SCALE 8-10)  6
DPTR FM NORMAL  -832

[CDD (BASE 65) ]
TOTAL THIS MO.     2
DPTR FM NORMAL     2    [PRESSURE DATA]
TOTAL FM JAN 1     2    HIGHEST SLP M ON M
DPTR FM NORMAL     2    LOWEST  SLP 29.40 ON 14

[REMARKS]
