000
CXUS55 KGJT 251000
CF6CEZ
PRELIMINARY LOCAL CLIMATOLOGICAL DATA (WS FORM: F-6)

                                          STATION:   CORTEZ CO
                                          MONTH:     SEPTEMBER
                                          YEAR:      2017
                                          LATITUDE:   37 17 N
                                          LONGITUDE: 108 38 W

  TEMPERATURE IN F:       :PCPN:    SNOW:  WIND      :SUNSHINE: SKY     :PK WND
================================================================================
1   2   3   4   5  6A  6B    7    8   9   10  11  12  13   14  15   16   17  18
                                     12Z  AVG MX 2MIN
DY MAX MIN AVG DEP HDD CDD  WTR  SNW DPTH SPD SPD DIR MIN PSBL S-S WX    SPD DR
================================================================================

 1  89  53  71   6   0   6 0.00    M    M  5.3 16 330   M    M   0        22 320
 2  91  52  72   7   0   7 0.00    M    M  4.9 17 190   M    M   0        20 210
 3  94  50  72   7   0   7 0.00    M    M  5.4 14  50   M    M   0        18 210
 4  94  47  71   7   0   6 0.01    M    M  5.6 29 240   M    M   0 3      59 250
 5  91  50  71   7   0   6 0.00    M    M  4.6 15 160   M    M   0        19 170
 6  90  54  72   8   0   7 0.00    M    M  5.6 17 270   M    M   0        23 280
 7  87  55  71   7   0   6 0.00    M    M  6.6 21 300   M    M   1        26 310
 8  88  47  68   5   0   3 0.00    M    M  5.1 26 210   M    M   1 3      31 210
 9  85  54  70   7   0   5    T    M    M  7.5 20 290   M    M   4        27 280
10  85  53  69   7   0   4 0.00    M    M  4.9 16 210   M    M   1 8      20 210
11  89  49  69   7   0   4 0.00    M    M  5.7 18  10   M    M   0 38     26  10
12  90  47  69   7   0   4    T    M    M  5.2 24  50   M    M   1        30  60
13  89  48  69   8   0   4 0.00    M    M  6.3 20 290   M    M   1        25 330
14  81  48  65   4   0   0 0.16    M    M  7.7 26 200   M    M   1 13     38 280
15  75  44  60   0   5   0    T    M    M  6.5 20 200   M    M   3 1      28 210
16  74  42  58  -2   7   0 0.00    M    M  5.7 18 300   M    M   2        24 310
17  77  38  58  -2   7   0 0.09    M    M  7.4 28 210   M    M   2 13     32 220
18  78  40  59   0   6   0 0.00    M    M  5.7 20 200   M    M   1        24 200
19  79  38  59   0   6   0 0.00    M    M 11.2 29 220   M    M   0        39 220
20  80  43  62   3   3   0 0.00    M    M  6.9 21 210   M    M   0        27 220
21  82  42  62   4   3   0 0.00    M    M 12.7 28 210   M    M   0        38 220
22  78  49  64   6   1   0    T    M    M 13.0 29 220   M    M   5        40 210
23  65  44  55  -2  10   0 0.48    M    M  7.3 20 170   M    M   4 13     24 200
24  61  32  47 -10  18   0 0.00    M    M  7.3 23 210   M    M   0        26 210
================================================================================
SM 1992 1119        66  69  0.74    M    164.1          M       27
================================================================================
AV 83.0 46.6                               6.8 FASTST   M    M   1    MAX(MPH)
                                 MISC ---->  # 29 240               # 59  250
================================================================================
NOTES:
# LAST OF SEVERAL OCCURRENCES

COLUMN 17 PEAK WIND IN M.P.H.

PRELIMINARY LOCAL CLIMATOLOGICAL DATA (WS FORM: F-6) , PAGE 2

                                          STATION:  CORTEZ CO
                                          MONTH:    SEPTEMBER
                                          YEAR:     2017
                                          LATITUDE:   37 17 N
                                          LONGITUDE: 108 38 W

[TEMPERATURE DATA]      [PRECIPITATION DATA]       SYMBOLS USED IN COLUMN 16

AVERAGE MONTHLY: 64.8   TOTAL FOR MONTH:   0.74    1 = FOG OR MIST
DPTR FM NORMAL:   3.5   DPTR FM NORMAL:   -0.71    2 = FOG REDUCING VISIBILITY
HIGHEST:    94 ON  4, 3 GRTST 24HR  0.48 ON 23-23      TO 1/4 MILE OR LESS
LOWEST:     32 ON 24                               3 = THUNDER
                        SNOW, ICE PELLETS, HAIL    4 = ICE PELLETS
                        TOTAL MONTH:    M          5 = HAIL
                        GRTST 24HR    M  ON   M    6 = FREEZING RAIN OR DRIZZLE
                        GRTST DEPTH:  M  ON   M    7 = DUSTSTORM OR SANDSTORM:
                                                       VSBY 1/2 MILE OR LESS
                                                   8 = SMOKE OR HAZE
[NO. OF DAYS WITH]      [WEATHER - DAYS WITH]      9 = BLOWING SNOW
                                                   X = TORNADO
MAX 32 OR BELOW:   0    0.01 INCH OR MORE:   4
MAX 90 OR ABOVE:   6    0.10 INCH OR MORE:   2
MIN 32 OR BELOW:   1    0.50 INCH OR MORE:   0
MIN  0 OR BELOW:   0    1.00 INCH OR MORE:   0

[HDD (BASE 65) ]
TOTAL THIS MO.    66    CLEAR  (SCALE 0-3)  21
DPTR FM NORMAL   -39    PTCLDY (SCALE 4-7)   3
TOTAL FM JUL 1    68    CLOUDY (SCALE 8-10)  0
DPTR FM NORMAL   -49

[CDD (BASE 65) ]
TOTAL THIS MO.    69
DPTR FM NORMAL    53    [PRESSURE DATA]
TOTAL FM JAN 1   591    HIGHEST SLP M ON M
DPTR FM NORMAL   166    LOWEST  SLP 29.46 ON 21

[REMARKS]
