000
CXUS55 KGJT 281000
CF6CEZ
PRELIMINARY LOCAL CLIMATOLOGICAL DATA (WS FORM: F-6)

                                          STATION:   CORTEZ CO
                                          MONTH:     AUGUST
                                          YEAR:      2015
                                          LATITUDE:   37 17 N
                                          LONGITUDE: 108 38 W

  TEMPERATURE IN F:       :PCPN:    SNOW:  WIND      :SUNSHINE: SKY     :PK WND
================================================================================
1   2   3   4   5  6A  6B    7    8   9   10  11  12  13   14  15   16   17  18
                                     12Z  AVG MX 2MIN
DY MAX MIN AVG DEP HDD CDD  WTR  SNW DPTH SPD SPD DIR MIN PSBL S-S WX    SPD DR
================================================================================

 1  79  62  71  -1   0   6 0.25    M    M  4.1 17 130   M    M   5 13     23 140
 2  78  60  69  -3   0   4 0.10    M    M  4.6 21 290   M    M   6 1      26 290
 3  84  55  70  -2   0   5 0.00    M    M  7.6 21 290   M    M   1 3      29 330
 4  89  51  70  -2   0   5 0.03    M    M  5.9 22 290   M    M   1 3      30 320
 5  93  48  71  -1   0   6 0.00    M    M  6.4 21 220   M    M   0        25 220
 6  93  51  72   1   0   7 0.00    M    M  7.8 18 290   M    M   0        28 290
 7  85  59  72   1   0   7 0.21    M    M  6.9 26 290   M    M   6 1      35 290
 8  82  56  69  -2   0   4 0.00    M    M  5.8 15 290   M    M   3        22 320
 9  87  49  68  -3   0   3 0.00    M    M  4.8 14 270   M    M   0 1      19 220
10  88  48  68  -3   0   3    T    M    M  6.6 20 300   M    M   2        25 300
11  87  60  74   3   0   9 0.20    M    M  7.9 26 290   M    M   7 1      34 190
12  86  58  72   2   0   7 0.01    M    M  5.7 13 290   M    M   2        17 250
13  90  55  73   3   0   8 0.00    M    M  5.6 17 290   M    M   0        33 260
14  94  53  74   4   0   9 0.00    M    M  6.3 20 280   M    M   0        29 290
15  93  57  75   5   0  10    T    M    M  5.1 17 290   M    M   0        22 310
16  94  56  75   5   0  10 0.00    M    M  6.5 20 270   M    M   0        26 280
17  93  54  74   4   0   9 0.01    M    M  6.1 22 290   M    M   1 3      31  40
18  91  50  71   2   0   6 0.00    M    M  7.2 26 280   M    M   0        34 270
19  86  45  66  -3   0   1 0.00    M    M  8.3 18 270   M    M   0        28 320
20  89  48  69   0   0   4 0.00    M    M  7.1 18 270   M    M   0        23 280
21  91  51  71   3   0   6 0.00    M    M  6.5 21  30   M    M   1        29 250
22  90  49  70   2   0   5 0.00    M    M  4.8 20 300   M    M   0        25 290
23  90  51  71   3   0   6    T    M    M  5.3 22  10   M    M   1 3      33 270
24  91  50  71   3   0   6 0.00    M    M  5.2 13 210   M    M   0 3      16 210
25  90  55  73   5   0   8 0.12    M    M  4.6 16  40   M    M   2 3      22  30
26  77  57  67   0   0   2 0.16    M    M  3.5 17 190   M    M   6 18     20  80
27  82  57  70   3   0   5 0.25    M    M  4.4 18 310   M    M   5 1      25 310
================================================================================
SM 2372 1445         0 161  1.34    M    160.6          M       49
================================================================================
AV 87.9 53.5                               5.9 FASTST   M    M   2    MAX(MPH)
                                 MISC ---->  # 26 290               # 35  290
================================================================================
NOTES:
# LAST OF SEVERAL OCCURRENCES

COLUMN 17 PEAK WIND IN M.P.H.

PRELIMINARY LOCAL CLIMATOLOGICAL DATA (WS FORM: F-6) , PAGE 2

                                          STATION:  CORTEZ CO
                                          MONTH:    AUGUST
                                          YEAR:     2015
                                          LATITUDE:   37 17 N
                                          LONGITUDE: 108 38 W

[TEMPERATURE DATA]      [PRECIPITATION DATA]       SYMBOLS USED IN COLUMN 16

AVERAGE MONTHLY: 70.7   TOTAL FOR MONTH:   1.34    1 = FOG OR MIST
DPTR FM NORMAL:   0.8   DPTR FM NORMAL:    0.03    2 = FOG REDUCING VISIBILITY
HIGHEST:    94 ON 16,14 GRTST 24HR  0.39 ON 26-27      TO 1/4 MILE OR LESS
LOWEST:     45 ON 19                               3 = THUNDER
                        SNOW, ICE PELLETS, HAIL    4 = ICE PELLETS
                        TOTAL MONTH:    M          5 = HAIL
                        GRTST 24HR    M  ON   M    6 = FREEZING RAIN OR DRIZZLE
                        GRTST DEPTH:  M  ON   M    7 = DUSTSTORM OR SANDSTORM:
                                                       VSBY 1/2 MILE OR LESS
                                                   8 = SMOKE OR HAZE
[NO. OF DAYS WITH]      [WEATHER - DAYS WITH]      9 = BLOWING SNOW
                                                   X = TORNADO
MAX 32 OR BELOW:   0    0.01 INCH OR MORE:  10
MAX 90 OR ABOVE:  13    0.10 INCH OR MORE:   7
MIN 32 OR BELOW:   0    0.50 INCH OR MORE:   0
MIN  0 OR BELOW:   0    1.00 INCH OR MORE:   0

[HDD (BASE 65) ]
TOTAL THIS MO.     0    CLEAR  (SCALE 0-3)  20
DPTR FM NORMAL    -3    PTCLDY (SCALE 4-7)   7
TOTAL FM JUL 1     0    CLOUDY (SCALE 8-10)  0
DPTR FM NORMAL    -6

[CDD (BASE 65) ]
TOTAL THIS MO.   161
DPTR FM NORMAL    24    [PRESSURE DATA]
TOTAL FM JAN 1   437    HIGHEST SLP M ON M
DPTR FM NORMAL    36    LOWEST  SLP 29.71 ON 18

[REMARKS]
