000
CXUS55 KDVN 201100
CF6CID
PRELIMINARY LOCAL CLIMATOLOGICAL DATA (WS FORM: F-6)

                                          STATION:   CEDAR RAPIDS IA
                                          MONTH:     OCTOBER
                                          YEAR:      2014
                                          LATITUDE:   41 52 N
                                          LONGITUDE:  91 42 W

  TEMPERATURE IN F:       :PCPN:    SNOW:  WIND      :SUNSHINE: SKY     :PK WND
================================================================================
1   2   3   4   5  6A  6B    7    8   9   10  11  12  13   14  15   16   17  18
                                     12Z  AVG MX 2MIN
DY MAX MIN AVG DEP HDD CDD  WTR  SNW DPTH SPD SPD DIR MIN PSBL S-S WX    SPD DR
================================================================================

 1  68  51  60   4   5   0 0.01    M    M  9.2 16 110   M    M   8 1      22 110
 2  68  56  62   6   3   0 0.24    M    M  8.3 21 310   M    M   9 1      26 340
 3  56  37  47  -8  18   0    T    M    M 21.2 33 290   M    M   7        44 310
 4  52  33  43 -12  22   0    T    M    M 15.9 29 300   M    M   6        36 300
 5  57  34  46  -9  19   0    T    M    M  6.9 23 290   M    M   9        30 300
 6  60  40  50  -4  15   0    T    M    M 11.0 23 270   M    M   3        29 280
 7  68  42  55   1  10   0 0.00    M    M 11.2 28 290   M    M   2        33 290
 8  68  36  52  -2  13   0    T    M    M  8.2 21 280   M    M   2        28 270
 9  64  44  54   1  11   0 0.07    M    M  5.3 13 350   M    M   4        15 340
10  56  35  46  -7  19   0 0.00    M    M  6.2 14  30   M    M   0        18  30
11  60  32  46  -6  19   0 0.00    M    M  4.6 10 160   M    M   0        14  40
12  54  33  44  -8  21   0 0.03    M    M  6.7 13 120   M    M   9 18     16 150
13  56  51  54   2  11   0 1.74    M    M 11.9 30  20   M    M  10 12     38  10
14  54  50  52   1  13   0 0.48    M    M 17.7 26 350   M    M  10 1      36 340
15  63  42  53   2  12   0 0.00    M    M 10.6 22 350   M    M   4        28 350
16  71  36  54   3  11   0 0.00    M    M  6.0 15 190   M    M   0 1      21 170
17  58  47  53   3  12   0 0.00    M    M 15.4 31 300   M    M   7        38 290
18  56  35  46  -4  19   0 0.00    M    M  8.0 17 320   M    M   4 1      22 310
19  63  32  48  -2  17   0 0.00    M    M  9.9 20 210   M    M   0 12     26 190
================================================================================
SM 1152  766       270   0  2.57    M    194.2          M       94
================================================================================
AV 60.6 40.3                              10.2 FASTST   M    M   5    MAX(MPH)
                                 MISC ---->  # 33 290               # 44  310
================================================================================
NOTES:
# LAST OF SEVERAL OCCURRENCES

COLUMN 17 PEAK WIND IN M.P.H.

PRELIMINARY LOCAL CLIMATOLOGICAL DATA (WS FORM: F-6) , PAGE 2

                                          STATION:  CEDAR RAPIDS IA
                                          MONTH:    OCTOBER
                                          YEAR:     2014
                                          LATITUDE:   41 52 N
                                          LONGITUDE:  91 42 W

[TEMPERATURE DATA]      [PRECIPITATION DATA]       SYMBOLS USED IN COLUMN 16

AVERAGE MONTHLY: 50.5   TOTAL FOR MONTH:   2.57    1 = FOG OR MIST
DPTR FM NORMAL:  -2.4   DPTR FM NORMAL:    0.93    2 = FOG REDUCING VISIBILITY
HIGHEST:    71 ON 16    GRTST 24HR  1.82 ON 13-14      TO 1/4 MILE OR LESS
LOWEST:     32 ON 19,11                            3 = THUNDER
                        SNOW, ICE PELLETS, HAIL    4 = ICE PELLETS
                        TOTAL MONTH:    M          5 = HAIL
                        GRTST 24HR    M  ON   M    6 = FREEZING RAIN OR DRIZZLE
                        GRTST DEPTH:  M  ON   M    7 = DUSTSTORM OR SANDSTORM:
                                                       VSBY 1/2 MILE OR LESS
                                                   8 = SMOKE OR HAZE
[NO. OF DAYS WITH]      [WEATHER - DAYS WITH]      9 = BLOWING SNOW
                                                   X = TORNADO
MAX 32 OR BELOW:   0    0.01 INCH OR MORE:   6
MAX 90 OR ABOVE:   0    0.10 INCH OR MORE:   3
MIN 32 OR BELOW:   2    0.50 INCH OR MORE:   1
MIN  0 OR BELOW:   0    1.00 INCH OR MORE:   1

[HDD (BASE 65) ]
TOTAL THIS MO.   270    CLEAR  (SCALE 0-3)   7
DPTR FM NORMAL    30    PTCLDY (SCALE 4-7)   6
TOTAL FM JUL 1   430    CLOUDY (SCALE 8-10)  6
DPTR FM NORMAL    33

[CDD (BASE 65) ]
TOTAL THIS MO.     0
DPTR FM NORMAL    -8    [PRESSURE DATA]
TOTAL FM JAN 1   670    HIGHEST SLP M ON M
DPTR FM NORMAL   -78    LOWEST  SLP 29.41 ON M

[REMARKS]
