000
CXUS55 KLOX 181655
CF6CMA
PRELIMINARY LOCAL CLIMATOLOGICAL DATA (WS FORM: F-6)

                                          STATION:   CAMARILLO AIRPORT CA
                                          MONTH:     JANUARY
                                          YEAR:      2017
                                          LATITUDE:   34 12 N
                                          LONGITUDE: 119  6 W

  TEMPERATURE IN F:       :PCPN:    SNOW:  WIND      :SUNSHINE: SKY     :PK WND
================================================================================
1   2   3   4   5  6A  6B    7    8   9   10  11  12  13   14  15   16   17  18
                                     12Z  AVG MX 2MIN
DY MAX MIN AVG DEP HDD CDD  WTR  SNW DPTH SPD SPD DIR MIN PSBL S-S WX    SPD DR
================================================================================

 1  58  38  48  -6  17   0 0.00  0.0    0  5.4 13 230   M    M   2        16 210
 2  57  47  52  -2  13   0 0.00  0.0    0  4.1 10  60   M    M   5        12  70
 3  59  46  53  -1  12   0 0.00  0.0    0  3.5 12  60   M    M   5        13  60
 4  58  48  53  -1  12   0 0.61    M    0  2.9  8  50   M    M  10 1       9  80
 5  62  52  57   3   8   0 0.36  0.0    0  5.8 14 260   M    M   8 1      17 270
 6  66  47  57   3   8   0 0.00  0.0    0  7.1 16  90   M    M   2        19 100
 7  65  49  57   3   8   0 0.36    M    0  7.6 22  70   M    M   9 1      26  70
 8  71  50  61   7   4   0 0.00  0.0    0  2.8 12 310   M    M   1        13 310
 9  62  53  58   4   7   0 0.65  0.0    0  4.0 16  50   M    M   8 1      19  70
10  62  52  57   3   8   0 0.01  0.0    0  6.2 17 260   M    M   9 1      21 260
11  63  55  59   5   6   0 0.34  0.0    0  7.4 17 260   M    M   6 1      23 210
12  56  46  51  -4  14   0 0.76    M    0  3.9 10 280   M    M   8 1      12 210
13  63  39  51  -4  14   0 0.00  0.0    0  7.1 22  50   M    M   2 1      28  30
14  70  44  57   2   8   0 0.00  0.0    0  4.9 18 280   M    M   1        21 280
15  65  39  52  -3  13   0 0.00  0.0    0  4.9 15  80   M    M   2        18  70
16  63  44  54  -1  11   0 0.00  0.0    0  4.3 18 270   M    M   1 1      23 280
17  64  43  54  -1  11   0 0.00  0.0    0  5.1 17  60   M    M   0        22  60
================================================================================
SM 1064  792       174   0  3.09     0.0  86.9          M       79
================================================================================
AV 62.6 46.6                               5.1 FASTST   M    M   5    MAX(MPH)
                                 MISC ---->  # 22  70               # 28   30
================================================================================
NOTES:
# LAST OF SEVERAL OCCURRENCES

COLUMN 17 PEAK WIND IN M.P.H.

PRELIMINARY LOCAL CLIMATOLOGICAL DATA (WS FORM: F-6) , PAGE 2

                                          STATION:  CAMARILLO AIRPORT CA
                                          MONTH:    JANUARY
                                          YEAR:     2017
                                          LATITUDE:   34 12 N
                                          LONGITUDE: 119  6 W

[TEMPERATURE DATA]      [PRECIPITATION DATA]       SYMBOLS USED IN COLUMN 16

AVERAGE MONTHLY: 54.6   TOTAL FOR MONTH:   3.09    1 = FOG OR MIST
DPTR FM NORMAL:   0.2   DPTR FM NORMAL:    0.78    2 = FOG REDUCING VISIBILITY
HIGHEST:    71 ON  8    GRTST 24HR  0.97 ON  4- 5      TO 1/4 MILE OR LESS
LOWEST:     38 ON  1                               3 = THUNDER
                        SNOW, ICE PELLETS, HAIL    4 = ICE PELLETS
                        TOTAL MONTH:   0.0 INCH    5 = HAIL
                        GRTST 24HR     0.0         6 = FREEZING RAIN OR DRIZZLE
                        GRTST DEPTH:   0           7 = DUSTSTORM OR SANDSTORM:
                                                       VSBY 1/2 MILE OR LESS
                                                   8 = SMOKE OR HAZE
[NO. OF DAYS WITH]      [WEATHER - DAYS WITH]      9 = BLOWING SNOW
                                                   X = TORNADO
MAX 32 OR BELOW:   0    0.01 INCH OR MORE:   7
MAX 90 OR ABOVE:   0    0.10 INCH OR MORE:   6
MIN 32 OR BELOW:   0    0.50 INCH OR MORE:   3
MIN  0 OR BELOW:   0    1.00 INCH OR MORE:   0

[HDD (BASE 65) ]
TOTAL THIS MO.   174    CLEAR  (SCALE 0-3)   8
DPTR FM NORMAL   -13    PTCLDY (SCALE 4-7)   5
TOTAL FM JUL 1   603    CLOUDY (SCALE 8-10)  4
DPTR FM NORMAL  -265

[CDD (BASE 65) ]
TOTAL THIS MO.     0
DPTR FM NORMAL     0    [PRESSURE DATA]
TOTAL FM JAN 1     0    HIGHEST SLP M ON M
DPTR FM NORMAL     0    LOWEST  SLP 29.83 ON  1

[REMARKS]
