000
CXUS51 KILN 310542
CF6CMH
PRELIMINARY LOCAL CLIMATOLOGICAL DATA (WS FORM: F-6)

                                          STATION:   COLUMBUS OH
                                          MONTH:     JULY
                                          YEAR:      2015
                                          LATITUDE:   40  0 N
                                          LONGITUDE:  82 53 W

  TEMPERATURE IN F:       :PCPN:    SNOW:  WIND      :SUNSHINE: SKY     :PK WND
================================================================================
1   2   3   4   5  6A  6B    7    8   9   10  11  12  13   14  15   16   17  18
                                     12Z  AVG MX 2MIN
DY MAX MIN AVG DEP HDD CDD  WTR  SNW DPTH SPD SPD DIR MIN PSBL S-S WX    SPD DR
================================================================================

 1  78  59  69  -6   0   4 0.00  0.0    0  5.0 15 300   M    M   5 1      20 310
 2  74  62  68  -7   0   3    T  0.0    0  3.4 12  50   M    M   9        14  50
 3  76  61  69  -6   0   4    T  0.0    0  5.8 14  70   M    M   8 1      20  60
 4  79  59  69  -6   0   4 0.00  0.0    0  4.3 12 320   M    M   4 18     15 330
 5  79  61  70  -5   0   5 0.00  0.0    0  4.0  9  40   M    M   9 18     14  10
 6  84  64  74  -1   0   9 0.00  0.0    0  4.9 14 240   M    M   5 18     18 240
 7  84  69  77   2   0  12 0.55  0.0    0  8.9 24 220   M    M   9 18     30 200
 8  70  62  66  -9   0   1 0.17  0.0    0  5.3 15 320   M    M  10 1      18 360
 9  78  67  73  -2   0   8 0.02  0.0    0 11.3 26 230   M    M  10 1      33 230
10  74  66  70  -5   0   5 0.05  0.0    0  2.0  9 350   M    M   9 1      10 320
11  82  60  71  -4   0   6 0.00  0.0    0  2.3 12 250   M    M   5 1      14 310
12  80  65  73  -2   0   8 2.25  0.0    0  5.8 13 190   M    M   9 13     29 360
13  74  66  70  -5   0   5 0.18  0.0    0  5.6 21 290   M    M   9 13     31 310
14  83  66  75   0   0  10 0.72  0.0    0  8.4 38 330   M    M   8 138    48 340
15  73  59  66  -9   0   1    T  0.0    0  9.8 18 350   M    M   8 1      23 350
16  81  53  67  -8   0   2 0.00  0.0    0  2.9  9 180   M    M   5        12 100
17  86  66  76   1   0  11 0.64  0.0    0  6.9 37 330   M    M   8 123    51 320
18  91  70  81   6   0  16    T  0.0    0  6.3 15 360   M    M   8        18 360
19  87  70  79   4   0  14 0.67  0.0    0  7.2 36 260   M    M   8 13     51 250
20  86  68  77   2   0  12 0.00  0.0    0  5.1 13 260   M    M   8 12     16 260
21  85  65  75   0   0  10    T  0.0    0  6.9 24 330   M    M   5        30 330
22  80  60  70  -5   0   5 0.00  0.0    0  4.9 13 350   M    M   4        15  10
23  83  61  72  -3   0   7 0.00  0.0    0  3.0 13 360   M    M   4        16 360
24  86  59  73  -2   0   8 0.00  0.0    0  2.2 10 330   M    M   3        14 220
25  86  64  75   0   0  10 0.00  0.0    0  4.2 14 230   M    M   5 1      17 250
26  84  69  77   2   0  12 0.08  0.0    0  4.0 14 180   M    M   9 18     17 170
27  87  70  79   4   0  14    T  0.0    0  3.4  9  30   M    M   9 1      12  30
28  91  70  81   6   0  16 0.00  0.0    0  3.5 10  50   M    M   6        28 340
29  91  70  81   6   0  16 0.05  0.0    0  3.7 28 280   M    M   6 138    33 290
30  85  69  77   2   0  12 0.00  0.0    0  8.7 20 300   M    M   4        25 300
================================================================================
SM 2457 1930         0 250  5.38     0.0 159.7          M      209
================================================================================
AV 81.9 64.3                               5.3 FASTST   M    M   7    MAX(MPH)
                                 MISC ---->  # 38 330               # 51  320
================================================================================
NOTES:
# LAST OF SEVERAL OCCURRENCES

COLUMN 17 PEAK WIND IN M.P.H.

PRELIMINARY LOCAL CLIMATOLOGICAL DATA (WS FORM: F-6) , PAGE 2

                                          STATION:  COLUMBUS OH
                                          MONTH:    JULY
                                          YEAR:     2015
                                          LATITUDE:   40  0 N
                                          LONGITUDE:  82 53 W

[TEMPERATURE DATA]      [PRECIPITATION DATA]       SYMBOLS USED IN COLUMN 16

AVERAGE MONTHLY: 73.1   TOTAL FOR MONTH:   5.38    1 = FOG OR MIST
DPTR FM NORMAL:  -1.9   DPTR FM NORMAL:    0.72    2 = FOG REDUCING VISIBILITY
HIGHEST:    91 ON 29,28 GRTST 24HR  2.25 ON 12-12      TO 1/4 MILE OR LESS
LOWEST:     53 ON 16                               3 = THUNDER
                        SNOW, ICE PELLETS, HAIL    4 = ICE PELLETS
                        TOTAL MONTH:   0.0 INCH    5 = HAIL
                        GRTST 24HR     0.0         6 = FREEZING RAIN OR DRIZZLE
                        GRTST DEPTH:   0           7 = DUSTSTORM OR SANDSTORM:
                                                       VSBY 1/2 MILE OR LESS
                                                   8 = SMOKE OR HAZE
[NO. OF DAYS WITH]      [WEATHER - DAYS WITH]      9 = BLOWING SNOW
                                                   X = TORNADO
MAX 32 OR BELOW:   0    0.01 INCH OR MORE:  11
MAX 90 OR ABOVE:   3    0.10 INCH OR MORE:   7
MIN 32 OR BELOW:   0    0.50 INCH OR MORE:   5
MIN  0 OR BELOW:   0    1.00 INCH OR MORE:   1

[HDD (BASE 65) ]
TOTAL THIS MO.     0    CLEAR  (SCALE 0-3)   1
DPTR FM NORMAL     0    PTCLDY (SCALE 4-7)  16
TOTAL FM JUL 1     0    CLOUDY (SCALE 8-10) 13
DPTR FM NORMAL     0

[CDD (BASE 65) ]
TOTAL THIS MO.   250
DPTR FM NORMAL   -50    [PRESSURE DATA]
TOTAL FM JAN 1   623    HIGHEST SLP 30.18 ON M
DPTR FM NORMAL    25    LOWEST  SLP 29.54 ON M

[REMARKS]
