000
CXUS53 KARX 290930
CF6CMY
PRELIMINARY LOCAL CLIMATOLOGICAL DATA (WS FORM: F-6)

                                          STATION:   SPARTA - FORT MCCOY WI
                                          MONTH:     JULY
                                          YEAR:      2015
                                          LATITUDE:   43 58 N
                                          LONGITUDE:  90 44 W

  TEMPERATURE IN F:       :PCPN:    SNOW:  WIND      :SUNSHINE: SKY     :PK WND
================================================================================
1   2   3   4   5  6A  6B    7    8   9   10  11  12  13   14  15   16   17  18
                                     12Z  AVG MX 2MIN
DY MAX MIN AVG DEP HDD CDD  WTR  SNW DPTH SPD SPD DIR MIN PSBL S-S WX    SPD DR
================================================================================

 1  73  41  57   M   8   0 0.00  0.0    0  2.5  8  30   M    M   0        18 340
 2  76  40  58   M   7   0 0.00  0.0    0  3.8  9  80   M    M   0         M  M
 3  78  43  61   M   4   0 0.00  0.0    0  1.9  7 270   M    M   1         M  M
 4  84  53  69   M   0   4 0.00  0.0    0  1.5  7 220   M    M   3         M  M
 5  86  54  70   M   0   5 0.00  0.0    0  6.1 14 190   M    M   1        18 180
 6  78  55  67   M   0   2 0.32  0.0    0  5.8 12 320   M    M   5 18     18 340
 7  71  51  61   M   4   0 0.00  0.0    0  5.0 14  30   M    M   6 1      17  30
 8  75  47  61   M   4   0 0.00  0.0    0  2.3  8 110   M    M   5 8       M  M
 9  79  45  62   M   3   0 0.00  0.0    0  1.3  6 260   M    M   3 1       M  M
10  83  50  67   M   0   2 0.00  0.0    0  2.4  8 170   M    M   1         M  M
11  82  56  69   M   0   4 0.00  0.0    0  3.6 13 170   M    M   3         M  M
12  87  58  73   M   0   8 0.00  0.0    0  4.2 12 150   M    M   6 1       M  M
13  87  63  75   M   0  10 1.45  0.0    0  3.9 14 350   M    M   3 3      25 350
14  82  58  70   M   0   5 0.00  0.0    0  5.0 13  10   M    M   4        18  30
15  80  50  65   M   0   0 0.00  0.0    0  2.1  7 160   M    M   1         M  M
16  69  55  62   M   3   0 0.09  0.0    0  4.6  9 160   M    M   6 13      M  M
17  89  68  79   M   0  14 0.00  0.0    0  2.6  9 280   M    M   3 1       M  M
18  88  66  77   M   0  12 0.71  0.0    0  4.0 13 290   M    M   2 3      28 330
19  82  59  71   M   0   6 0.00  0.0    0  4.8 12 260   M    M   1        17 240
20  83  55  69   M   0   4 0.04  0.0    0  5.6 17 310   M    M   2        24 310
21  80  48  64   M   1   0 0.00  0.0    0  4.1 13 300   M    M   1        18 300
22  82  51  67   M   0   2 0.00  0.0    0  1.6  8 220   M    M   2         M  M
23  85  52  69   M   0   4 0.00  0.0    0  1.8  8 170   M    M   2         M  M
24  82  56  69   M   0   4 0.16  0.0    0  3.3 14 170   M    M   4        17 180
25  87  61  74   M   0   9 0.00  0.0    0  2.4  9 340   M    M   1 1       M  M
26  85  59  72   M   0   7 0.00  0.0    0  2.6 10 150   M    M   1 1       M  M
27  89  55  72   M   0   7 0.00  0.0    0  3.7 10 120   M    M   1         M  M
28  84  68  76   M   0  11 0.26  0.0    0  4.3  8 200   M    M   4        24 230
================================================================================
SM 2286 1517        34 120  3.03     0.0  96.8          M       72
================================================================================
AV 81.6 54.2                               3.5 FASTST   M    M   3    MAX(MPH)
                                 MISC ---->    17   M                 28    M
================================================================================
NOTES:
# LAST OF SEVERAL OCCURRENCES

COLUMN 17 PEAK WIND IN M.P.H.

PRELIMINARY LOCAL CLIMATOLOGICAL DATA (WS FORM: F-6) , PAGE 2

                                          STATION:  SPARTA - FORT MCCOY WI
                                          MONTH:    JULY
                                          YEAR:     2015
                                          LATITUDE:   43 58 N
                                          LONGITUDE:  90 44 W

[TEMPERATURE DATA]      [PRECIPITATION DATA]       SYMBOLS USED IN COLUMN 16

AVERAGE MONTHLY: 67.9   TOTAL FOR MONTH:   3.03    1 = FOG OR MIST
DPTR FM NORMAL:     M   DPTR FM NORMAL:       M    2 = FOG REDUCING VISIBILITY
HIGHEST:    89 ON 27,17 GRTST 24HR  1.45 ON 13-13      TO 1/4 MILE OR LESS
LOWEST:     40 ON  2                               3 = THUNDER
                        SNOW, ICE PELLETS, HAIL    4 = ICE PELLETS
                        TOTAL MONTH:   0.0 INCH    5 = HAIL
                        GRTST 24HR     0.0         6 = FREEZING RAIN OR DRIZZLE
                        GRTST DEPTH:   0           7 = DUSTSTORM OR SANDSTORM:
                                                       VSBY 1/2 MILE OR LESS
                                                   8 = SMOKE OR HAZE
[NO. OF DAYS WITH]      [WEATHER - DAYS WITH]      9 = BLOWING SNOW
                                                   X = TORNADO
MAX 32 OR BELOW:   0    0.01 INCH OR MORE:   7
MAX 90 OR ABOVE:   0    0.10 INCH OR MORE:   5
MIN 32 OR BELOW:   0    0.50 INCH OR MORE:   2
MIN  0 OR BELOW:   0    1.00 INCH OR MORE:   1

[HDD (BASE 65) ]
TOTAL THIS MO.    34    CLEAR  (SCALE 0-3)  16
DPTR FM NORMAL     M    PTCLDY (SCALE 4-7)  12
TOTAL FM JUL 1    34    CLOUDY (SCALE 8-10)  0
DPTR FM NORMAL     M

[CDD (BASE 65) ]
TOTAL THIS MO.   120
DPTR FM NORMAL     M    [PRESSURE DATA]
TOTAL FM JAN 1   211    HIGHEST SLP M ON M
DPTR FM NORMAL     M    LOWEST  SLP M ON M

[REMARKS]
