000
CXUS53 KARX 280930
CF6CMY
PRELIMINARY LOCAL CLIMATOLOGICAL DATA (WS FORM: F-6)

                                          STATION:   SPARTA - FORT MCCOY WI
                                          MONTH:     MAY
                                          YEAR:      2017
                                          LATITUDE:   43 58 N
                                          LONGITUDE:  90 44 W

  TEMPERATURE IN F:       :PCPN:    SNOW:  WIND      :SUNSHINE: SKY     :PK WND
================================================================================
1   2   3   4   5  6A  6B    7    8   9   10  11  12  13   14  15   16   17  18
                                     12Z  AVG MX 2MIN
DY MAX MIN AVG DEP HDD CDD  WTR  SNW DPTH SPD SPD DIR MIN PSBL S-S WX    SPD DR
================================================================================

 1  45  35  40   M  25   0 0.55    M    0  5.4 10 270   M    M  10 1       M  M
 2  55  30  43   M  22   0 0.01  0.0    0 10.2 17 310   M    M   7        28 330
 3  66  25  46   M  19   0 0.00  0.0    0  2.8 10 190   M    M   2         M  M
 4  69  29  49   M  16   0 0.00  0.0    0  4.4 16  20   M    M   3        23 360
 5  70  32  51   M  14   0 0.03  0.0    0  4.9 15  60   M    M   3        22 110
 6  66  39  53   M  12   0 0.00  0.0    0  7.0 15 310   M    M   3        21 340
 7  64  29  47   M  18   0 0.00  0.0    0  3.8 13  40   M    M   0        16  40
 8  66  33  50   M  15   0 0.24  0.0    0  6.5 12  90   M    M   3 3       M  M
 9  57  45  51   M  14   0 0.04  0.0    0  2.9  8 100   M    M   8 1       M  M
10  68  44  56   M   9   0 0.03  0.0    0  1.1  5 220   M    M   8 12      M  M
11  71  42  57   M   8   0 0.00    M    0  3.4 10 340   M    M   5 12     16 290
12  73  36  55   M  10   0 0.00  0.0    0  3.2 12  40   M    M   2        16 340
13  80  49  65   M   0   0 0.00  0.0    0  4.8 16 300   M    M   2        20 350
14  79  42  61   M   4   0 0.00  0.0    0  6.9 13 130   M    M   2        21 110
15  79  49  64   M   1   0 0.14    M    0  5.8  9  20   M    M   3 3      18 130
16  84  58  71   M   0   6 0.34  0.0    0  9.0 16 170   M    M   6 3      24 190
17  78  56  67   M   0   2 0.63  0.0    0  6.4 23 330   M    M   6 3      29 330
18  60  42  51   M  14   0 0.01    M    0  9.2 16 320   M    M   8        22 280
19  54  40  47   M  18   0 0.00  0.0    0  9.2 17  50   M    M   5        27  50
20  50  44  47   M  18   0 0.61  0.0    0 10.1 16  90   M    M   9 1      25  90
21  54  47  51   M  14   0 0.03  0.0    0  6.5 13 240   M    M  10 1      22 230
22  69  40  55   M  10   0 0.37  0.0    0  4.9 12 210   M    M   4 3      17 250
23  59  44  52   M  13   0 0.55  0.0    0  4.8 12  90   M    M  10 12      M  M
24  56  45  51   M  14   0 0.02  0.0    0  4.3  9 360   M    M  10 1       M  M
25  73  42  58   M   7   0    T  0.0    0  1.6  8 170   M    M   6 1       M  M
26  72  50  61   M   4   0 0.08  0.0    0  3.9 10 160   M    M   4 1       M  M
27  74  46  60   M   5   0    T  0.0    0  2.9 10 270   M    M   4         M  M
================================================================================
SM 1791 1113       304   8  3.68     0.0 145.9          M      143
================================================================================
AV 66.3 41.2                               5.4 FASTST   M    M   5    MAX(MPH)
                                 MISC ---->  # 23 330               # 29  330
================================================================================
NOTES:
# LAST OF SEVERAL OCCURRENCES

COLUMN 17 PEAK WIND IN M.P.H.

PRELIMINARY LOCAL CLIMATOLOGICAL DATA (WS FORM: F-6) , PAGE 2

                                          STATION:  SPARTA - FORT MCCOY WI
                                          MONTH:    MAY
                                          YEAR:     2017
                                          LATITUDE:   43 58 N
                                          LONGITUDE:  90 44 W

[TEMPERATURE DATA]      [PRECIPITATION DATA]       SYMBOLS USED IN COLUMN 16

AVERAGE MONTHLY: 53.8   TOTAL FOR MONTH:   3.68    1 = FOG OR MIST
DPTR FM NORMAL:     M   DPTR FM NORMAL:       M    2 = FOG REDUCING VISIBILITY
HIGHEST:    84 ON 16    GRTST 24HR  0.63 ON 17-17      TO 1/4 MILE OR LESS
LOWEST:     25 ON  3                               3 = THUNDER
                        SNOW, ICE PELLETS, HAIL    4 = ICE PELLETS
                        TOTAL MONTH:   0.0 INCH    5 = HAIL
                        GRTST 24HR     0.0         6 = FREEZING RAIN OR DRIZZLE
                        GRTST DEPTH:   0           7 = DUSTSTORM OR SANDSTORM:
                                                       VSBY 1/2 MILE OR LESS
                                                   8 = SMOKE OR HAZE
[NO. OF DAYS WITH]      [WEATHER - DAYS WITH]      9 = BLOWING SNOW
                                                   X = TORNADO
MAX 32 OR BELOW:   0    0.01 INCH OR MORE:  16
MAX 90 OR ABOVE:   0    0.10 INCH OR MORE:   8
MIN 32 OR BELOW:   5    0.50 INCH OR MORE:   4
MIN  0 OR BELOW:   0    1.00 INCH OR MORE:   0

[HDD (BASE 65) ]
TOTAL THIS MO.   304    CLEAR  (SCALE 0-3)   9
DPTR FM NORMAL     M    PTCLDY (SCALE 4-7)  12
TOTAL FM JUL 1  6870    CLOUDY (SCALE 8-10)  6
DPTR FM NORMAL     M

[CDD (BASE 65) ]
TOTAL THIS MO.     8
DPTR FM NORMAL     M    [PRESSURE DATA]
TOTAL FM JAN 1     8    HIGHEST SLP M ON M
DPTR FM NORMAL     M    LOWEST  SLP M ON M

[REMARKS]
