000
CXUS53 KARX 280930
CF6CMY
PRELIMINARY LOCAL CLIMATOLOGICAL DATA (WS FORM: F-6)

                                          STATION:   SPARTA - FORT MCCOY WI
                                          MONTH:     AUGUST
                                          YEAR:      2015
                                          LATITUDE:   43 58 N
                                          LONGITUDE:  90 44 W

  TEMPERATURE IN F:       :PCPN:    SNOW:  WIND      :SUNSHINE: SKY     :PK WND
================================================================================
1   2   3   4   5  6A  6B    7    8   9   10  11  12  13   14  15   16   17  18
                                     12Z  AVG MX 2MIN
DY MAX MIN AVG DEP HDD CDD  WTR  SNW DPTH SPD SPD DIR MIN PSBL S-S WX    SPD DR
================================================================================

 1  85  50  68   M   0   3 0.00  0.0    0  2.7 13 250   M    M   2        17 290
 2  92  68  80   M   0  15 0.00  0.0    0  8.4 22 290   M    M   1        30 290
 3  80  48  64   M   1   0 0.00  0.0    0  6.3 17 300   M    M   2        27 280
 4  80  46  63   M   2   0 0.00  0.0    0  3.7 13 280   M    M   1        18 280
 5  84  46  65   M   0   0 0.00  0.0    0  2.0 12 300   M    M   1         M  M
 6  83  53  68   M   0   3    T  0.0    0  4.1 13 170   M    M   3         M  M
 7  82  58  70   M   0   5 1.11  0.0    0  5.6 15 140   M    M   6 3      22 140
 8  74  58  66   M   0   1 0.00  0.0    0  2.8  9  90   M    M   7         M  M
 9  84  56  70   M   0   5 0.00  0.0    0  1.2  9 300   M    M   7 1       M  M
10  83  57  70   M   0   5 0.01  0.0    0  4.0 13 350   M    M   4 1      21 350
11  82  51  67   M   0   2 0.00  0.0    0  4.0 13 310   M    M   1        20 310
12  83  47  65   M   0   0 0.00  0.0    0  2.3  9 240   M    M   1         M  M
13  86  59  73   M   0   8 0.17  0.0    0  3.2  8 210   M    M   3 3      20 230
14  92  67  80   M   0  15 0.00  0.0    0  3.7 12 280   M    M   0        17 280
15  91  64  78   M   0  13 0.00  0.0    0  2.2  7 290   M    M   2         M  M
16  90  64  77   M   0  12 0.00  0.0    0  4.5 10 210   M    M   1        20 240
17  75  64  70   M   0   5 0.21  0.0    0  2.0  8  20   M    M   8         M  M
18  72  65  69   M   0   4 0.36  0.0    0  3.7 18 110   M    M  10        23 110
19  67  56  62   M   3   0 0.19  0.0    0  7.7 16 190   M    M  10 1      22 190
20  72  46  59   M   6   0 0.01  0.0    0  7.0 15 290   M    M   6        23 280
21  84  45  65   M   0   0 0.00  0.0    0  5.1 15 190   M    M   3        22 190
22  82  63  73   M   0   8 0.00  0.0    0 12.0 22 180   M    M   1 3      30 180
23  70  56  63   M   2   0 0.07  0.0    0  9.2 20 250   M    M   7        28 250
24  61  50  56   M   9   0 0.00  0.0    0  8.6 21 290   M    M   7        27 290
25  66  47  57   M   8   0 0.00  0.0    0  6.7 14 320   M    M   9        23 320
26  74  44  59   M   6   0 0.00  0.0    0  1.8  8 290   M    M   3 12      M  M
27  77  43  60   M   5   0 0.00  0.0    0  2.6 12 160   M    M   3         M  M
================================================================================
SM 2151 1471        42 104  2.13     0.0 127.1          M      109
================================================================================
AV 79.7 54.5                               4.7 FASTST   M    M   4    MAX(MPH)
                                 MISC ---->    22   M                 30    M
================================================================================
NOTES:
# LAST OF SEVERAL OCCURRENCES

COLUMN 17 PEAK WIND IN M.P.H.

PRELIMINARY LOCAL CLIMATOLOGICAL DATA (WS FORM: F-6) , PAGE 2

                                          STATION:  SPARTA - FORT MCCOY WI
                                          MONTH:    AUGUST
                                          YEAR:     2015
                                          LATITUDE:   43 58 N
                                          LONGITUDE:  90 44 W

[TEMPERATURE DATA]      [PRECIPITATION DATA]       SYMBOLS USED IN COLUMN 16

AVERAGE MONTHLY: 67.1   TOTAL FOR MONTH:   2.13    1 = FOG OR MIST
DPTR FM NORMAL:     M   DPTR FM NORMAL:       M    2 = FOG REDUCING VISIBILITY
HIGHEST:    92 ON 14, 2 GRTST 24HR  1.11 ON  7- 7      TO 1/4 MILE OR LESS
LOWEST:     43 ON 27                               3 = THUNDER
                        SNOW, ICE PELLETS, HAIL    4 = ICE PELLETS
                        TOTAL MONTH:   0.0 INCH    5 = HAIL
                        GRTST 24HR     0.0         6 = FREEZING RAIN OR DRIZZLE
                        GRTST DEPTH:   0           7 = DUSTSTORM OR SANDSTORM:
                                                       VSBY 1/2 MILE OR LESS
                                                   8 = SMOKE OR HAZE
[NO. OF DAYS WITH]      [WEATHER - DAYS WITH]      9 = BLOWING SNOW
                                                   X = TORNADO
MAX 32 OR BELOW:   0    0.01 INCH OR MORE:   8
MAX 90 OR ABOVE:   4    0.10 INCH OR MORE:   5
MIN 32 OR BELOW:   0    0.50 INCH OR MORE:   1
MIN  0 OR BELOW:   0    1.00 INCH OR MORE:   1

[HDD (BASE 65) ]
TOTAL THIS MO.    42    CLEAR  (SCALE 0-3)  15
DPTR FM NORMAL     M    PTCLDY (SCALE 4-7)   9
TOTAL FM JUL 1    76    CLOUDY (SCALE 8-10)  3
DPTR FM NORMAL     M

[CDD (BASE 65) ]
TOTAL THIS MO.   104
DPTR FM NORMAL     M    [PRESSURE DATA]
TOTAL FM JAN 1   333    HIGHEST SLP M ON M
DPTR FM NORMAL     M    LOWEST  SLP M ON M

[REMARKS]
