000
CXUS54 KMAF 261100
CF6CNM
PRELIMINARY LOCAL CLIMATOLOGICAL DATA (WS FORM: F-6)

                                          STATION:   Carlsbad
                                          MONTH:     MARCH
                                          YEAR:      2017
                                          LATITUDE:   32 20 N
                                          LONGITUDE: 104 15 W

  TEMPERATURE IN F:       :PCPN:    SNOW:  WIND      :SUNSHINE: SKY     :PK WND
================================================================================
1   2   3   4   5  6A  6B    7    8   9   10  11  12  13   14  15   16   17  18
                                     12Z  AVG MX 2MIN
DY MAX MIN AVG DEP HDD CDD  WTR  SNW DPTH SPD SPD DIR MIN PSBL S-S WX    SPD DR
================================================================================

 1  63  41  52   1  13   0 0.00  0.0    0  8.7 28 280   M    M   0        32 270
 2  65  31  48  -3  17   0 0.00  0.0    0  6.7 15 180   M    M   0        19 180
 3  62  35  49  -3  16   0 0.00  0.0    0  9.1 20 160   M    M   0        25 150
 4  70  43  57   5   8   0 0.00  0.0    0  8.9 21 140   M    M   2        24 150
 5  82  41  62  10   3   0 0.00  0.0    0  8.8 30 220   M    M   3 12     36 200
 6  81  47  64  12   1   0 0.00  0.0    0 14.3 38 240   M    M   0        49 240
 7  67  40  54   2  11   0 0.00  0.0    0  8.1 16 150   M    M   6 8      20 170
 8  81  34  58   5   7   0 0.00  0.0    0  5.4 14 170   M    M   2 8      17 170
 9  87  43  65  12   0   0 0.00  0.0    0  6.9 22 250   M    M   0        28 240
10  80  42  61   8   4   0 0.00  0.0    0 10.3 25 330   M    M   0        30 350
11  84  47  66  12   0   1 0.00  0.0    0 10.9 13 360   M    M   4 18     18  40
12  70  42  56   2   9   0 0.00  0.0    0  9.5 21 170   M    M   5 1      26 170
13  65  41  53  -1  12   0 0.00  0.0    0 12.5 25 320   M    M   1        32 320
14  85  38  62   8   3   0 0.00  0.0    0  6.1 13 220   M    M   0        16 240
15  80  40  60   6   5   0 0.00  0.0    0  8.1 15 360   M    M   0        20 330
16  90  41  66  11   0   1 0.00  0.0    0 10.8 30 260   M    M   2 12     39 270
17  88  43  66  11   0   1 0.00  0.0    0  8.9 20 340   M    M   0        26 330
18  85  50  68  13   0   3 0.00  0.0    0  9.5 17 330   M    M   0        20 320
19  92  48  70  14   0   5 0.00  0.0    0  6.1 20 210   M    M   0 8      26 210
20  92  47  70  14   0   5 0.00  0.0    0  6.8 16 150   M    M   0        20 150
21  92  48  70  14   0   5 0.00  0.0    0  5.7 16 200   M    M   0        20 180
22  88  50  69  13   0   4 0.00  0.0    0 10.9 24 160   M    M   0        34 160
23  94  54  74  17   0   9 0.00  0.0    0 23.8 46 220   M    M   2 18     58 230
24  79  46  63   6   2   0 0.00  0.0    0 23.7 45 260   M    M   1        55 250
25  79  36  58   1   7   0 0.00  0.0    0 10.9 22 160   M    M   0        31 150
================================================================================
SM 2001 1068       118  34  0.00     0.0 251.4          M       28
================================================================================
AV 80.0 42.7                              10.1 FASTST   M    M   1    MAX(MPH)
                                 MISC ---->  # 46 220               # 58  230
================================================================================
NOTES:
# LAST OF SEVERAL OCCURRENCES

COLUMN 17 PEAK WIND IN M.P.H.

PRELIMINARY LOCAL CLIMATOLOGICAL DATA (WS FORM: F-6) , PAGE 2

                                          STATION:  Carlsbad
                                          MONTH:    MARCH
                                          YEAR:     2017
                                          LATITUDE:   32 20 N
                                          LONGITUDE: 104 15 W

[TEMPERATURE DATA]      [PRECIPITATION DATA]       SYMBOLS USED IN COLUMN 16

AVERAGE MONTHLY: 61.4   TOTAL FOR MONTH:   0.00    1 = FOG OR MIST
DPTR FM NORMAL:   7.3   DPTR FM NORMAL:   -0.41    2 = FOG REDUCING VISIBILITY
HIGHEST:    94 ON 23    GRTST 24HR  0.00 ON 25-25      TO 1/4 MILE OR LESS
LOWEST:     31 ON  2                               3 = THUNDER
                        SNOW, ICE PELLETS, HAIL    4 = ICE PELLETS
                        TOTAL MONTH:   0.0 INCH    5 = HAIL
                        GRTST 24HR     0.0         6 = FREEZING RAIN OR DRIZZLE
                        GRTST DEPTH:   0           7 = DUSTSTORM OR SANDSTORM:
                                                       VSBY 1/2 MILE OR LESS
                                                   8 = SMOKE OR HAZE
[NO. OF DAYS WITH]      [WEATHER - DAYS WITH]      9 = BLOWING SNOW
                                                   X = TORNADO
MAX 32 OR BELOW:   0    0.01 INCH OR MORE:   0
MAX 90 OR ABOVE:   5    0.10 INCH OR MORE:   0
MIN 32 OR BELOW:   1    0.50 INCH OR MORE:   0
MIN  0 OR BELOW:   0    1.00 INCH OR MORE:   0

[HDD (BASE 65) ]
TOTAL THIS MO.   118    CLEAR  (SCALE 0-3)  22
DPTR FM NORMAL  -163    PTCLDY (SCALE 4-7)   3
TOTAL FM JUL 1  1918    CLOUDY (SCALE 8-10)  0
DPTR FM NORMAL  -722

[CDD (BASE 65) ]
TOTAL THIS MO.    34
DPTR FM NORMAL    34    [PRESSURE DATA]
TOTAL FM JAN 1    38    HIGHEST SLP M ON M
DPTR FM NORMAL    37    LOWEST  SLP 29.52 ON 23

[REMARKS]
