000
CXUS51 KGYX 171000
CF6CON
PRELIMINARY LOCAL CLIMATOLOGICAL DATA (WS FORM: F-6)

                                          STATION:   CONCORD NH
                                          MONTH:     JANUARY
                                          YEAR:      2017
                                          LATITUDE:   43 12 N
                                          LONGITUDE:  71 30 W

  TEMPERATURE IN F:       :PCPN:    SNOW:  WIND      :SUNSHINE: SKY     :PK WND
================================================================================
1   2   3   4   5  6A  6B    7    8   9   10  11  12  13   14  15   16   17  18
                                     12Z  AVG MX 2MIN
DY MAX MIN AVG DEP HDD CDD  WTR  SNW DPTH SPD SPD DIR MIN PSBL S-S WX    SPD DR
================================================================================

 1  42  18  30   8  35   0 0.02  0.2   14  6.8 22 290   M    M   2 1      30 290
 2  36   9  23   1  42   0 0.00  0.0   13  0.3  6 300   M    M   3         7 300
 3  38  28  33  12  32   0 0.63    T   13  5.8 14  40   M    M  10 168    20  30
 4  46  30  38  17  27   0 0.13  0.0   10  8.3 15 280   M    M   7 1      37 280
 5  32  22  27   6  38   0 0.01    M   10 10.5 28 260   M    M   1 1      39 270
 6  28   9  19  -2  46   0 0.01  0.4   11  3.7 13 310   M    M   7 18     16 330
 7  19   6  13  -8  52   0 0.11  1.4   10  3.3 10 360   M    M   6 1      13 350
 8  20  -1  10 -11  55   0    T    T   12  7.2 17 320   M    M   2 1      24 330
 9  19  -5   7 -13  58   0 0.00  0.0   11  3.8 12 300   M    M   1        20 330
10  39  -2  19  -1  46   0 0.03  0.2   11  3.9 16 150   M    M   4 1      23 160
11  53  33  43  23  22   0 0.17  0.0   10  9.7 23 200   M    M   3 1      29 200
12  56  38  47  27  18   0 0.07  0.0   10  5.8 15 160   M    M   8 1      18 150
13  52  19  36  16  29   0 0.00  0.0    8 13.6 25 300   M    M   2        36 270
14  28  10  19  -1  46   0 0.00  0.0    8  3.4 16 340   M    M   3        23 320
15  34  10  22   2  43   0 0.00  0.0    8  4.6 17 330   M    M   1        24 330
16  40   7  24   4  41   0 0.00  0.0    7  2.1 14 230   M    M   0        19 230
================================================================================
SM  582  231       630   0  1.18     2.2  92.8          M       60
================================================================================
AV 36.4 14.4                               5.8 FASTST   M    M   4    MAX(MPH)
                                 MISC ---->  # 28 260               # 39  270
================================================================================
NOTES:
# LAST OF SEVERAL OCCURRENCES

COLUMN 17 PEAK WIND IN M.P.H.

PRELIMINARY LOCAL CLIMATOLOGICAL DATA (WS FORM: F-6) , PAGE 2

                                          STATION:  CONCORD NH
                                          MONTH:    JANUARY
                                          YEAR:     2017
                                          LATITUDE:   43 12 N
                                          LONGITUDE:  71 30 W

[TEMPERATURE DATA]      [PRECIPITATION DATA]       SYMBOLS USED IN COLUMN 16

AVERAGE MONTHLY: 25.4   TOTAL FOR MONTH:   1.18    1 = FOG OR MIST
DPTR FM NORMAL:   4.8   DPTR FM NORMAL:   -0.21    2 = FOG REDUCING VISIBILITY
HIGHEST:    56 ON 12    GRTST 24HR  0.73 ON  3- 4      TO 1/4 MILE OR LESS
LOWEST:     -5 ON  9                               3 = THUNDER
                        SNOW, ICE PELLETS, HAIL    4 = ICE PELLETS
                        TOTAL MONTH:   2.2 INCHES  5 = HAIL
                        GRTST 24HR   1.4 ON   M    6 = FREEZING RAIN OR DRIZZLE
                        GRTST DEPTH:  14 ON  1     7 = DUSTSTORM OR SANDSTORM:
                                                       VSBY 1/2 MILE OR LESS
                                                   8 = SMOKE OR HAZE
[NO. OF DAYS WITH]      [WEATHER - DAYS WITH]      9 = BLOWING SNOW
                                                   X = TORNADO
MAX 32 OR BELOW:   6    0.01 INCH OR MORE:   9
MAX 90 OR ABOVE:   0    0.10 INCH OR MORE:   4
MIN 32 OR BELOW:  14    0.50 INCH OR MORE:   1
MIN  0 OR BELOW:   3    1.00 INCH OR MORE:   0

[HDD (BASE 65) ]
TOTAL THIS MO.   630    CLEAR  (SCALE 0-3)   9
DPTR FM NORMAL   -80    PTCLDY (SCALE 4-7)   6
TOTAL FM JUL 1  3033    CLOUDY (SCALE 8-10)  1
DPTR FM NORMAL  -423

[CDD (BASE 65) ]
TOTAL THIS MO.     0
DPTR FM NORMAL     0    [PRESSURE DATA]
TOTAL FM JAN 1     0    HIGHEST SLP M ON M
DPTR FM NORMAL     0    LOWEST  SLP 29.48 ON  3

[REMARKS]
