000
CXUS55 KPUB 271059
CF6COS
PRELIMINARY LOCAL CLIMATOLOGICAL DATA (WS FORM: F-6)

                                          STATION:   COLORADO SPRINGS CO
                                          MONTH:     MARCH
                                          YEAR:      2015
                                          LATITUDE:   38 49 N
                                          LONGITUDE: 104 43 W

  TEMPERATURE IN F:       :PCPN:    SNOW:  WIND      :SUNSHINE: SKY     :PK WND
================================================================================
1   2   3   4   5  6A  6B    7    8   9   10  11  12  13   14  15   16   17  18
                                     12Z  AVG MX 2MIN
DY MAX MIN AVG DEP HDD CDD  WTR  SNW DPTH SPD SPD DIR MIN PSBL S-S WX    SPD DR
================================================================================

 1  31  10  21 -14  44   0 0.02  0.3    4  6.2 14 190   M    M   7 1      16 160
 2  38  20  29  -7  36   0    T    T    2  6.7 20 240   M    M   9 18     28 270
 3  45  21  33  -3  32   0 0.03  0.3    2 13.8 33 250   M    M   6 18     45 240
 4  21   8  15 -21  50   0 0.08  3.3    4  8.0 17  20   M    M  10 1      20 120
 5  37  -2  18 -18  47   0    T    T    5  6.4 14  20   M    M   5 18     14  20
 6  50  19  35  -2  30   0 0.00  0.0    3  7.2 13  30   M    M   1        15 130
 7  52  26  39   2  26   0 0.00  0.0    3 11.0 26 160   M    M   1        33 160
 8  51  32  42   5  23   0 0.00  0.0    1 10.6 20  20   M    M   5        26 340
 9  56  25  41   4  24   0 0.00  0.0    0  6.1 15 130   M    M   2        19 160
10  62  31  47   9  18   0 0.00  0.0    0 10.7 23 350   M    M   1        29  20
11  65  30  48  10  17   0 0.00  0.0    0  7.9 21 180   M    M   4        25 150
12  64  39  52  14  13   0 0.00  0.0    0 11.2 23  10   M    M   8        30  10
13  56  38  47   9  18   0 0.00  0.0    0 13.8 25  10   M    M   8        33 330
14  62  28  45   6  20   0 0.00  0.0    0  8.8 20 160   M    M   3        26 140
15  74  31  53  14  12   0 0.00  0.0    0  6.7 18 150   M    M   5        23 140
16  80  37  59  20   6   0 0.00  0.0    0 11.8 25 360   M    M   2        31 360
17  46  36  41   2  24   0    T  0.0    0 11.9 23  50   M    M   9 12     27  50
18  63  32  48   8  17   0 0.20  0.0    0  6.4 20 290   M    M   9 1      24 300
19  46  31  39  -1  26   0 0.44  0.0    0 11.6 25 350   M    M   8 1      30 340
20  61  30  46   6  19   0 0.00  0.0    0  5.8 15 160   M    M   2        21 170
21  64  31  48   8  17   0 0.00  0.0    0  7.0 15 130   M    M   1        21 110
22  70  37  54  14  11   0 0.00  0.0    0 11.0 31  90   M    M   6        35  80
23  61  37  49   8  16   0 0.00  0.0    0 13.5 29  20   M    M   4        32 170
24  66  36  51  10  14   0 0.01  0.0    0 10.5 43 310   M    M   6        54 310
25  48  26  37  -4  28   0 0.03    T    0 13.3 35  30   M    M   6 1      41  30
26  59  23  41   0  24   0 0.00  0.0    0  5.8 15 210   M    M   6 8      20 200
================================================================================
SM 1428  712       612   0  0.81     3.9 243.7          M      134
================================================================================
AV 54.9 27.4                               9.4 FASTST   M    M   5    MAX(MPH)
                                 MISC ---->  # 43 310               # 54  310
================================================================================
NOTES:
# LAST OF SEVERAL OCCURRENCES

COLUMN 17 PEAK WIND IN M.P.H.

PRELIMINARY LOCAL CLIMATOLOGICAL DATA (WS FORM: F-6) , PAGE 2

                                          STATION:  COLORADO SPRINGS CO
                                          MONTH:    MARCH
                                          YEAR:     2015
                                          LATITUDE:   38 49 N
                                          LONGITUDE: 104 43 W

[TEMPERATURE DATA]      [PRECIPITATION DATA]       SYMBOLS USED IN COLUMN 16

AVERAGE MONTHLY: 41.2   TOTAL FOR MONTH:   0.81    1 = FOG OR MIST
DPTR FM NORMAL:   2.7   DPTR FM NORMAL:   -0.01    2 = FOG REDUCING VISIBILITY
HIGHEST:    80 ON 16    GRTST 24HR  0.44 ON 19-19      TO 1/4 MILE OR LESS
LOWEST:     -2 ON  5                               3 = THUNDER
                        SNOW, ICE PELLETS, HAIL    4 = ICE PELLETS
                        TOTAL MONTH:   3.9 INCHES  5 = HAIL
                        GRTST 24HR   3.3 ON   M    6 = FREEZING RAIN OR DRIZZLE
                        GRTST DEPTH:   5 ON  5     7 = DUSTSTORM OR SANDSTORM:
                                                       VSBY 1/2 MILE OR LESS
                                                   8 = SMOKE OR HAZE
[NO. OF DAYS WITH]      [WEATHER - DAYS WITH]      9 = BLOWING SNOW
                                                   X = TORNADO
MAX 32 OR BELOW:   2    0.01 INCH OR MORE:   7
MAX 90 OR ABOVE:   0    0.10 INCH OR MORE:   2
MIN 32 OR BELOW:  19    0.50 INCH OR MORE:   0
MIN  0 OR BELOW:   1    1.00 INCH OR MORE:   0

[HDD (BASE 65) ]
TOTAL THIS MO.   612    CLEAR  (SCALE 0-3)   7
DPTR FM NORMAL   -79    PTCLDY (SCALE 4-7)  14
TOTAL FM JUL 1  4833    CLOUDY (SCALE 8-10)  5
DPTR FM NORMAL  -421

[CDD (BASE 65) ]
TOTAL THIS MO.     0
DPTR FM NORMAL     0    [PRESSURE DATA]
TOTAL FM JAN 1     0    HIGHEST SLP M ON M
DPTR FM NORMAL     0    LOWEST  SLP 29.66 ON  2

[REMARKS]
