000
CXUS54 KCRP 251300
CF6COT
PRELIMINARY LOCAL CLIMATOLOGICAL DATA (WS FORM: F-6)

                                          STATION:   COTULLA
                                          MONTH:     OCTOBER
                                          YEAR:      2014
                                          LATITUDE:   28 27 N
                                          LONGITUDE:  99 13 W

  TEMPERATURE IN F:       :PCPN:    SNOW:  WIND      :SUNSHINE: SKY     :PK WND
================================================================================
1   2   3   4   5  6A  6B    7    8   9   10  11  12  13   14  15   16   17  18
                                     12Z  AVG MX 2MIN
DY MAX MIN AVG DEP HDD CDD  WTR  SNW DPTH SPD SPD DIR MIN PSBL S-S WX    SPD DR
================================================================================

 1  97  74  86   9   0  21 0.00  0.0    0  8.6 17 140   M    M   2 1      22 130
 2  98  76  87  11   0  22 0.00  0.0    0  7.1 16 160   M    M   2 18     22 180
 3  90  70  80   4   0  15    T  0.0    0  8.6 24  60   M    M   1 13     31  60
 4  87  60  74  -2   0   9 0.00  0.0    0  8.6 17 130   M    M   0        22 140
 5  92  65  79   3   0  14 0.00  0.0    0  9.8 21 140   M    M   0 1      25 140
 6  94  73  84   8   0  19 0.00  0.0    0  7.0 17 150   M    M   2 1      22  50
 7  96  73  85   9   0  20 0.00  0.0    0  6.2 16 150   M    M   3 12     23 140
 8  95  74  85  10   0  20 0.00  0.0    0 10.6 20 150   M    M   3 18     26 160
 9  96  76  86  11   0  21 0.00  0.0    0 12.5 22 140   M    M   3 8      30 140
10  96  75  86  11   0  21 0.00  0.0    0 11.9 20 140   M    M   2 8      27 140
11  86  69  78   3   0  13    T  0.0    0  8.5 18 350   M    M   6 8      24 350
12  91  65  78   3   0  13    T  0.0    0  8.1 17 160   M    M   6 18     23 170
13  87  58  73  -1   0   8 0.00  0.0    0 12.2 29 340   M    M   0 8      38 330
14  86  50  68  -6   0   3 0.00  0.0    0  5.7 16 340   M    M   0 8      21 320
15  90  50  70  -4   0   5 0.00  0.0    0  3.6 12 170   M    M   0        18 170
16  92  57  75   1   0  10 0.00  0.0    0  6.9 15 140   M    M   0 8      20 150
17  93  60  77   3   0  12 0.00  0.0    0  7.3 15 140   M    M   0        19 140
18  94  72  83   9   0  18 0.00  0.0    0  9.1 23 120   M    M   5 8      29 120
19  89  71  80   7   0  15 0.00  0.0    0  9.7 18 140   M    M   4        25 120
20  88  68  78   5   0  13 0.00  0.0    0  9.1 18 120   M    M   4 18     23 130
21  88  67  78   5   0  13 0.00  0.0    0  8.6 15 130   M    M   2 8      24 120
22  89  66  78   6   0  13 0.00  0.0    0  8.6 16 110   M    M   1 8      21 120
23  87  69  78   6   0  13    T  0.0    0  5.2 10 130   M    M   4        14 120
24  90  63  77   5   0  12 0.00  0.0    0  3.7 10 150   M    M   1        13 150
================================================================================
SM 2191 1601         0 343    T      0.0 197.2          M       51
================================================================================
AV 91.3 66.7                               8.2 FASTST   M    M   2    MAX(MPH)
                                 MISC ---->    29   M                 38    M
================================================================================
NOTES:
# LAST OF SEVERAL OCCURRENCES

COLUMN 17 PEAK WIND IN M.P.H.

PRELIMINARY LOCAL CLIMATOLOGICAL DATA (WS FORM: F-6) , PAGE 2

                                          STATION:  COTULLA
                                          MONTH:    OCTOBER
                                          YEAR:     2014
                                          LATITUDE:   28 27 N
                                          LONGITUDE:  99 13 W

[TEMPERATURE DATA]      [PRECIPITATION DATA]       SYMBOLS USED IN COLUMN 16

AVERAGE MONTHLY: 79.0   TOTAL FOR MONTH:      T    1 = FOG OR MIST
DPTR FM NORMAL:   4.5   DPTR FM NORMAL:   -2.11    2 = FOG REDUCING VISIBILITY
HIGHEST:    98 ON  2    GRTST 24HR  0.25 ON 21-22      TO 1/4 MILE OR LESS
LOWEST:     50 ON 15,14                            3 = THUNDER
                        SNOW, ICE PELLETS, HAIL    4 = ICE PELLETS
                        TOTAL MONTH:   0.0 INCH    5 = HAIL
                        GRTST 24HR     0.0         6 = FREEZING RAIN OR DRIZZLE
                        GRTST DEPTH:   0           7 = DUSTSTORM OR SANDSTORM:
                                                       VSBY 1/2 MILE OR LESS
                                                   8 = SMOKE OR HAZE
[NO. OF DAYS WITH]      [WEATHER - DAYS WITH]      9 = BLOWING SNOW
                                                   X = TORNADO
MAX 32 OR BELOW:   0    0.01 INCH OR MORE:   0
MAX 90 OR ABOVE:  15    0.10 INCH OR MORE:   0
MIN 32 OR BELOW:   0    0.50 INCH OR MORE:   0
MIN  0 OR BELOW:   0    1.00 INCH OR MORE:   0

[HDD (BASE 65) ]
TOTAL THIS MO.     0    CLEAR  (SCALE 0-3)  17
DPTR FM NORMAL    -1    PTCLDY (SCALE 4-7)   7
TOTAL FM JUL 1     0    CLOUDY (SCALE 8-10)  0
DPTR FM NORMAL    -2

[CDD (BASE 65) ]
TOTAL THIS MO.   343
DPTR FM NORMAL   109    [PRESSURE DATA]
TOTAL FM JAN 1  3859    HIGHEST SLP M ON M
DPTR FM NORMAL   319    LOWEST  SLP 29.66 ON 13

[REMARKS]
