051
CXUS53 KLSX 301600
CF6COU
PRELIMINARY LOCAL CLIMATOLOGICAL DATA (WS FORM: F-6)

                                          STATION:   COLUMBIA ASOS
                                          MONTH:     AUGUST
                                          YEAR:      2016
                                          LATITUDE:   38 49 N
                                          LONGITUDE:  92 13 W

  TEMPERATURE IN F:       :PCPN:    SNOW:  WIND      :SUNSHINE: SKY     :PK WND
================================================================================
1   2   3   4   5  6A  6B    7    8   9   10  11  12  13   14  15   16   17  18
                                     12Z  AVG MX 2MIN
DY MAX MIN AVG DEP HDD CDD  WTR  SNW DPTH SPD SPD DIR MIN PSBL S-S WX    SPD DR
================================================================================

 1  77  67  72  -5   0   7 0.87  0.0    0  8.0 15 270   M    M   7 13     19 190
 2  87  70  79   2   0  14 2.68  0.0    0  8.6 23 150   M    M   5 13     30  60
 3  89  70  80   3   0  15    T  0.0    0  4.7 18 130   M    M   3 13     23 140
 4  94  73  84   7   0  19 0.00  0.0    0  6.4 10 240   M    M   0 1      13 210
 5  85  71  78   1   0  13 0.14  0.0    0  8.9 29  30   M    M   4 13     41  20
 6  83  67  75  -2   0  10 0.00  0.0    0  7.0 13  10   M    M   4        15  20
 7  83  65  74  -3   0   9    T  0.0    0  6.2 13 110   M    M   3        17 110
 8  81  69  75  -2   0  10 0.02  0.0    0  7.0 13 120   M    M   9 1      22  80
 9  90  71  81   4   0  16 1.08  0.0    0  5.9 21 360   M    M   5 13     25 360
10  91  74  83   6   0  18    T  0.0    0  6.2 21  60   M    M   3 13     27  60
11  92  74  83   6   0  18 0.00  0.0    0  7.4 13 180   M    M   1 1      18 150
12  89  75  82   5   0  17 0.35  0.0    0  5.6 20 310   M    M   4 13     24 310
13  84  68  76  -1   0  11 0.00  0.0    0  8.5 17 340   M    M   2        22 330
14  81  65  73  -4   0   8 0.00  0.0    0  6.4 17 160   M    M   1        23 160
15  74  66  70  -7   0   5 0.02  0.0    0  6.4 14 360   M    M   9 1      18  20
16  86  66  76  -1   0  11 0.00  0.0    0  4.5 10 160   M    M   2 1      12 310
17  87  66  77   0   0  12 0.00  0.0    0  5.8 12 190   M    M   1 1      14 200
18  88  68  78   2   0  13 0.00  0.0    0  6.5 13 210   M    M   1        16 220
19  85  69  77   1   0  12 0.01  0.0    0  6.9 15 170   M    M   4 1      20 170
20  80  62  71  -5   0   6 0.17  0.0    0  9.5 21 240   M    M   6 13     27 240
21  80  58  69  -7   0   4 0.00  0.0    0  6.0 15 290   M    M   0        20 340
22  81  58  70  -6   0   5 0.00  0.0    0  7.0 14 170   M    M   0        16 150
23  77  63  70  -6   0   5 0.07  0.0    0  9.2 15 180   M    M   4 1      20 180
24  90  71  81   5   0  16 0.03  0.0    0  9.9 31 310   M    M   3 3      38 310
25  89  67  78   3   0  13 0.00  0.0    0  5.1 15 220   M    M   3 3      19 220
26  82  71  77   2   0  12    T  0.0    0  4.7  9 320   M    M   7 12     12 130
27  88  70  79   4   0  14    T  0.0    0  5.1  9 190   M    M   1 1      13 130
28  90  71  81   6   0  16 0.00  0.0    0  5.3 12 120   M    M   0        15 130
29  91  71  81   7   0  16 0.09  0.0    0  4.7 13 100   M    M   1 13     16 100
================================================================================
SM 2474 1976         0 345  5.53     0.0 193.4          M       93
================================================================================
AV 85.3 68.1                               6.7 FASTST   M    M   3    MAX(MPH)
                                 MISC ---->  # 31 310               # 41   20
================================================================================
NOTES:
# LAST OF SEVERAL OCCURRENCES

COLUMN 17 PEAK WIND IN M.P.H.

PRELIMINARY LOCAL CLIMATOLOGICAL DATA (WS FORM: F-6) , PAGE 2

                                          STATION:  COLUMBIA ASOS
                                          MONTH:    AUGUST
                                          YEAR:     2016
                                          LATITUDE:   38 49 N
                                          LONGITUDE:  92 13 W

[TEMPERATURE DATA]      [PRECIPITATION DATA]       SYMBOLS USED IN COLUMN 16

AVERAGE MONTHLY: 76.7   TOTAL FOR MONTH:   5.53    1 = FOG OR MIST
DPTR FM NORMAL:   0.3   DPTR FM NORMAL:    1.45    2 = FOG REDUCING VISIBILITY
HIGHEST:    94 ON  4    GRTST 24HR  2.68 ON  2- 2      TO 1/4 MILE OR LESS
LOWEST:     58 ON 22,21                            3 = THUNDER
                        SNOW, ICE PELLETS, HAIL    4 = ICE PELLETS
                        TOTAL MONTH:   0.0 INCH    5 = HAIL
                        GRTST 24HR     0.0         6 = FREEZING RAIN OR DRIZZLE
                        GRTST DEPTH:   0           7 = DUSTSTORM OR SANDSTORM:
                                                       VSBY 1/2 MILE OR LESS
                                                   8 = SMOKE OR HAZE
[NO. OF DAYS WITH]      [WEATHER - DAYS WITH]      9 = BLOWING SNOW
                                                   X = TORNADO
MAX 32 OR BELOW:   0    0.01 INCH OR MORE:  12
MAX 90 OR ABOVE:   7    0.10 INCH OR MORE:   6
MIN 32 OR BELOW:   0    0.50 INCH OR MORE:   3
MIN  0 OR BELOW:   0    1.00 INCH OR MORE:   2

[HDD (BASE 65) ]
TOTAL THIS MO.     0    CLEAR  (SCALE 0-3)  14
DPTR FM NORMAL     0    PTCLDY (SCALE 4-7)  13
TOTAL FM JUL 1     0    CLOUDY (SCALE 8-10)  2
DPTR FM NORMAL     0

[CDD (BASE 65) ]
TOTAL THIS MO.   345
DPTR FM NORMAL    15    [PRESSURE DATA]
TOTAL FM JAN 1  1287    HIGHEST SLP M ON M
DPTR FM NORMAL   224    LOWEST  SLP 29.69 ON 12

[REMARKS]
