000
CXUS55 KRIW 290945
CF6CPR
PRELIMINARY LOCAL CLIMATOLOGICAL DATA (WS FORM: F-6)

                                          STATION:   CASPER WY
                                          MONTH:     APRIL
                                          YEAR:      2016
                                          LATITUDE:   42 55 N
                                          LONGITUDE: 106 28 W

  TEMPERATURE IN F:       :PCPN:    SNOW:  WIND      :SUNSHINE: SKY     :PK WND
================================================================================
1   2   3   4   5  6A  6B    7    8   9   10  11  12  13   14  15   16   17  18
                                     12Z  AVG MX 2MIN
DY MAX MIN AVG DEP HDD CDD  WTR  SNW DPTH SPD SPD DIR MIN PSBL S-S WX    SPD DR
================================================================================

 1  41  16  29 -10  36   0 0.02  0.2    3 12.3 22 240   M    M   2 1      27 240
 2  52  33  43   4  22   0 0.00  0.0    1 17.7 32 220   M    M   1        44 210
 3  63  35  49   9  16   0 0.00  0.0    T 13.7 28 210   M    M   2        38 220
 4  67  33  50  10  15   0    T  0.0    0 15.9 35 220   M    M   1        46 210
 5  51  30  41   1  24   0    T  0.0    0 18.0 39 290   M    M   1        49 280
 6  68  30  49   9  16   0    T  0.0    0 16.7 32 280   M    M   1        39 250
 7  61  24  43   3  22   0 0.00  0.0    0  6.9 22 320   M    M   1        28 320
 8  64  24  44   3  21   0 0.00  0.0    0  6.1 14  90   M    M   0        20 250
 9  74  30  52  11  13   0    T  0.0    0 16.7 35 220   M    M   1        46 210
10  48  27  38  -3  27   0    T  0.0    0 10.0 21  30   M    M   7        25  40
11  65  19  42   1  23   0 0.00  0.0    0  7.2 21 210   M    M   1 1      30 310
12  69  35  52  10  13   0    T  0.0    0  8.9 20 210   M    M   1        26 210
13  73  44  59  17   6   0    T  0.0    0 16.3 35 250   M    M   2        42 260
14  72  39  56  14   9   0 0.01  0.0    0 16.6 40 230   M    M   6 3      55 240
15  51  32  42   0  23   0 0.02  0.0    0 11.0 29  20   M    M   4 1      36  10
16  43  31  37  -6  28   0    T  0.0    0 16.6 25  30   M    M   9 1      32  30
17  36  29  33 -10  32   0 0.14  2.5    T 14.3 25  10   M    M  10 128    30 360
18  41  31  36  -7  29   0 0.07    T    T  4.4 12 260   M    M  10 168    18  70
19  49  32  41  -3  24   0 0.00  0.0    0  8.0 16 340   M    M  10        20 330
20  62  35  49   5  16   0 0.00  0.0    0  7.7 17  40   M    M   4        22  50
21  69  31  50   6  15   0 0.00  0.0    0  6.7 13 250   M    M   1        21 180
22  78  33  56  12   9   0 0.00  0.0    0  8.6 25 220   M    M   1        32 220
23  79  36  58  13   7   0 0.08  0.0    0 14.4 36 220   M    M   3        50 250
24  42  32  37  -8  28   0 1.50  0.5    T  7.3 20 310   M    M  10 1      24 230
25  57  32  45   0  20   0 0.21  0.0    0 11.7 28  40   M    M   7 13     32  40
26  35  23  29 -17  36   0 1.18  9.9    3  8.6 24  40   M    M  10 12     30  30
27  39  22  31 -15  34   0    T  0.2    0  6.6 15  30   M    M  10 1      20 260
28  36  30  33 -13  32   0    T    T    0  9.0 18  40   M    M  10 18     22  30
================================================================================
SM 1585  848       596   0  3.23    13.3 317.9          M      126
================================================================================
AV 56.6 30.3                              11.4 FASTST   M    M   5    MAX(MPH)
                                 MISC ---->  # 40 230               # 55  240
================================================================================
NOTES:
# LAST OF SEVERAL OCCURRENCES

COLUMN 17 PEAK WIND IN M.P.H.

PRELIMINARY LOCAL CLIMATOLOGICAL DATA (WS FORM: F-6) , PAGE 2

                                          STATION:  CASPER WY
                                          MONTH:    APRIL
                                          YEAR:     2016
                                          LATITUDE:   42 55 N
                                          LONGITUDE: 106 28 W

[TEMPERATURE DATA]      [PRECIPITATION DATA]       SYMBOLS USED IN COLUMN 16

AVERAGE MONTHLY: 43.4   TOTAL FOR MONTH:   3.23    1 = FOG OR MIST
DPTR FM NORMAL:   1.0   DPTR FM NORMAL:    2.05    2 = FOG REDUCING VISIBILITY
HIGHEST:    79 ON 23    GRTST 24HR  1.58 ON 23-24      TO 1/4 MILE OR LESS
LOWEST:     16 ON  1                               3 = THUNDER
                        SNOW, ICE PELLETS, HAIL    4 = ICE PELLETS
                        TOTAL MONTH:  13.3 INCHES  5 = HAIL
                        GRTST 24HR   9.9 ON   M    6 = FREEZING RAIN OR DRIZZLE
                        GRTST DEPTH:   3 ON 26, 1  7 = DUSTSTORM OR SANDSTORM:
                                                       VSBY 1/2 MILE OR LESS
                                                   8 = SMOKE OR HAZE
[NO. OF DAYS WITH]      [WEATHER - DAYS WITH]      9 = BLOWING SNOW
                                                   X = TORNADO
MAX 32 OR BELOW:   0    0.01 INCH OR MORE:   9
MAX 90 OR ABOVE:   0    0.10 INCH OR MORE:   4
MIN 32 OR BELOW:  19    0.50 INCH OR MORE:   2
MIN  0 OR BELOW:   0    1.00 INCH OR MORE:   2

[HDD (BASE 65) ]
TOTAL THIS MO.   596    CLEAR  (SCALE 0-3)  15
DPTR FM NORMAL   -37    PTCLDY (SCALE 4-7)   5
TOTAL FM JUL 1  6385    CLOUDY (SCALE 8-10)  8
DPTR FM NORMAL  -621

[CDD (BASE 65) ]
TOTAL THIS MO.     0
DPTR FM NORMAL     0    [PRESSURE DATA]
TOTAL FM JAN 1     0    HIGHEST SLP M ON M
DPTR FM NORMAL     0    LOWEST  SLP 29.50 ON 23

[REMARKS]
