000
CXUS54 KFWD 290730
CF6CPT
PRELIMINARY LOCAL CLIMATOLOGICAL DATA (WS FORM: F-6)

                                          STATION:   CLEBURNE
                                          MONTH:     APRIL
                                          YEAR:      2017
                                          LATITUDE:   32 20 N
                                          LONGITUDE:  97 24 W

  TEMPERATURE IN F:       :PCPN:    SNOW:  WIND      :SUNSHINE: SKY     :PK WND
================================================================================
1   2   3   4   5  6A  6B    7    8   9   10  11  12  13   14  15   16   17  18
                                     12Z  AVG MX 2MIN
DY MAX MIN AVG DEP HDD CDD  WTR  SNW DPTH SPD SPD DIR MIN PSBL S-S WX    SPD DR
================================================================================

 1  72  59  66   5   0   1 0.00  0.0    0 12.2 17 150   M    M   8 18     25 150
 2  70  55  63   2   2   0 1.74  0.0    0 13.5 21 300   M    M   8 3      30  40
 3  79  48  64   3   1   0 0.00  0.0    0  6.7 13 290   M    M   1 1      20 290
 4  84  57  71   9   0   6 0.00  0.0    0 11.7 21 330   M    M   1 18     35 310
 5  68  45  57  -5   8   0 0.00  0.0    0 16.1 28 330   M    M   0 8      36 340
 6  73  45  59  -3   6   0 0.00  0.0    0  5.8  9 140   M    M   0 8      16  99
 7  77  50  64   2   1   0 0.00  0.0    0  8.8 16 180   M    M   0        23 160
 8  81  57  69   6   0   4 0.00  0.0    0 16.6 24 180   M    M   0 18     33 180
 9  81  64  73  10   0   8 0.00  0.0    0 18.7 28 180   M    M   6 8      37 180
10  79  64  72   9   0   7 0.83  0.0    0 11.1 17 190   M    M   7 138    31 190
11  73  55  64   0   1   0 0.52  0.0    0  9.2 17  40   M    M   8 3      21  50
12  73  61  67   3   0   2 0.00  0.0    0  7.4 13 100   M    M   7 12     17 150
13  79  63  71   7   0   6 0.00  0.0    0  9.8 16 160   M    M   5 1      23 170
14  77  63  70   6   0   5    M  0.0    0 10.4 15 180   M    M   7        25 160
15  79  63  71   6   0   6 0.00  0.0    0   M   M   M   M    M   M         M  M
16  75  64  70   5   0   5 0.00  0.0    0 11.3 17 180   M    M   4        24 180
17  79  61  70   5   0   5 0.13  0.0    0  9.4 25  10   M    M   4 13     43  10
18  79  57  68   2   0   3 0.00  0.0    0  6.5 14 150   M    M   6 12     20 150
19  81  64  73   7   0   8 0.00  0.0    0 11.3 18 190   M    M   5 1      24 180
20  82  68  75   9   0  10 0.00  0.0    0 11.0 16 180   M    M   5        24 200
21  84  63  74   8   0   9 0.00  0.0    0 13.5 23 190   M    M   5        30 190
22  63  48  56 -10   9   0 0.01    M    0 16.4 23  10   M    M   7 3      29 360
23  72  43  58  -9   7   0 0.00  0.0    0  8.5 16 350   M    M   0        21  30
24  77  46  62  -5   3   0 0.00  0.0    0 10.3 17 190   M    M   0        24 190
25  82  59  71   4   0   6 0.00  0.0    0 16.9 24 180   M    M   1        33 190
26  73  52  63  -5   2   0 0.59  0.0    0 13.2 27 320   M    M   4 13     35 340
27  75  45  60  -8   5   0 0.00  0.0    0 10.7 21 170   M    M   0        29 170
28  84  64  74   6   0   9 0.00  0.0    0 12.3 20 180   M    M   5 8      28 180
================================================================================
SM 2151 1583        45 100  3.82     0.0 309.3          M      104
================================================================================
AV 76.8 56.5                              11.5 FASTST   M    M   4    MAX(MPH)
                                 MISC ---->  # 28 330               # 43   10
================================================================================
NOTES:
# LAST OF SEVERAL OCCURRENCES

COLUMN 17 PEAK WIND IN M.P.H.

PRELIMINARY LOCAL CLIMATOLOGICAL DATA (WS FORM: F-6) , PAGE 2

                                          STATION:  CLEBURNE
                                          MONTH:    APRIL
                                          YEAR:     2017
                                          LATITUDE:   32 20 N
                                          LONGITUDE:  97 24 W

[TEMPERATURE DATA]      [PRECIPITATION DATA]       SYMBOLS USED IN COLUMN 16

AVERAGE MONTHLY: 66.7   TOTAL FOR MONTH:   3.82    1 = FOG OR MIST
DPTR FM NORMAL:   2.2   DPTR FM NORMAL:    1.14    2 = FOG REDUCING VISIBILITY
HIGHEST:    84 ON 28,21 GRTST 24HR  1.74 ON  2- 2      TO 1/4 MILE OR LESS
LOWEST:     43 ON 23                               3 = THUNDER
                        SNOW, ICE PELLETS, HAIL    4 = ICE PELLETS
                        TOTAL MONTH:   0.0 INCH    5 = HAIL
                        GRTST 24HR     0.0         6 = FREEZING RAIN OR DRIZZLE
                        GRTST DEPTH:   0           7 = DUSTSTORM OR SANDSTORM:
                                                       VSBY 1/2 MILE OR LESS
                                                   8 = SMOKE OR HAZE
[NO. OF DAYS WITH]      [WEATHER - DAYS WITH]      9 = BLOWING SNOW
                                                   X = TORNADO
MAX 32 OR BELOW:   0    0.01 INCH OR MORE:   6
MAX 90 OR ABOVE:   0    0.10 INCH OR MORE:   5
MIN 32 OR BELOW:   0    0.50 INCH OR MORE:   4
MIN  0 OR BELOW:   0    1.00 INCH OR MORE:   1

[HDD (BASE 65) ]
TOTAL THIS MO.    45    CLEAR  (SCALE 0-3)  10
DPTR FM NORMAL   -48    PTCLDY (SCALE 4-7)  16
TOTAL FM JUL 1  1441    CLOUDY (SCALE 8-10)  1
DPTR FM NORMAL  -996

[CDD (BASE 65) ]
TOTAL THIS MO.   100
DPTR FM NORMAL    21    [PRESSURE DATA]
TOTAL FM JAN 1   224    HIGHEST SLP M ON M
DPTR FM NORMAL   122    LOWEST  SLP M ON M

[REMARKS]
