000
CXUS55 KLOX 271655
CF6CQT
PRELIMINARY LOCAL CLIMATOLOGICAL DATA (WS FORM: F-6)

                                          STATION:   DOWNTOWN LOS ANGELES (USC) CA
                                          MONTH:     MAY
                                          YEAR:      2016
                                          LATITUDE:   34  1 N
                                          LONGITUDE: 118 17 W

  TEMPERATURE IN F:       :PCPN:    SNOW:  WIND      :SUNSHINE: SKY     :PK WND
================================================================================
1   2   3   4   5  6A  6B    7    8   9   10  11  12  13   14  15   16   17  18
                                     12Z  AVG MX 2MIN
DY MAX MIN AVG DEP HDD CDD  WTR  SNW DPTH SPD SPD DIR MIN PSBL S-S WX    SPD DR
================================================================================

 1  73  58  66   1   0   1 0.00  0.0    0  2.5  9 280   M    M   3        17 280
 2  72  56  64  -1   1   0 0.00  0.0    0  1.7 12 270   M    M   1 1      16 270
 3  77  57  67   2   0   2 0.00  0.0    0  2.4 12 280   M    M   1        16 270
 4  69  56  63  -2   2   0 0.00  0.0    0  2.3  9 280   M    M   7 18     16 270
 5  68  57  63  -2   2   0 0.05  0.0    0  1.6  8 270   M    M  10        15 270
 6  67  57  62  -3   3   0    T  0.0    0  1.2  9 270   M    M   8        16 150
 7  68  57  63  -2   2   0 0.00  0.0    0  2.1 10 270   M    M   7        17 280
 8  71  57  64  -1   1   0 0.00  0.0    0  2.3 10 270   M    M   5        17 270
 9  68  58  63  -2   2   0 0.00  0.0    0  1.6  9 270   M    M   5        18 270
10  70  57  64  -2   1   0 0.00  0.0    0  1.5  8 270   M    M   6 8      14 280
11  72  59  66   0   0   1 0.00  0.0    0  2.1 10 270   M    M   7 8      16 260
12  75  58  67   1   0   2 0.00  0.0    0  1.8  9 270   M    M   3 18     14 280
13  78  60  69   3   0   4 0.00  0.0    0  2.0  8 270   M    M   6 18     16 270
14  72  62  67   1   0   2 0.00  0.0    M  2.0  9 270   M    M   9        17 270
15  72  62  67   1   0   2 0.00  0.0    0  1.9 10 270   M    M   8        15 270
16  71  61  66   0   0   1 0.00  0.0    0  0.9  8 290   M    M   9        13 270
17  72  61  67   1   0   2 0.00  0.0    0  2.6 10 280   M    M   6        16 270
18  71  61  66   0   0   1 0.00  0.0    0  2.4  9 270   M    M   8        17 280
19  72  62  67   1   0   2 0.00  0.0    0  1.8  8 280   M    M   9        14 270
20  70  58  64  -2   1   0 0.00  0.0    0  2.6 10 130   M    M   5        17 180
21  71  56  64  -2   1   0 0.00  0.0    0  2.1 12 270   M    M   3        19 270
22  72  56  64  -2   1   0 0.00  0.0    0  2.7 13 280   M    M   0        19 270
23  74  57  66   0   0   1 0.00  0.0    0  2.3 10 270   M    M   2        16 270
24  71  58  65  -1   0   0 0.00  0.0    0  2.5 10 270   M    M   5        17 280
25  68  56  62  -4   3   0 0.00  0.0    0  2.2 13 280   M    M   5        19 270
26  74  58  66   0   0   1 0.00  0.0    0  2.1 12 270   M    M   2        17 280
================================================================================
SM 1858 1515        20  22  0.05     0.0  53.4          M      140
================================================================================
AV 71.5 58.3                               2.1 FASTST   M    M   5    MAX(MPH)
                                 MISC ---->  # 13 280               # 19  270
================================================================================
NOTES:
# LAST OF SEVERAL OCCURRENCES

COLUMN 17 PEAK WIND IN M.P.H.

PRELIMINARY LOCAL CLIMATOLOGICAL DATA (WS FORM: F-6) , PAGE 2

                                          STATION:  DOWNTOWN LOS ANGELES (USC) CA
                                          MONTH:    MAY
                                          YEAR:     2016
                                          LATITUDE:   34  1 N
                                          LONGITUDE: 118 17 W

[TEMPERATURE DATA]      [PRECIPITATION DATA]       SYMBOLS USED IN COLUMN 16

AVERAGE MONTHLY: 64.9   TOTAL FOR MONTH:   0.05    1 = FOG OR MIST
DPTR FM NORMAL:  -0.8   DPTR FM NORMAL:   -0.19    2 = FOG REDUCING VISIBILITY
HIGHEST:    78 ON 13    GRTST 24HR  0.05 ON  5- 5      TO 1/4 MILE OR LESS
LOWEST:     56 ON 25,22                            3 = THUNDER
                        SNOW, ICE PELLETS, HAIL    4 = ICE PELLETS
                        TOTAL MONTH:   0.0 INCH    5 = HAIL
                        GRTST 24HR     0.0         6 = FREEZING RAIN OR DRIZZLE
                        GRTST DEPTH:   0           7 = DUSTSTORM OR SANDSTORM:
                                                       VSBY 1/2 MILE OR LESS
                                                   8 = SMOKE OR HAZE
[NO. OF DAYS WITH]      [WEATHER - DAYS WITH]      9 = BLOWING SNOW
                                                   X = TORNADO
MAX 32 OR BELOW:   0    0.01 INCH OR MORE:   1
MAX 90 OR ABOVE:   0    0.10 INCH OR MORE:   0
MIN 32 OR BELOW:   0    0.50 INCH OR MORE:   0
MIN  0 OR BELOW:   0    1.00 INCH OR MORE:   0

[HDD (BASE 65) ]
TOTAL THIS MO.    20    CLEAR  (SCALE 0-3)   6
DPTR FM NORMAL   -19    PTCLDY (SCALE 4-7)  14
TOTAL FM JUL 1   758    CLOUDY (SCALE 8-10)  6
DPTR FM NORMAL  -314

[CDD (BASE 65) ]
TOTAL THIS MO.    22
DPTR FM NORMAL   -30    [PRESSURE DATA]
TOTAL FM JAN 1   201    HIGHEST SLP M ON M
DPTR FM NORMAL    62    LOWEST  SLP 29.77 ON M

[REMARKS]
