000
CXUS56 KSGX 011445
CF6CRQ
PRELIMINARY LOCAL CLIMATOLOGICAL DATA (WS FORM: F-6)

                                          STATION:   CARLSBAD PALOMAR AIRPORT CA
                                          MONTH:     JUNE
                                          YEAR:      2015
                                          LATITUDE:   33  7 N
                                          LONGITUDE: 117 17 W

  TEMPERATURE IN F:       :PCPN:    SNOW:  WIND      :SUNSHINE: SKY     :PK WND
================================================================================
1   2   3   4   5  6A  6B    7    8   9   10  11  12  13   14  15   16   17  18
                                     12Z  AVG MX 2MIN
DY MAX MIN AVG DEP HDD CDD  WTR  SNW DPTH SPD SPD DIR MIN PSBL S-S WX    SPD DR
================================================================================

 1  68  60  64   1   1   0 0.00  0.0    0  4.3 13 250   M    M   4 8      18 250
 2  68  61  65   2   0   0 0.00  0.0    0  4.6 13 240   M    M   6 8      21 240
 3  68  61  65   2   0   0 0.00  0.0    0  6.5 13 200   M    M   8        19 240
 4  69  61  65   1   0   0    T  0.0    0  8.3 16 220   M    M   9        23 220
 5  67  58  63  -1   2   0 0.00  0.0    0  7.7 15 260   M    M   7        20 240
 6  69  61  65   1   0   0 0.00  0.0    0  5.0 13 260   M    M   6        18 260
 7  69  62  66   2   0   1 0.00  0.0    0  4.5 12 230   M    M   4        18 260
 8  74  62  68   4   0   3    T  0.0    0  3.8 12 230   M    M   3 18     17 260
 9  77  65  71   7   0   6    T  0.0    0  5.9 12 200   M    M   6 18     17 260
10  70  63  67   3   0   2    T  0.0    0  6.9 15 250   M    M  10 1      19 250
11  68  62  65   1   0   0 0.00  0.0    0  4.9 10 240   M    M  10 1      17 260
12  68  61  65   1   0   0    T  0.0    0  4.6 12 240   M    M  10 1      16 250
13  68  61  65   1   0   0 0.00  0.0    0  5.4 10 250   M    M  10 1      15 260
14  69  63  66   1   0   1 0.00  0.0    0  3.8 12 250   M    M  10        16 240
15  71  63  67   2   0   2 0.00  0.0    0  3.7 12 240   M    M   9 1      16 230
16  69  63  66   1   0   1 0.00  0.0    0  5.2 10 240   M    M   8 1       M  M
17  69  60  65   0   0   0 0.00  0.0    0  3.5 12 260   M    M   5 18     14 260
18  71  60  66   1   0   1 0.00  0.0    0  3.6 12 250   M    M   4 128    18 250
19  73  59  66   1   0   1 0.00  0.0    0  3.7 10 240   M    M   4 128    16 270
20  74  61  68   3   0   3 0.00  0.0    0  4.9 12 230   M    M   4 128    15 240
21  72  63  68   2   0   3 0.00  0.0    0  4.6 13 240   M    M   4 18     19 230
22  74  64  69   3   0   4 0.00  0.0    0  4.9 10 260   M    M   4 18     14 260
23  75  63  69   3   0   4 0.00  0.0    0  4.4 12 250   M    M   4 18     18 250
24  74  62  68   2   0   3 0.00  0.0    0  5.0 13 230   M    M   3 18     17 220
25  73  65  69   3   0   4 0.00  0.0    0  4.5 12 250   M    M   5 18     17 250
26  74  66  70   4   0   5 0.00  0.0    0  4.5 12 260   M    M   5 18     19 260
27  71  65  68   2   0   3    T  0.0    0  3.7 14 230   M    M   5 18     19 320
28  75  67  71   5   0   6 0.00  0.0    0  4.0 10 260   M    M   1        14 260
29  75  67  71   4   0   6 0.00  0.0    0  3.5 12 250   M    M   1 18     14 230
30  89  66  78  11   0  13 0.05  0.0    0  4.1 12 250   M    M   2 18     16 280
================================================================================
SM 2151 1875         3  72  0.05     0.0 144.0          M      171
================================================================================
AV 71.7 62.5                               4.8 FASTST   M    M   6    MAX(MPH)
                                 MISC ---->  # 16 220               # 23  220
================================================================================
NOTES:
# LAST OF SEVERAL OCCURRENCES

COLUMN 17 PEAK WIND IN M.P.H.

PRELIMINARY LOCAL CLIMATOLOGICAL DATA (WS FORM: F-6) , PAGE 2

                                          STATION:  CARLSBAD PALOMAR AIRPORT CA
                                          MONTH:    JUNE
                                          YEAR:     2015
                                          LATITUDE:   33  7 N
                                          LONGITUDE: 117 17 W

[TEMPERATURE DATA]      [PRECIPITATION DATA]       SYMBOLS USED IN COLUMN 16

AVERAGE MONTHLY: 67.1   TOTAL FOR MONTH:   0.05    1 = FOG OR MIST
DPTR FM NORMAL:   2.3   DPTR FM NORMAL:   -0.06    2 = FOG REDUCING VISIBILITY
HIGHEST:    89 ON 30    GRTST 24HR  0.05 ON 30-30      TO 1/4 MILE OR LESS
LOWEST:     58 ON  5                               3 = THUNDER
                        SNOW, ICE PELLETS, HAIL    4 = ICE PELLETS
                        TOTAL MONTH:   0.0 INCH    5 = HAIL
                        GRTST 24HR     0.0         6 = FREEZING RAIN OR DRIZZLE
                        GRTST DEPTH:   0           7 = DUSTSTORM OR SANDSTORM:
                                                       VSBY 1/2 MILE OR LESS
                                                   8 = SMOKE OR HAZE
[NO. OF DAYS WITH]      [WEATHER - DAYS WITH]      9 = BLOWING SNOW
                                                   X = TORNADO
MAX 32 OR BELOW:   0    0.01 INCH OR MORE:   1
MAX 90 OR ABOVE:   0    0.10 INCH OR MORE:   0
MIN 32 OR BELOW:   0    0.50 INCH OR MORE:   0
MIN  0 OR BELOW:   0    1.00 INCH OR MORE:   0

[HDD (BASE 65) ]
TOTAL THIS MO.     3    CLEAR  (SCALE 0-3)   4
DPTR FM NORMAL   -30    PTCLDY (SCALE 4-7)  18
TOTAL FM JUL 1   825    CLOUDY (SCALE 8-10)  8
DPTR FM NORMAL  -839

[CDD (BASE 65) ]
TOTAL THIS MO.    72
DPTR FM NORMAL    43    [PRESSURE DATA]
TOTAL FM JAN 1   187    HIGHEST SLP 30.02 ON 27
DPTR FM NORMAL   136    LOWEST  SLP 29.76 ON 14

[REMARKS]
#FINAL-06-15#
