000
CXUS54 KFWD 260730
CF6CRS
PRELIMINARY LOCAL CLIMATOLOGICAL DATA (WS FORM: F-6)

                                          STATION:   CORSICANA
                                          MONTH:     MARCH
                                          YEAR:      2017
                                          LATITUDE:   32  1 N
                                          LONGITUDE:  96 24 W

  TEMPERATURE IN F:       :PCPN:    SNOW:  WIND      :SUNSHINE: SKY     :PK WND
================================================================================
1   2   3   4   5  6A  6B    7    8   9   10  11  12  13   14  15   16   17  18
                                     12Z  AVG MX 2MIN
DY MAX MIN AVG DEP HDD CDD  WTR  SNW DPTH SPD SPD DIR MIN PSBL S-S WX    SPD DR
================================================================================

 1  71  46  59   4   6   0 0.00  0.0    0 13.4 29 360   M    M   1 1      39 360
 2  66  39  53  -2  12   0 0.00  0.0    0  5.8 15  80   M    M   0        18  90
 3  69  40  55   0  10   0 0.00  0.0    0  6.3 15 140   M    M   0 18     21 130
 4  58  50  54  -2  11   0 0.05  0.0    0  9.5 22 160   M    M   9 1      28 140
 5  65  52  59   3   6   0 0.16  0.0    0 10.4 17 160   M    M  10 1      21 140
 6  83  65  74  18   0   9    T  0.0    0 16.6 28 180   M    M   7        36 190
 7  73  52  63   7   2   0    T  0.0    0 12.1 26 360   M    M   6        33  20
 8  74  48  61   5   4   0 0.00  0.0    0  6.9 18 140   M    M   6        23 130
 9  78  58  68  11   0   3 0.00  0.0    0  8.9 18 190   M    M   7 1      24 180
10  84  63  74  17   0   9    T  0.0    0  5.8 17 110   M    M   6 123    23 110
11  74  49  62   5   3   0 0.07  0.0    0  8.8 22  40   M    M  10 123    31  30
12  52  43  48 -10  17   0 0.01  0.0    0  7.9 18  40   M    M  10 1      25  40
13  65  45  55  -3  10   0 0.02  0.0    0  9.8 17 340   M    M   6 1      26  10
14  63  35  49  -9  16   0 0.00  0.0    0  4.8 10 100   M    M   0        14  90
15  67  48  58   0   7   0 0.00  0.0    0  9.1 15  80   M    M   4        24 130
16  75  52  64   6   1   0    T  0.0    0 13.2 22 170   M    M   7        26 160
17  79  65  72  13   0   7    T  0.0    0 12.6 23 190   M    M   8        28 190
18  80  60  70  11   0   5 0.00  0.0    0  7.1 17 210   M    M   5 1      22 210
19  80  62  71  12   0   6 0.00  0.0    0  9.4 17 170   M    M   4 1      23 150
20  84  67  76  17   0  11 0.00  0.0    0 13.5 22 200   M    M   2        29 220
21  83  60  72  12   0   7 0.00  0.0    0 11.2 21 180   M    M   2        26 170
22  81  62  72  12   0   7 0.00  0.0    0  9.2 16 190   M    M   4        20 160
23  84  63  74  14   0   9 0.00  0.0    0 17.1 29 170   M    M   2        37 180
24  74  54  64   4   1   0 0.62  0.0    0 14.1 28 170   M    M   6 13     36 180
25  73  52  63   3   2   0 0.00  0.0    0  8.3 18 300   M    M   0 8      23 300
================================================================================
SM 1835 1330       108  73  0.93     0.0 251.8          M      122
================================================================================
AV 73.4 53.2                              10.1 FASTST   M    M   5    MAX(MPH)
                                 MISC ---->  # 29 360               # 39  360
================================================================================
NOTES:
# LAST OF SEVERAL OCCURRENCES

COLUMN 17 PEAK WIND IN M.P.H.

PRELIMINARY LOCAL CLIMATOLOGICAL DATA (WS FORM: F-6) , PAGE 2

                                          STATION:  CORSICANA
                                          MONTH:    MARCH
                                          YEAR:     2017
                                          LATITUDE:   32  1 N
                                          LONGITUDE:  96 24 W

[TEMPERATURE DATA]      [PRECIPITATION DATA]       SYMBOLS USED IN COLUMN 16

AVERAGE MONTHLY: 63.3   TOTAL FOR MONTH:   0.93    1 = FOG OR MIST
DPTR FM NORMAL:   5.6   DPTR FM NORMAL:   -2.18    2 = FOG REDUCING VISIBILITY
HIGHEST:    84 ON 23,20 GRTST 24HR  0.62 ON 24-24      TO 1/4 MILE OR LESS
LOWEST:     35 ON 14                               3 = THUNDER
                        SNOW, ICE PELLETS, HAIL    4 = ICE PELLETS
                        TOTAL MONTH:   0.0 INCH    5 = HAIL
                        GRTST 24HR     0.0         6 = FREEZING RAIN OR DRIZZLE
                        GRTST DEPTH:   0           7 = DUSTSTORM OR SANDSTORM:
                                                       VSBY 1/2 MILE OR LESS
                                                   8 = SMOKE OR HAZE
[NO. OF DAYS WITH]      [WEATHER - DAYS WITH]      9 = BLOWING SNOW
                                                   X = TORNADO
MAX 32 OR BELOW:   0    0.01 INCH OR MORE:   6
MAX 90 OR ABOVE:   0    0.10 INCH OR MORE:   2
MIN 32 OR BELOW:   0    0.50 INCH OR MORE:   1
MIN  0 OR BELOW:   0    1.00 INCH OR MORE:   0

[HDD (BASE 65) ]
TOTAL THIS MO.   108    CLEAR  (SCALE 0-3)   8
DPTR FM NORMAL   -96    PTCLDY (SCALE 4-7)  13
TOTAL FM JUL 1  1173    CLOUDY (SCALE 8-10)  4
DPTR FM NORMAL  -803

[CDD (BASE 65) ]
TOTAL THIS MO.    73
DPTR FM NORMAL    48    [PRESSURE DATA]
TOTAL FM JAN 1   148    HIGHEST SLP M ON M
DPTR FM NORMAL   110    LOWEST  SLP 29.71 ON M

[REMARKS]
