000
CXUS52 KFFC 291110
CF6CSG
PRELIMINARY LOCAL CLIMATOLOGICAL DATA (WS FORM: F-6)

                                          STATION:   COLUMBUS
                                          MONTH:     MAY
                                          YEAR:      2016
                                          LATITUDE:   32 31 N
                                          LONGITUDE:  84 56 W

  TEMPERATURE IN F:       :PCPN:    SNOW:  WIND      :SUNSHINE: SKY     :PK WND
================================================================================
1   2   3   4   5  6A  6B    7    8   9   10  11  12  13   14  15   16   17  18
                                     12Z  AVG MX 2MIN
DY MAX MIN AVG DEP HDD CDD  WTR  SNW DPTH SPD SPD DIR MIN PSBL S-S WX    SPD DR
================================================================================

 1  84  66  75   6   0  10    T  0.0    0  4.9 18 330   M    M   3        23 340
 2  83  65  74   5   0   9    T  0.0    0  4.6 20 310   M    M   3 3      28 300
 3  78  66  72   3   0   7 0.01  0.0    0  7.8 15 320   M    M   7 3      19 310
 4  74  56  65  -5   0   0    T  0.0    0  8.7 23 330   M    M   2        30 340
 5  71  53  62  -8   3   0 0.00  0.0    0 12.4 21 330   0    0   0        31 330
 6  74  48  61  -9   4   0 0.00  0.0    0  9.5 22 330   M    M   1        28 330
 7  81  50  66  -4   0   1 0.00  0.0    0  7.0 17 320   M    M   0        25 280
 8  88  55  72   1   0   7 0.00  0.0    0  4.6 15 250   M    M   0        19 250
 9  79  61  70  -1   0   5 0.00  0.0    0  5.8 15 250   M    M   1        20 250
10  83  63  73   2   0   8 0.00  0.0    0  5.8 18 190   M    M   2        22 200
11  86  61  74   2   0   9 0.00  0.0    0  3.4 13 220   M    M   1        17 220
12  87  66  77   5   0  12 0.00  0.0    0  4.4 15 240   M    M   0        19 260
13  85  65  75   3   0  10    T  0.0    0  8.6 20 330   M    M   2        27 340
14  87  58  73   1   0   8 0.00  0.0    0  7.5 17 290   M    M   0        22 290
15  76  55  66  -7   0   1 0.00  0.0    0  7.3 14 310   M    M   0        22 340
16  83  53  68  -5   0   3 0.00  0.0    0  4.7 13  90   M    M   0        17  90
17  73  66  70  -3   0   5 0.88  0.0    0  6.9 15  80   M    M   6 13     17  90
18  83  66  75   1   0  10 0.00  0.0    0  2.9 10 130   M    M   7 18     12 340
19  85  67  76   2   0  11 1.44  0.0    0  5.4 20 320   M    M   6 13     24 320
20  76  68  72  -2   0   7 0.18  0.0    0  7.8 12 220   M    M   8 1       M  M
21  86  67  77   3   0  12    T  0.0    0  8.4 21 290   M    M   6 1      26 290
22  82  60  71  -4   0   6 0.00  0.0    0  8.2 17 340   M    M   0        26  20
23  83  56  70  -5   0   5 0.00  0.0    0  3.0 12 260   M    M   1        16  70
24  86  59  73  -2   0   8 0.00  0.0    0  2.4 12 190   M    M   1        14 190
25  88  60  74  -1   0   9 0.00  0.0    0  3.2 13 210   M    M   1        20 250
26  88  66  77   1   0  12 0.00  0.0    0  3.5 13 210   M    M   1 8      17 180
27  87  67  77   1   0  12 0.00  0.0    0  6.2 16 140   M    M   1        24  90
28  88  67  78   2   0  13 0.00  0.0    0  5.0 13  90   M    M   4        15 110
================================================================================
SM 2304 1710         7 200  2.51     0.0 169.9            0     64
================================================================================
AV 82.3 61.1                               6.1 FASTST    0   0   2    MAX(MPH)
                                 MISC ---->  # 23 330                 31    M
================================================================================
NOTES:
# LAST OF SEVERAL OCCURRENCES

COLUMN 17 PEAK WIND IN M.P.H.

PRELIMINARY LOCAL CLIMATOLOGICAL DATA (WS FORM: F-6) , PAGE 2

                                          STATION:  COLUMBUS
                                          MONTH:    MAY
                                          YEAR:     2016
                                          LATITUDE:   32 31 N
                                          LONGITUDE:  84 56 W

[TEMPERATURE DATA]      [PRECIPITATION DATA]       SYMBOLS USED IN COLUMN 16

AVERAGE MONTHLY: 71.7   TOTAL FOR MONTH:   2.51    1 = FOG OR MIST
DPTR FM NORMAL:  -0.9   DPTR FM NORMAL:   -0.34    2 = FOG REDUCING VISIBILITY
HIGHEST:    88 ON 28,26 GRTST 24HR  1.44 ON 19-19      TO 1/4 MILE OR LESS
LOWEST:     48 ON  6                               3 = THUNDER
                        SNOW, ICE PELLETS, HAIL    4 = ICE PELLETS
                        TOTAL MONTH:   0.0 INCH    5 = HAIL
                        GRTST 24HR     0.0         6 = FREEZING RAIN OR DRIZZLE
                        GRTST DEPTH:   0           7 = DUSTSTORM OR SANDSTORM:
                                                       VSBY 1/2 MILE OR LESS
                                                   8 = SMOKE OR HAZE
[NO. OF DAYS WITH]      [WEATHER - DAYS WITH]      9 = BLOWING SNOW
                                                   X = TORNADO
MAX 32 OR BELOW:   0    0.01 INCH OR MORE:   4
MAX 90 OR ABOVE:   0    0.10 INCH OR MORE:   3
MIN 32 OR BELOW:   0    0.50 INCH OR MORE:   2
MIN  0 OR BELOW:   0    1.00 INCH OR MORE:   1

[HDD (BASE 65) ]
TOTAL THIS MO.     7    CLEAR  (SCALE 0-3)  20
DPTR FM NORMAL     1    PTCLDY (SCALE 4-7)   7
TOTAL FM JUL 1  1611    CLOUDY (SCALE 8-10)  1
DPTR FM NORMAL  -507

[CDD (BASE 65) ]
TOTAL THIS MO.   200
DPTR FM NORMAL   -18    [PRESSURE DATA]
TOTAL FM JAN 1   340    HIGHEST SLP  0.00 ON  5
DPTR FM NORMAL    18    LOWEST  SLP 29.67 ON  4

[REMARKS]
