000
CXUS52 KFFC 221110
CF6CSG
PRELIMINARY LOCAL CLIMATOLOGICAL DATA (WS FORM: F-6)

                                          STATION:   COLUMBUS
                                          MONTH:     DECEMBER
                                          YEAR:      2014
                                          LATITUDE:   32 31 N
                                          LONGITUDE:  84 56 W

  TEMPERATURE IN F:       :PCPN:    SNOW:  WIND      :SUNSHINE: SKY     :PK WND
================================================================================
1   2   3   4   5  6A  6B    7    8   9   10  11  12  13   14  15   16   17  18
                                     12Z  AVG MX 2MIN
DY MAX MIN AVG DEP HDD CDD  WTR  SNW DPTH SPD SPD DIR MIN PSBL S-S WX    SPD DR
================================================================================

 1  72  42  57   5   8   0 0.00  0.0    0  0.9  8 200   M    M   0        12 200
 2  76  44  60   8   5   0 0.00  0.0    0  0.7  8 310   M    M   2        10 290
 3  75  52  64  12   1   0 0.00  0.0    0  1.8  8 320   M    M   4        10 360
 4  76  55  66  14   0   1 0.00  0.0    0  2.1  8 200   0    0   0         M  M
 5  65  54  60   9   5   0 0.00  0.0    0  6.3 13 150   M    M   6 1      15 130
 6  67  53  60   9   5   0 0.35  0.0    0  5.8 17 350   M    M   9 1      25 340
 7  63  45  54   3  11   0 0.00  0.0    0  8.5 15  90   M    M   0        25  90
 8  49  39  44  -6  21   0 0.00  0.0    0  7.1 20  90   M    M   7        28  90
 9  60  34  47  -3  18   0 0.00  0.0    0  6.2 21 340   M    M   2        26 330
10  55  33  44  -6  21   0 0.00  0.0    0  6.3 15 330   M    M   0        20 330
11  57  30  44  -6  21   0 0.00  0.0    0  6.6 14 320   M    M   0        18 340
12  63  33  48  -2  17   0 0.00  0.0    0  5.5 10 330   M    M   0        14 350
13  66  36  51   2  14   0 0.00  0.0    0  6.7 13 350   M    M   0        17 360
14  63  32  48  -1  17   0 0.00  0.0    0  4.0 10 310   M    M   0 18     15 310
15  66  32  49   0  16   0 0.00  0.0    0  1.4  8 150   M    M   1 18     10 250
16  64  46  55   6  10   0 0.04  0.0    0  8.0 18 290   M    M   5 1      23 320
17  61  37  49   0  16   0 0.00  0.0    0  4.6 10  10   M    M   0        16  30
18  63  39  51   3  14   0 0.00  0.0    0  3.9  8 350   M    M   2        12  10
19  56  36  46  -2  19   0 0.05  0.0    0  3.0  9  10   M    M   2        13  30
20  53  45  49   1  16   0 0.17    M    0  2.6  9  70   M    M  10 18     14  30
21  53  49  51   3  14   0    T  0.0    0  7.3 13 120   M    M  10 18     18  90
================================================================================
SM 1323  866       269   1  0.61     0.0  99.3            0     60
================================================================================
AV 63.0 41.2                               4.7 FASTST    0   0   3    MAX(MPH)
                                 MISC ---->  # 21 340               # 28   90
================================================================================
NOTES:
# LAST OF SEVERAL OCCURRENCES

COLUMN 17 PEAK WIND IN M.P.H.

PRELIMINARY LOCAL CLIMATOLOGICAL DATA (WS FORM: F-6) , PAGE 2

                                          STATION:  COLUMBUS
                                          MONTH:    DECEMBER
                                          YEAR:     2014
                                          LATITUDE:   32 31 N
                                          LONGITUDE:  84 56 W

[TEMPERATURE DATA]      [PRECIPITATION DATA]       SYMBOLS USED IN COLUMN 16

AVERAGE MONTHLY: 52.1   TOTAL FOR MONTH:   0.61    1 = FOG OR MIST
DPTR FM NORMAL:   2.2   DPTR FM NORMAL:   -2.37    2 = FOG REDUCING VISIBILITY
HIGHEST:    76 ON  4, 2 GRTST 24HR  0.35 ON  6- 6      TO 1/4 MILE OR LESS
LOWEST:     30 ON 11                               3 = THUNDER
                        SNOW, ICE PELLETS, HAIL    4 = ICE PELLETS
                        TOTAL MONTH:   0.0 INCH    5 = HAIL
                        GRTST 24HR     0.0         6 = FREEZING RAIN OR DRIZZLE
                        GRTST DEPTH:   0           7 = DUSTSTORM OR SANDSTORM:
                                                       VSBY 1/2 MILE OR LESS
                                                   8 = SMOKE OR HAZE
[NO. OF DAYS WITH]      [WEATHER - DAYS WITH]      9 = BLOWING SNOW
                                                   X = TORNADO
MAX 32 OR BELOW:   0    0.01 INCH OR MORE:   4
MAX 90 OR ABOVE:   0    0.10 INCH OR MORE:   2
MIN 32 OR BELOW:   3    0.50 INCH OR MORE:   0
MIN  0 OR BELOW:   0    1.00 INCH OR MORE:   0

[HDD (BASE 65) ]
TOTAL THIS MO.   269    CLEAR  (SCALE 0-3)  14
DPTR FM NORMAL   -49    PTCLDY (SCALE 4-7)   4
TOTAL FM JUL 1   737    CLOUDY (SCALE 8-10)  3
DPTR FM NORMAL    87

[CDD (BASE 65) ]
TOTAL THIS MO.     1
DPTR FM NORMAL     1    [PRESSURE DATA]
TOTAL FM JAN 1  2314    HIGHEST SLP  0.00 ON  4
DPTR FM NORMAL   -50    LOWEST  SLP 29.95 ON 16

[REMARKS]
