000
CXUS56 KTFX 221809
CF6CTB
PRELIMINARY LOCAL CLIMATOLOGICAL DATA (WS FORM: F-6)

                                          STATION:   CUT BANK MT
                                          MONTH:     FEBRUARY
                                          YEAR:      2018
                                          LATITUDE:   48 37 N
                                          LONGITUDE: 112 23 W

  TEMPERATURE IN F:       :PCPN:    SNOW:  WIND      :SUNSHINE: SKY     :PK WND
================================================================================
1   2   3   4   5  6A  6B    7    8   9   10  11  12  13   14  15   16   17  18
                                     12Z  AVG MX 2MIN
DY MAX MIN AVG DEP HDD CDD  WTR  SNW DPTH SPD SPD DIR MIN PSBL S-S WX    SPD DR
================================================================================

 1  33   3  18  -5  47   0 0.00    M    T  8.1 20 260   M    M   7 1      22 250
 2  43  14  29   6  36   0 0.00    M    T 11.4 37 250   M    M   6 12     44 250
 3  41  -7  17  -6  48   0    T    M    T 19.9 38 360   M    M   9 1      44 350
 4  10  -6   2 -21  63   0    T    M    3  6.6 18 360   M    M  10 1      21 360
 5  11  -2   5 -18  60   0    T    M    6  5.7 14 320   M    M   9 12     16 320
 6  11  -6   3 -20  62   0    T    M    8 11.4 32 340   M    M   7 128    36 340
 7  33   3  18  -5  47   0 0.00    M    8  9.7 21 360   M    M   8        23 360
 8  11  -3   4 -19  61   0    T    M    8 14.4 32 340   M    M  10 128    37 340
 9   0 -22 -11 -34  76   0    T    M    M  3.7 10 270   M    M   2 18     11 290
10  21 -27  -3 -26  68   0 0.00    M    M 15.2 37 260   M    M   1 8      42 260
11  21 -13   4 -20  61   0    T    M    M 12.1 25 270   M    M   7 18     29 270
12  -4 -21 -12 -36  77   0    T    M    6  4.2 13 160   M    M   2 128    15 160
13  38  -9  15  -9  50   0 0.00    M    6 32.7 51 250   M    M   0 8      61 260
14  35   6  21  -3  44   0    T    M    2 24.9 43 240   M    M   6 1      49 250
15  21  -2  10 -14  55   0    T    M    3 13.0 36 250   M    M   3 18     43 250
16  30  15  23  -1  42   0    T    M    M 18.6 35 260   M    M   9 18     40 250
17  16   4  10 -14  55   0    T    M    3 11.5 23 350   M    M   9 12     26 350
18   4 -14  -5 -29  70   0    T    M    8 13.8 26  10   M    M   9 18     29  20
19  -1 -23 -12 -37  77   0    T    M    8  4.0  9 290   M    M   6 18      9 290
20   9 -27  -9 -34  74   0 0.00    M    8  7.5 17 290   M    M   5        19 280
21  13 -15  -1 -26  66   0 0.00    M    8 11.9 29 260   M    M   0 8      33 250
================================================================================
SM  396 -152      1239   0    T     M    260.3          M      125
================================================================================
AV 18.9 -7.2                              12.4 FASTST   M    M   6    MAX(MPH)
                                 MISC ---->  # 51 250               # 61  260
================================================================================
NOTES:
# LAST OF SEVERAL OCCURRENCES

COLUMN 17 PEAK WIND IN M.P.H.

PRELIMINARY LOCAL CLIMATOLOGICAL DATA (WS FORM: F-6) , PAGE 2

                                          STATION:  CUT BANK MT
                                          MONTH:    FEBRUARY
                                          YEAR:     2018
                                          LATITUDE:   48 37 N
                                          LONGITUDE: 112 23 W

[TEMPERATURE DATA]      [PRECIPITATION DATA]       SYMBOLS USED IN COLUMN 16

AVERAGE MONTHLY:  5.8   TOTAL FOR MONTH:      T    1 = FOG OR MIST
DPTR FM NORMAL: -17.9   DPTR FM NORMAL:   -0.15    2 = FOG REDUCING VISIBILITY
HIGHEST:    43 ON  2    GRTST 24HR    T  ON 19-19      TO 1/4 MILE OR LESS
LOWEST:    -27 ON 20,10                            3 = THUNDER
                        SNOW, ICE PELLETS, HAIL    4 = ICE PELLETS
                        TOTAL MONTH:    M          5 = HAIL
                        GRTST 24HR    M  ON   M    6 = FREEZING RAIN OR DRIZZLE
                        GRTST DEPTH:   8 ON 21,20  7 = DUSTSTORM OR SANDSTORM:
                                                       VSBY 1/2 MILE OR LESS
                                                   8 = SMOKE OR HAZE
[NO. OF DAYS WITH]      [WEATHER - DAYS WITH]      9 = BLOWING SNOW
                                                   X = TORNADO
MAX 32 OR BELOW:  15    0.01 INCH OR MORE:   0
MAX 90 OR ABOVE:   0    0.10 INCH OR MORE:   0
MIN 32 OR BELOW:  21    0.50 INCH OR MORE:   0
MIN  0 OR BELOW:  15    1.00 INCH OR MORE:   0

[HDD (BASE 65) ]
TOTAL THIS MO.  1239    CLEAR  (SCALE 0-3)   5
DPTR FM NORMAL   371    PTCLDY (SCALE 4-7)   9
TOTAL FM JUL 1  6186    CLOUDY (SCALE 8-10)  7
DPTR FM NORMAL   400

[CDD (BASE 65) ]
TOTAL THIS MO.     0
DPTR FM NORMAL     0    [PRESSURE DATA]
TOTAL FM JAN 1     0    HIGHEST SLP M ON M
DPTR FM NORMAL     0    LOWEST  SLP 29.42 ON 17

[REMARKS]
