000
CXUS52 KTAE 280800
CF6CTY
PRELIMINARY LOCAL CLIMATOLOGICAL DATA (WS FORM: F-6)

                                          STATION:   CROSS CITY
                                          MONTH:     MAY
                                          YEAR:      2016
                                          LATITUDE:   29 37 N
                                          LONGITUDE:  83  6 W

  TEMPERATURE IN F:       :PCPN:    SNOW:  WIND      :SUNSHINE: SKY     :PK WND
================================================================================
1   2   3   4   5  6A  6B    7    8   9   10  11  12  13   14  15   16   17  18
                                     12Z  AVG MX 2MIN
DY MAX MIN AVG DEP HDD CDD  WTR  SNW DPTH SPD SPD DIR MIN PSBL S-S WX    SPD DR
================================================================================

 1  89  69  79   9   0  14 0.00  0.0    0  5.3 14 160   M    M   0        21 190
 2  90  68  79   9   0  14 0.00  0.0    0  5.9 17 200   M    M   0        23 190
 3  87  66  77   6   0  12 0.07  0.0    0  5.0 20 240   M    M   0        26 250
 4  84  62  73   2   0   8 0.10  0.0    0  6.4 15 320   M    M   0        22 310
 5  81  53  67  -4   0   2 0.00  0.0    0  7.9 23 280   M    M   0        31 280
 6  77  44  61 -11   4   0 0.00    M    0  5.2 15 280   M    M   0        21 280
 7  85  50  68  -4   0   3 0.03  0.0    0  5.5 17 340   M    M   0        24 330
 8  89  55  72   0   0   7 0.00  0.0    0  4.2 16 190   M    M   0        19 230
 9  87  53  70  -3   0   5 0.00  0.0    0  3.4 13 260   M    M   0        17 230
10  88  62  75   2   0  10 0.00  0.0    0  4.1 14 200   M    M   0        18 200
11  89  63  76   3   0  11 0.00  0.0    0  4.7 16 200   M    M   0        19 210
12  92  61  77   3   0  12 0.00  0.0    0  3.9 15 250   M    M   0        22 220
13  92  64  78   4   0  13 0.00  0.0    0  5.9 18 250   M    M   0        23 260
14  90  63  77   3   0  12 0.00  0.0    0  6.0 18 260   M    M   0        26 290
15  92  58  75   1   0  10 0.00  0.0    0  4.3 13  30   M    M   0        16  40
16  93  62  78   3   0  13 0.00  0.0    0  4.4 13 180   M    M   0        16 180
17  86  72  79   4   0  14 0.64  0.0    0  4.6 20 250   M    M   0        27 260
18  90  67  79   4   0  14 0.06  0.0    0  3.9 13 290   M    M   0        17 250
19  90  68  79   3   0  14 0.05  0.0    0  5.1 16 230   M    M   0        22 220
20  83  69  76   0   0  11 0.71  0.0    0  3.7 33 300   M    M   0        49 290
21  89  64  77   1   0  12 0.04  0.0    0  5.9 16 280   M    M   0        21 260
22  87  66  77   1   0  12 0.00  0.0    0  7.6 18 250   M    M   0        25 270
23  88  57  73  -4   0   8 0.00  0.0    0  3.9 16 230   M    M   0        19 250
24  92  59  76  -1   0  11 0.00  0.0    0  3.4 12  20   M    M   0        15  30
25  93  63  78   1   0  13 0.00  0.0    0  4.2 12 100   M    M   0        16 130
26  91  60  76  -1   0  11 0.00  0.0    0  4.1 15  30   M    M   0        20  70
27  91  60  76  -2   0  11 0.00  0.0    0  5.0 12  90   M    M   0        18  70
================================================================================
SM 2385 1658         4 277  1.70     0.0 133.5          M        0
================================================================================
AV 88.3 61.4                               4.9 FASTST   M    M   0    MAX(MPH)
                                 MISC ---->  # 33 300               # 49  290
================================================================================
NOTES:
# LAST OF SEVERAL OCCURRENCES

COLUMN 17 PEAK WIND IN M.P.H.

PRELIMINARY LOCAL CLIMATOLOGICAL DATA (WS FORM: F-6) , PAGE 2

                                          STATION:  CROSS CITY
                                          MONTH:    MAY
                                          YEAR:     2016
                                          LATITUDE:   29 37 N
                                          LONGITUDE:  83  6 W

[TEMPERATURE DATA]      [PRECIPITATION DATA]       SYMBOLS USED IN COLUMN 16

AVERAGE MONTHLY: 74.9   TOTAL FOR MONTH:   1.70    1 = FOG OR MIST
DPTR FM NORMAL:   0.8   DPTR FM NORMAL:   -0.37    2 = FOG REDUCING VISIBILITY
HIGHEST:    93 ON 25,16 GRTST 24HR  0.72 ON 20-21      TO 1/4 MILE OR LESS
LOWEST:     44 ON  6                               3 = THUNDER
                        SNOW, ICE PELLETS, HAIL    4 = ICE PELLETS
                        TOTAL MONTH:   0.0 INCH    5 = HAIL
                        GRTST 24HR     0.0         6 = FREEZING RAIN OR DRIZZLE
                        GRTST DEPTH:   0           7 = DUSTSTORM OR SANDSTORM:
                                                       VSBY 1/2 MILE OR LESS
                                                   8 = SMOKE OR HAZE
[NO. OF DAYS WITH]      [WEATHER - DAYS WITH]      9 = BLOWING SNOW
                                                   X = TORNADO
MAX 32 OR BELOW:   0    0.01 INCH OR MORE:   8
MAX 90 OR ABOVE:  12    0.10 INCH OR MORE:   3
MIN 32 OR BELOW:   0    0.50 INCH OR MORE:   2
MIN  0 OR BELOW:   0    1.00 INCH OR MORE:   0

[HDD (BASE 65) ]
TOTAL THIS MO.     4    CLEAR  (SCALE 0-3)  27
DPTR FM NORMAL     4    PTCLDY (SCALE 4-7)   0
TOTAL FM JUL 1   811    CLOUDY (SCALE 8-10)  0
DPTR FM NORMAL  -492

[CDD (BASE 65) ]
TOTAL THIS MO.   277
DPTR FM NORMAL    31    [PRESSURE DATA]
TOTAL FM JAN 1   612    HIGHEST SLP M ON M
DPTR FM NORMAL   184    LOWEST  SLP 29.77 ON  4

[REMARKS]
