000
CXUS55 KCAE 281400
CF6CUB
PRELIMINARY LOCAL CLIMATOLOGICAL DATA (WS FORM: F-6)

                                          STATION:   HAMILTON - OWENS AIRPORT SC
                                          MONTH:     AUGUST
                                          YEAR:      2014
                                          LATITUDE:   33 58 N
                                          LONGITUDE:  80 59 W

  TEMPERATURE IN F:       :PCPN:    SNOW:  WIND      :SUNSHINE: SKY     :PK WND
================================================================================
1   2   3   4   5  6A  6B    7    8   9   10  11  12  13   14  15   16   17  18
                                     12Z  AVG MX 2MIN
DY MAX MIN AVG DEP HDD CDD  WTR  SNW DPTH SPD SPD DIR MIN PSBL S-S WX    SPD DR
================================================================================

 1  82  71  77  -5   0  12 0.04    M    M  2.3 12 300   M    M   7 1      16 300
 2  75  70  73  -9   0   8 0.37    M    M  2.5  8  20   M    M  10 1      11  20
 3  84  70  77  -5   0  12 0.00    M    M  2.9  8 180   M    M   6        13 170
 4  90  71  81  -1   0  16 0.00    M    M  2.6  8 140   M    M   5 1      14 140
 5  92  73  83   1   0  18    T    M    M  1.5  9 340   M    M   5        14  10
 6  95  71  83   1   0  18 0.00    M    M  2.4 13 270   M    M   1        17 290
 7  96  72  84   2   0  19 0.00    M    M  2.5 13 290   M    M   0 18     17 290
 8  90  72  81  -1   0  16 1.59    M    M  3.8 40 230   M    M   2 138    60 220
 9  88  73  81  -1   0  16 2.46    M    M  1.1 10 160   M    M   7 13     17 170
10  79  72  76  -6   0  11 0.00    M    M  1.7  7  40   M    M  10 18     11  30
11  90  74  82   0   0  17 0.00    M    M  1.4  8  30   M    M   7 13     12 330
12  92  75  84   2   0  19 0.01    M    M  2.6 16 210   M    M   4 138    21 220
13  91  72  82   0   0  17 0.00    M    M  3.0 13 310   M    M   1 1      17 300
14  88  67  78  -4   0  13 0.00    M    M  2.5  8 200   M    M   1        14  60
15  92  67  80  -1   0  15    T    M    M  1.2 10 170   M    M   2 18     14 170
16  93  72  83   2   0  18 0.00    M    M  2.2 12 280   M    M   3 1      15 280
17  94  70  82   1   0  17 0.00    M    M  2.4 13 270   M    M   1 1      18 240
18  93  75  84   3   0  19 0.00    M    M  5.5 17 270   M    M   1 3      22 280
19  91  74  83   2   0  18    T    M    M  5.8 15 260   M    M   2        20 270
20  97  73  85   4   0  20 0.00    M    M  3.5 12 260   M    M   1        14 260
21  98  77  88   7   0  23 0.00    M    M  1.9  9  80   M    M   0        13  80
22  99  74  87   6   0  22 0.00    M    M  2.7 12 250   M    M   0        16 260
23  99  76  88   8   0  23 0.00    M    M  1.9  8  70   M    M   1        14 330
24  88  73  81   1   0  16 0.00    M    M  5.3 12  60   M    M   6        20  70
25  87  67  77  -3   0  12 0.00    M    M  4.8 14  60   M    M   0        20 100
26  89  71  80   0   0  15 0.00    M    M  3.8 10  40   M    M   3        16  50
27  93  65  79  -1   0  14 0.00    M    M  2.1 10  60   M    M   0        16  40
================================================================================
SM 2445 1937         0 444  4.47    M     75.9          M       86
================================================================================
AV 90.6 71.7                               2.8 FASTST   M    M   3    MAX(MPH)
                                 MISC ---->  # 40 230               # 60  220
================================================================================
NOTES:
# LAST OF SEVERAL OCCURRENCES

COLUMN 17 PEAK WIND IN M.P.H.

PRELIMINARY LOCAL CLIMATOLOGICAL DATA (WS FORM: F-6) , PAGE 2

                                          STATION:  HAMILTON - OWENS AIRPORT SC
                                          MONTH:    AUGUST
                                          YEAR:     2014
                                          LATITUDE:   33 58 N
                                          LONGITUDE:  80 59 W

[TEMPERATURE DATA]      [PRECIPITATION DATA]       SYMBOLS USED IN COLUMN 16

AVERAGE MONTHLY: 81.1   TOTAL FOR MONTH:   4.47    1 = FOG OR MIST
DPTR FM NORMAL:  -0.2   DPTR FM NORMAL:    0.01    2 = FOG REDUCING VISIBILITY
HIGHEST:    99 ON 23,22 GRTST 24HR  2.47 ON  8- 9      TO 1/4 MILE OR LESS
LOWEST:     65 ON 27                               3 = THUNDER
                        SNOW, ICE PELLETS, HAIL    4 = ICE PELLETS
                        TOTAL MONTH:    M          5 = HAIL
                        GRTST 24HR    M  ON   M    6 = FREEZING RAIN OR DRIZZLE
                        GRTST DEPTH:  M  ON   M    7 = DUSTSTORM OR SANDSTORM:
                                                       VSBY 1/2 MILE OR LESS
                                                   8 = SMOKE OR HAZE
[NO. OF DAYS WITH]      [WEATHER - DAYS WITH]      9 = BLOWING SNOW
                                                   X = TORNADO
MAX 32 OR BELOW:   0    0.01 INCH OR MORE:   5
MAX 90 OR ABOVE:  18    0.10 INCH OR MORE:   3
MIN 32 OR BELOW:   0    0.50 INCH OR MORE:   2
MIN  0 OR BELOW:   0    1.00 INCH OR MORE:   2

[HDD (BASE 65) ]
TOTAL THIS MO.     0    CLEAR  (SCALE 0-3)  17
DPTR FM NORMAL     0    PTCLDY (SCALE 4-7)   8
TOTAL FM JUL 1     0    CLOUDY (SCALE 8-10)  2
DPTR FM NORMAL     0

[CDD (BASE 65) ]
TOTAL THIS MO.   444
DPTR FM NORMAL     1    [PRESSURE DATA]
TOTAL FM JAN 1  1855    HIGHEST SLP M ON M
DPTR FM NORMAL    96    LOWEST  SLP 29.77 ON 12

[REMARKS]
