000
CXUS51 KILN 260727
CF6CVG

PRELIMINARY LOCAL CLIMATOLOGICAL DATA (WS FORM: F-6)

                                          STATION:   CINCINNATI OH
                                          MONTH:     NOVEMBER
                                          YEAR:      2014
                                          LATITUDE:   39  2 N
                                          LONGITUDE:  84 40 W

  TEMPERATURE IN F:       :PCPN:    SNOW:  WIND      :SUNSHINE: SKY     :PK WND
================================================================================
1   2   3   4   5  6A  6B    7    8   9   10  11  12  13   14  15   16   17  18
                                     12Z  AVG MX 2MIN
DY MAX MIN AVG DEP HDD CDD  WTR  SNW DPTH SPD SPD DIR MIN PSBL S-S WX    SPD DR
================================================================================

 1  42  29  36 -15  29   0    T    T    0 15.0 28 350   M    M   7 1      35 350
 2  50  25  38 -12  27   0 0.00  0.0    0  4.3  8 340   M    M   1        12  40
 3  63  31  47  -3  18   0 0.00  0.0    0  8.8 17 210   M    M   7        22 200
 4  67  50  59   9   6   0 0.10  0.0    0 10.8 21 230   M    M   9 1      32 230
 5  57  46  52   3  13   0    T  0.0    0  3.4 10 310   M    M  10 18     14 280
 6  53  42  48  -1  17   0 0.01  0.0    0 13.8 30 300   M    M   9 18     37 290
 7  47  35  41  -8  24   0 0.00  0.0    0  7.8 22 340   M    M   7        28 330
 8  57  34  46  -2  19   0 0.00  0.0    0 10.4 20 300   M    M   9        25 310
 9  54  32  43  -5  22   0 0.00  0.0    0  6.6 14 190   M    M   5        20 180
10  64  35  50   2  15   0 0.00  0.0    0 11.2 22 170   M    M   6        25 190
11  67  37  52   5  13   0 0.09  0.0    0 13.8 26 300   M    M   6 18     32 300
12  37  32  35 -12  30   0 0.00  0.0    0  9.1 23 310   M    M  10        29 310
13  32  21  27 -19  38   0    T    T    0 10.6 17 290   M    M  10 8      23 320
14  36  18  27 -19  38   0    T    T    0  4.7 13 330   M    M   4 18     17 340
15  37  15  26 -20  39   0    T    T    0  2.5 10 150   M    M   6 18     15 210
16  39  30  35 -10  30   0 0.15  0.2    T  3.4 10 170   M    M  10 18     12 170
17  33  14  24 -21  41   0 0.41  4.9    3 11.0 25 290   M    M   9 1289   33 290
18  21  12  17 -27  48   0    T    T    4 10.6 20 240   M    M   6        30 270
19  41  11  26 -18  39   0 0.00  0.0    4 14.6 28 280   M    M   6        36 200
20  32  21  27 -16  38   0    T    T    2  9.7 21 270   M    M   4        26 270
21  34  11  23 -20  42   0 0.00  0.0    1  4.4  8 150   M    M   0        14 330
22  60  28  44   2  21   0 0.03  0.0    0  9.9 21 200   M    M   8        26 200
23  60  45  53  11  12   0 0.77  0.0    0 14.2 30 140   M    M  10 1      38 160
24  62  40  51   9  14   0 0.11  0.0    0 15.8 31 220   M    M   9 18     46 240
25  44  31  38  -3  27   0 0.00  0.0    0  7.7 17 270   M    M   5        21 260
================================================================================
SM 1189  725       660   0  1.67     5.1 234.1          M      173
================================================================================
AV 47.6 29.0                               9.4 FASTST   M    M   7    MAX(MPH)
                                 MISC ---->  # 31 220               # 46  240
================================================================================
NOTES:
# LAST OF SEVERAL OCCURRENCES

COLUMN 17 PEAK WIND IN M.P.H.

PRELIMINARY LOCAL CLIMATOLOGICAL DATA (WS FORM: F-6) , PAGE 2

                                          STATION:  CINCINNATI OH
                                          MONTH:    NOVEMBER
                                          YEAR:     2014
                                          LATITUDE:   39  2 N
                                          LONGITUDE:  84 40 W

[TEMPERATURE DATA]      [PRECIPITATION DATA]       SYMBOLS USED IN COLUMN 16

AVERAGE MONTHLY: 38.3   TOTAL FOR MONTH:   1.67    1 = FOG OR MIST
DPTR FM NORMAL:  -7.9   DPTR FM NORMAL:   -1.17    2 = FOG REDUCING VISIBILITY
HIGHEST:    67 ON 11, 4 GRTST 24HR  0.88 ON 23-24      TO 1/4 MILE OR LESS
LOWEST:     11 ON 21,19                            3 = THUNDER
                        SNOW, ICE PELLETS, HAIL    4 = ICE PELLETS
                        TOTAL MONTH:   5.1 INCHES  5 = HAIL
                        GRTST 24HR   4.9 ON  17    6 = FREEZING RAIN OR DRIZZLE
                        GRTST DEPTH:   4 ON 19,18  7 = DUSTSTORM OR SANDSTORM:
                                                       VSBY 1/2 MILE OR LESS
                                                   8 = SMOKE OR HAZE
[NO. OF DAYS WITH]      [WEATHER - DAYS WITH]      9 = BLOWING SNOW
                                                   X = TORNADO
MAX 32 OR BELOW:   3    0.01 INCH OR MORE:   8
MAX 90 OR ABOVE:   0    0.10 INCH OR MORE:   5
MIN 32 OR BELOW:  16    0.50 INCH OR MORE:   1
MIN  0 OR BELOW:   0    1.00 INCH OR MORE:   0

[HDD (BASE 65) ]
TOTAL THIS MO.   660    CLEAR  (SCALE 0-3)   2
DPTR FM NORMAL   188    PTCLDY (SCALE 4-7)  12
TOTAL FM JUL 1  1016    CLOUDY (SCALE 8-10) 11
DPTR FM NORMAL   182

[CDD (BASE 65) ]
TOTAL THIS MO.     0
DPTR FM NORMAL     0    [PRESSURE DATA]
TOTAL FM JAN 1  1077    HIGHEST SLP 30.55 ON 21
DPTR FM NORMAL   -44    LOWEST  SLP 29.25 ON 24

[REMARKS]
