000
CXUS52 KCHS 210915
CF6CXM
PRELIMINARY LOCAL CLIMATOLOGICAL DATA (WS FORM: F-6)

                                          STATION:   DOWNTOWN CHARLESTON SC
                                          MONTH:     SEPTEMBER
                                          YEAR:      2014
                                          LATITUDE:   32 46 N
                                          LONGITUDE:  79 56 W

  TEMPERATURE IN F:       :PCPN:    SNOW:  WIND      :SUNSHINE: SKY     :PK WND
================================================================================
1   2   3   4   5  6A  6B    7    8   9   10  11  12  13   14  15   16   17  18
                                     12Z  AVG MX 2MIN
DY MAX MIN AVG DEP HDD CDD  WTR  SNW DPTH SPD SPD DIR MIN PSBL S-S WX    SPD DR
================================================================================

 1  92  81  87   7   0  22 0.00  0.0    0  6.4 13 160   M    M   M        16 160
 2  92  81  87   7   0  22 0.00  0.0    0   M  17 170   M    M   M        23 180
 3  88  77  83   3   0  18 0.03  0.0    0  6.7 14 180   M    M   M        18 170
 4  86  81  84   5   0  19 0.00  0.0    0   M   M   M   M    M   M         M  M
 5  86  78  82   3   0  17 0.04  0.0    0   M   M   M   M    M   M         M  M
 6  84  75  80   1   0  15 0.85  0.0    0   M  17 170   M    M   M        21 170
 7  85  76  81   2   0  16 0.86  0.0    0   M  19 160   M    M   M        24 150
 8  83  76  80   1   0  15 1.33  0.0    0 10.3 18 180   M    M   M        28 190
 9  82  74  78  -1   0  13 0.01  0.0    0   M  11  30   M    M   M        14  30
10  86  75  81   3   0  16 0.00  0.0    0   M  12 110   M    M   M         M  M
11  87  78  83   5   0  18 0.00  0.0    0   M  13 185   M    M   M         M  M
12  88  80  84   6   0  19 0.00  0.0    0   M  13 175   M    M   M        16 180
13  89  80  85   7   0  20 0.36  0.0    0   M  12 164   M    M   M        15 163
14  85  74  80   2   0  15 0.63  0.0    0   M  15  80   M    M   M        18  86
15  87  73  80   3   0  15 0.98  0.0    0   M  13 104   M    M   M        19  17
16  87  76  82   5   0  17 0.84  0.0    0   M  12 109   M    M   M        14 106
17  85  73  79   2   0  14 0.00  0.0    0   M   M   M   M    M   M         M  M
18  88  74  81  74   0  16 0.00  0.0    M   M  13 100   M    M   M        15 100
19  83  73  78   2   0  13 0.11  0.0    M   M   M   M   M    M   M         M  M
20  78  72  75  -1   0  10 0.07  0.0    M   M  22  20   M    M   M        28  20
================================================================================
SM 1721 1527         0 330  6.11     0.0  23.4          M        M
================================================================================
AV 86.1 76.3                               7.8 FASTST   M    M   6    MAX(MPH)
                                 MISC ---->  # 22  20               # 28   20
================================================================================
NOTES:
# LAST OF SEVERAL OCCURRENCES

COLUMN 17 PEAK WIND IN M.P.H.

PRELIMINARY LOCAL CLIMATOLOGICAL DATA (WS FORM: F-6) , PAGE 2

                                          STATION:  DOWNTOWN CHARLESTON SC
                                          MONTH:    SEPTEMBER
                                          YEAR:     2014
                                          LATITUDE:   32 46 N
                                          LONGITUDE:  79 56 W

[TEMPERATURE DATA]      [PRECIPITATION DATA]       SYMBOLS USED IN COLUMN 16

AVERAGE MONTHLY: 81.2   TOTAL FOR MONTH:   6.11    1 = FOG OR MIST
DPTR FM NORMAL:   6.5   DPTR FM NORMAL:    1.92    2 = FOG REDUCING VISIBILITY
HIGHEST:    92 ON  2, 1 GRTST 24HR  1.33 ON  8- 8      TO 1/4 MILE OR LESS
LOWEST:     72 ON 20                               3 = THUNDER
                        SNOW, ICE PELLETS, HAIL    4 = ICE PELLETS
                        TOTAL MONTH:   0.0 INCH    5 = HAIL
                        GRTST 24HR     0.0         6 = FREEZING RAIN OR DRIZZLE
                        GRTST DEPTH:   0           7 = DUSTSTORM OR SANDSTORM:
                                                       VSBY 1/2 MILE OR LESS
                                                   8 = SMOKE OR HAZE
[NO. OF DAYS WITH]      [WEATHER - DAYS WITH]      9 = BLOWING SNOW
                                                   X = TORNADO
MAX 32 OR BELOW:   0    0.01 INCH OR MORE:  12
MAX 90 OR ABOVE:   2    0.10 INCH OR MORE:   8
MIN 32 OR BELOW:   0    0.50 INCH OR MORE:   6
MIN  0 OR BELOW:   0    1.00 INCH OR MORE:   1

[HDD (BASE 65) ]
TOTAL THIS MO.     0    CLEAR  (SCALE 0-3)   0
DPTR FM NORMAL     0    PTCLDY (SCALE 4-7)   0
TOTAL FM JUL 1     0    CLOUDY (SCALE 8-10)  0
DPTR FM NORMAL     0

[CDD (BASE 65) ]
TOTAL THIS MO.   330
DPTR FM NORMAL    69    [PRESSURE DATA]
TOTAL FM JAN 1  2315    HIGHEST SLP M ON M
DPTR FM NORMAL   229    LOWEST  SLP M ON M

[REMARKS]
