000
CXUS56 KSGX 271445
CF6CZZ

PRELIMINARY LOCAL CLIMATOLOGICAL DATA (WS FORM: F-6)

                                          STATION:   CAMPO ASOS CA
                                          MONTH:     AUGUST
                                          YEAR:      2014
                                          LATITUDE:   32 37 N
                                          LONGITUDE: 116 28 W

  TEMPERATURE IN F:       :PCPN:    SNOW:  WIND      :SUNSHINE: SKY     :PK WND
================================================================================
1   2   3   4   5  6A  6B    7    8   9   10  11  12  13   14  15   16   17  18
                                     12Z  AVG MX 2MIN
DY MAX MIN AVG DEP HDD CDD  WTR  SNW DPTH SPD SPD DIR MIN PSBL S-S WX    SPD DR
================================================================================

 1  97  60  79   5   0  14 0.14  0.0    0  6.5 31 320   M    M   0        41 320
 2  79  68  74   0   0   9 0.26  0.0    0  3.9 21  70   M    M   0        26  80
 3  77  64  71  -3   0   6 0.05  0.0    0  6.4 18 230   M    M   0        22 230
 4  86  53  70  -4   0   5 0.00  0.0    0  6.1 18 280   M    M   0        24 280
 5  89  46  68  -6   0   3 0.00  0.0    0  8.9 21 220   M    M   0        25 220
 6  84  44  64 -10   1   0 0.00  0.0    0  9.1 22 220   M    M   0        26 210
 7  84  43  64 -10   1   0 0.00  0.0    0  8.5 21 210   M    M   0        26 200
 8  83  50  67  -7   0   2 0.00  0.0    0  8.8 21 200   M    M   0        25 220
 9  94  53  74   0   0   9 0.00  0.0    0  7.9 25 220   M    M   0        29 220
10  92  53  73  -1   0   8 0.00  0.0    0  7.5 22 230   M    M   0        26 220
11  93  60  77   3   0  12 0.00  0.0    0  7.3 23 220   M    M   0        27 220
12  90  60  75   1   0  10 0.00  0.0    0  7.3 32  90   M    M   0        39  90
13  91  60  76   2   0  11 0.00  0.0    0  6.8 20 220   M    M   0        23 220
14  93  54  74   0   0   9 0.00  0.0    0  7.1 22 220   M    M   0        26 220
15  95  59  77   3   0  12 0.00  0.0    0  6.4 20 240   M    M   0        25 240
16  97  60  79   5   0  14 0.00  0.0    0  7.4 18 250   M    M   0        25 260
17  97  58  78   4   0  13 0.00  0.0    0  7.0 21 220   M    M   0        26 220
18  91  62  77   3   0  12 0.00  0.0    0  7.8 18 100   M    M   0        26  50
19  85  52  69  -5   0   4 0.00  0.0    0  8.2 20 220   M    M   0        24 250
20  82  56  69  -5   0   4 0.00  0.0    0  5.9 17 220   M    M   0        22 240
21  85  53  69  -5   0   4 0.03  0.0    0  6.1 20  50   M    M   0        25 350
22  87  53  70  -4   0   5 0.00  0.0    0  8.2 22 230   M    M   0        27 230
23  86  49  68  -6   0   3 0.00  0.0    0  7.9 21 200   M    M   0        27 230
24  89  43  66  -7   0   1 0.00  0.0    0  7.5 20 220   M    M   0        24 220
25  89  52  71  -2   0   6 0.00  0.0    0  7.3 21 240   M    M   0        25 220
26  90  53  72  -1   0   7 0.00  0.0    0  8.1 22 220   M    M   0        23 220
================================================================================
SM 2305 1418         2 183  0.48     0.0 189.9          M        0
================================================================================
AV 88.7 54.5                               7.3 FASTST   M    M   0    MAX(MPH)
                                 MISC ---->  # 32  90               # 41  320
================================================================================
NOTES:
# LAST OF SEVERAL OCCURRENCES

COLUMN 17 PEAK WIND IN M.P.H.

PRELIMINARY LOCAL CLIMATOLOGICAL DATA (WS FORM: F-6) , PAGE 2

                                          STATION:  CAMPO ASOS CA
                                          MONTH:    AUGUST
                                          YEAR:     2014
                                          LATITUDE:   32 37 N
                                          LONGITUDE: 116 28 W

[TEMPERATURE DATA]      [PRECIPITATION DATA]       SYMBOLS USED IN COLUMN 16

AVERAGE MONTHLY: 71.6   TOTAL FOR MONTH:   0.48    1 = FOG OR MIST
DPTR FM NORMAL:  -2.3   DPTR FM NORMAL:   -0.12    2 = FOG REDUCING VISIBILITY
HIGHEST:    97 ON 17,16 GRTST 24HR  0.26 ON  2- 2      TO 1/4 MILE OR LESS
LOWEST:     43 ON 24, 7                            3 = THUNDER
                        SNOW, ICE PELLETS, HAIL    4 = ICE PELLETS
                        TOTAL MONTH:   0.0 INCH    5 = HAIL
                        GRTST 24HR     0.0         6 = FREEZING RAIN OR DRIZZLE
                        GRTST DEPTH:   0           7 = DUSTSTORM OR SANDSTORM:
                                                       VSBY 1/2 MILE OR LESS
                                                   8 = SMOKE OR HAZE
[NO. OF DAYS WITH]      [WEATHER - DAYS WITH]      9 = BLOWING SNOW
                                                   X = TORNADO
MAX 32 OR BELOW:   0    0.01 INCH OR MORE:   4
MAX 90 OR ABOVE:  12    0.10 INCH OR MORE:   2
MIN 32 OR BELOW:   0    0.50 INCH OR MORE:   0
MIN  0 OR BELOW:   0    1.00 INCH OR MORE:   0

[HDD (BASE 65) ]
TOTAL THIS MO.     2    CLEAR  (SCALE 0-3)  26
DPTR FM NORMAL     2    PTCLDY (SCALE 4-7)   0
TOTAL FM JUL 1     2    CLOUDY (SCALE 8-10)  0
DPTR FM NORMAL    -5

[CDD (BASE 65) ]
TOTAL THIS MO.   183
DPTR FM NORMAL   -51    [PRESSURE DATA]
TOTAL FM JAN 1   581    HIGHEST SLP M ON M
DPTR FM NORMAL   -25    LOWEST  SLP 29.72 ON 18

[REMARKS]
