000
CXUS56 KSGX 201445
CF6CZZ

PRELIMINARY LOCAL CLIMATOLOGICAL DATA (WS FORM: F-6)

                                          STATION:   CAMPO ASOS CA
                                          MONTH:     DECEMBER
                                          YEAR:      2014
                                          LATITUDE:   32 37 N
                                          LONGITUDE: 116 28 W

  TEMPERATURE IN F:       :PCPN:    SNOW:  WIND      :SUNSHINE: SKY     :PK WND
================================================================================
1   2   3   4   5  6A  6B    7    8   9   10  11  12  13   14  15   16   17  18
                                     12Z  AVG MX 2MIN
DY MAX MIN AVG DEP HDD CDD  WTR  SNW DPTH SPD SPD DIR MIN PSBL S-S WX    SPD DR
================================================================================

 1  68  35  52   3  13   0 0.00  0.0    0  8.1 22  70   M    M   0        26  60
 2  63  52  58   9   7   0 0.33  0.0    0  2.6 16 240   M    M   0        21 250
 3  61  54  58   9   7   0 1.18  0.0    0  4.6 16 200   M    M   0        20 210
 4  63  43  53   5  12   0 0.15    M    0  7.4 17 210   M    M   0        21 210
 5  64  43  54   6  11   0 0.00  0.0    0  5.5 20  60   M    M   0        22  60
 6  67  47  57   9   8   0 0.00  0.0    0  3.8 15 220   M    M   0        18 220
 7  69  45  57   9   8   0 0.00  0.0    0  6.4 23  70   M    M   0        27  80
 8  69  44  57   9   8   0 0.00  0.0    0  6.0 17  70   M    M   0        20  80
 9  72  39  56   8   9   0 0.00  0.0    0  5.2 14 210   M    M   0        23 220
10  73  37  55   7  10   0 0.00  0.0    0  5.8 16 220   M    M   0        18 220
11  68  40  54   6  11   0 0.00    M    0  3.8 17 210   M    M   0        20 210
12  53  48  51   3  14   0 0.49    M    0  8.8 26 200   M    M   0        32 200
13  54  35  45  -2  20   0 0.01    M    0  8.5 21 250   M    M   0        24 260
14  60  31  46  -1  19   0 0.00  0.0    0  4.3 15 200   M    M   0        18 230
15  59  34  47   0  18   0 0.00  0.0    0  5.9 17  70   M    M   0        21  70
16  52  34  43  -4  22   0 0.48  0.0    0  3.3 14 240   M    M   0        15 230
17  53  35  44  -3  21   0 0.43    M    0  8.0 24 240   M    M   0        29 240
18  54  34  44  -3  21   0 0.00  0.0    0  4.4 16 270   M    M   0        21 280
19  63  33  48   1  17   0 0.00  0.0    0  4.6 15 240   M    M   0        20  60
================================================================================
SM 1185  763       256   0  3.07     0.0 107.0          M        0
================================================================================
AV 62.4 40.2                               5.6 FASTST   M    M   0    MAX(MPH)
                                 MISC ---->  # 26 200               # 32  200
================================================================================
NOTES:
# LAST OF SEVERAL OCCURRENCES

COLUMN 17 PEAK WIND IN M.P.H.

PRELIMINARY LOCAL CLIMATOLOGICAL DATA (WS FORM: F-6) , PAGE 2

                                          STATION:  CAMPO ASOS CA
                                          MONTH:    DECEMBER
                                          YEAR:     2014
                                          LATITUDE:   32 37 N
                                          LONGITUDE: 116 28 W

[TEMPERATURE DATA]      [PRECIPITATION DATA]       SYMBOLS USED IN COLUMN 16

AVERAGE MONTHLY: 51.3   TOTAL FOR MONTH:   3.07    1 = FOG OR MIST
DPTR FM NORMAL:   3.5   DPTR FM NORMAL:    1.79    2 = FOG REDUCING VISIBILITY
HIGHEST:    73 ON 10    GRTST 24HR  1.39 ON  2- 3      TO 1/4 MILE OR LESS
LOWEST:     31 ON 14                               3 = THUNDER
                        SNOW, ICE PELLETS, HAIL    4 = ICE PELLETS
                        TOTAL MONTH:   0.0 INCH    5 = HAIL
                        GRTST 24HR     0.0         6 = FREEZING RAIN OR DRIZZLE
                        GRTST DEPTH:   0           7 = DUSTSTORM OR SANDSTORM:
                                                       VSBY 1/2 MILE OR LESS
                                                   8 = SMOKE OR HAZE
[NO. OF DAYS WITH]      [WEATHER - DAYS WITH]      9 = BLOWING SNOW
                                                   X = TORNADO
MAX 32 OR BELOW:   0    0.01 INCH OR MORE:   7
MAX 90 OR ABOVE:   0    0.10 INCH OR MORE:   6
MIN 32 OR BELOW:   1    0.50 INCH OR MORE:   1
MIN  0 OR BELOW:   0    1.00 INCH OR MORE:   1

[HDD (BASE 65) ]
TOTAL THIS MO.   256    CLEAR  (SCALE 0-3)  19
DPTR FM NORMAL   -72    PTCLDY (SCALE 4-7)   0
TOTAL FM JUL 1   637    CLOUDY (SCALE 8-10)  0
DPTR FM NORMAL  -261

[CDD (BASE 65) ]
TOTAL THIS MO.     0
DPTR FM NORMAL     0    [PRESSURE DATA]
TOTAL FM JAN 1   900    HIGHEST SLP M ON M
DPTR FM NORMAL    59    LOWEST  SLP 29.85 ON 11

[REMARKS]
