000
CXUS55 KVEF 170940
CF6DAG
PRELIMINARY LOCAL CLIMATOLOGICAL DATA (WS FORM: F-6)

                                          STATION:   BARSTOW-DAGGETT CA
                                          MONTH:     FEBRUARY
                                          YEAR:      2018
                                          LATITUDE:   34 51 N
                                          LONGITUDE: 116 47 W

  TEMPERATURE IN F:       :PCPN:    SNOW:  WIND      :SUNSHINE: SKY     :PK WND
================================================================================
1   2   3   4   5  6A  6B    7    8   9   10  11  12  13   14  15   16   17  18
                                     12Z  AVG MX 2MIN
DY MAX MIN AVG DEP HDD CDD  WTR  SNW DPTH SPD SPD DIR MIN PSBL S-S WX    SPD DR
================================================================================

 1  75  44  60  10   5   0 0.00  0.0    0  6.5 14 270   M    M   0        16 260
 2  76  43  60  10   5   0 0.00  0.0    0  5.6 12 280   M    M   0        14 270
 3  78  47  63  13   2   0 0.00  0.0    0  8.7 16 270   M    M   0        19 270
 4  78  47  63  13   2   0 0.00  0.0    0  7.4 17 280   M    M   0        19 270
 5  79  47  63  13   2   0 0.00  0.0    0  8.3 15 260   M    M   0        17 270
 6  76  44  60   9   5   0 0.00  0.0    0  7.9 20 250   M    M   0 8      20 250
 7  72  38  55   4  10   0 0.00  0.0    0  3.8  9 270   M    M   0 8      12  50
 8  77  41  59   8   6   0 0.00  0.0    0  7.3 15 270   M    M   0        18 280
 9  80  46  63  12   2   0 0.00  0.0    0 11.4 18 280   M    M   0        22 290
10  79  49  64  13   1   0 0.00  0.0    0 15.4 35 260   M    M   0        41 260
11  63  37  50  -1  15   0 0.00  0.0    0  7.9 30 210   M    M   1        37 200
12  64  44  54   2  11   0 0.00  0.0    0 16.6 28 220   M    M   1        33 290
13  62  39  51  -1  14   0 0.00  0.0    0  7.4 20  70   M    M   4        24  80
14  64  36  50  -2  15   0 0.00  0.0    0  6.7 18 280   M    M   2        23 290
15  66  38  52   0  13   0 0.00  0.0    0  8.6 21 310   M    M   1        24 290
16  63  32  48  -4  17   0 0.00  0.0    0  5.6 10 260   M    M   0        16  50
================================================================================
SM 1152  672       125   0  0.00     0.0 135.1          M        9
================================================================================
AV 72.0 42.0                               8.4 FASTST   M    M   1    MAX(MPH)
                                 MISC ---->  # 35 260               # 41  260
================================================================================
NOTES:
# LAST OF SEVERAL OCCURRENCES

COLUMN 17 PEAK WIND IN M.P.H.

PRELIMINARY LOCAL CLIMATOLOGICAL DATA (WS FORM: F-6) , PAGE 2

                                          STATION:  BARSTOW-DAGGETT CA
                                          MONTH:    FEBRUARY
                                          YEAR:     2018
                                          LATITUDE:   34 51 N
                                          LONGITUDE: 116 47 W

[TEMPERATURE DATA]      [PRECIPITATION DATA]       SYMBOLS USED IN COLUMN 16

AVERAGE MONTHLY: 57.0   TOTAL FOR MONTH:   0.00    1 = FOG OR MIST
DPTR FM NORMAL:   6.0   DPTR FM NORMAL:   -0.34    2 = FOG REDUCING VISIBILITY
HIGHEST:    80 ON  9    GRTST 24HR  0.00 ON 16-16      TO 1/4 MILE OR LESS
LOWEST:     32 ON 16                               3 = THUNDER
                        SNOW, ICE PELLETS, HAIL    4 = ICE PELLETS
                        TOTAL MONTH:   0.0 INCH    5 = HAIL
                        GRTST 24HR     0.0         6 = FREEZING RAIN OR DRIZZLE
                        GRTST DEPTH:   0           7 = DUSTSTORM OR SANDSTORM:
                                                       VSBY 1/2 MILE OR LESS
                                                   8 = SMOKE OR HAZE
[NO. OF DAYS WITH]      [WEATHER - DAYS WITH]      9 = BLOWING SNOW
                                                   X = TORNADO
MAX 32 OR BELOW:   0    0.01 INCH OR MORE:   0
MAX 90 OR ABOVE:   0    0.10 INCH OR MORE:   0
MIN 32 OR BELOW:   1    0.50 INCH OR MORE:   0
MIN  0 OR BELOW:   0    1.00 INCH OR MORE:   0

[HDD (BASE 65) ]
TOTAL THIS MO.   125    CLEAR  (SCALE 0-3)  15
DPTR FM NORMAL   -98    PTCLDY (SCALE 4-7)   1
TOTAL FM JUL 1  1130    CLOUDY (SCALE 8-10)  0
DPTR FM NORMAL  -499

[CDD (BASE 65) ]
TOTAL THIS MO.     0
DPTR FM NORMAL     0    [PRESSURE DATA]
TOTAL FM JAN 1     0    HIGHEST SLP M ON M
DPTR FM NORMAL     0    LOWEST  SLP 29.61 ON 10

[REMARKS]
