000
CXUS55 KVEF 270940
CF6DAG
PRELIMINARY LOCAL CLIMATOLOGICAL DATA (WS FORM: F-6)

                                          STATION:   BARSTOW-DAGGETT CA
                                          MONTH:     JUNE
                                          YEAR:      2017
                                          LATITUDE:   34 51 N
                                          LONGITUDE: 116 47 W

  TEMPERATURE IN F:       :PCPN:    SNOW:  WIND      :SUNSHINE: SKY     :PK WND
================================================================================
1   2   3   4   5  6A  6B    7    8   9   10  11  12  13   14  15   16   17  18
                                     12Z  AVG MX 2MIN
DY MAX MIN AVG DEP HDD CDD  WTR  SNW DPTH SPD SPD DIR MIN PSBL S-S WX    SPD DR
================================================================================

 1  93  58  76  -3   0  11 0.00  0.0    0 11.2 22 280   M    M   0        27 270
 2  97  64  81   2   0  16 0.00  0.0    0  8.4 14  70   M    M   0        23  80
 3 105  68  87   8   0  22 0.00  0.0    0 10.8 28 250   M    M   0        34 250
 4 104  71  88   9   0  23 0.00  0.0    0 15.9 33 230   M    M   0        46 240
 5 104  70  87   7   0  22 0.00  0.0    0 13.8 26 250   M    M   0        31 230
 6 103  69  86   6   0  21 0.00  0.0    0  8.4 22 280   M    M   0        29 280
 7 102  70  86   6   0  21 0.00  0.0    0 11.6 24 310   M    M   0        30 310
 8  97  66  82   2   0  17 0.00  0.0    0 13.9 30 270   M    M   0        36 260
 9  94  70  82   1   0  17 0.00  0.0    0 21.4 30 240   M    M   0        39 270
10  90  66  78  -3   0  13 0.00  0.0    0 24.9 32 270   M    M   0        41 260
11  82  60  71 -10   0   6 0.00  0.0    0 26.7 38 270   M    M   0        45 280
12  81  53  67 -15   0   2 0.00  0.0    0 24.8 38 260   M    M   0        44 260
13  90  54  72 -10   0   7 0.00  0.0    0  8.3 23 230   M    M   0        28 240
14  99  60  80  -2   0  15 0.00  0.0    0  9.0 17 250   M    M   0        21 250
15 105  67  86   4   0  21 0.00  0.0    0 12.7 23 250   M    M   0        27 260
16 107  68  88   5   0  23 0.00  0.0    0 10.1 20 230   M    M   0        24 230
17 110  72  91   8   0  26 0.00  0.0    0 13.0 23 250   M    M   0        30 250
18 111  74  93  10   0  28 0.00  0.0    0 10.6 16 280   M    M   0        20  50
19 115  79  97  13   0  32 0.00  0.0    0 10.6 20 180   M    M   0        25 220
20 115  80  98  14   0  33 0.00  0.0    0 13.4 28 240   M    M   0        34 240
21 114  78  96  12   0  31 0.00  0.0    0 10.9 23 220   M    M   0        29 240
22 113  75  94  10   0  29 0.00  0.0    0 10.0 21 230   M    M   0        24 280
23 114  77  96  11   0  31 0.00  0.0    0 13.8 29 240   M    M   0        36 250
24 113  80  97  12   0  32 0.00  0.0    0 11.4 30 210   M    M   0        39 200
25 112  80  96  11   0  31 0.00  0.0    0 15.1 26 250   M    M   0        35 250
26 109  77  93   7   0  28 0.00  0.0    0 23.3 44 230   M    M   0        55 230
================================================================================
SM 2679 1806         0 558  0.00     0.0 364.0          M        0
================================================================================
AV103.0 69.5                              14.0 FASTST   M    M   0    MAX(MPH)
                                 MISC ---->  # 44 230               # 55  230
================================================================================
NOTES:
# LAST OF SEVERAL OCCURRENCES

COLUMN 17 PEAK WIND IN M.P.H.

PRELIMINARY LOCAL CLIMATOLOGICAL DATA (WS FORM: F-6) , PAGE 2

                                          STATION:  BARSTOW-DAGGETT CA
                                          MONTH:    JUNE
                                          YEAR:     2017
                                          LATITUDE:   34 51 N
                                          LONGITUDE: 116 47 W

[TEMPERATURE DATA]      [PRECIPITATION DATA]       SYMBOLS USED IN COLUMN 16

AVERAGE MONTHLY: 86.3   TOTAL FOR MONTH:   0.00    1 = FOG OR MIST
DPTR FM NORMAL:   4.2   DPTR FM NORMAL:   -0.05    2 = FOG REDUCING VISIBILITY
HIGHEST:   115 ON 20,19 GRTST 24HR  0.00 ON 26-26      TO 1/4 MILE OR LESS
LOWEST:     53 ON 12                               3 = THUNDER
                        SNOW, ICE PELLETS, HAIL    4 = ICE PELLETS
                        TOTAL MONTH:   0.0 INCH    5 = HAIL
                        GRTST 24HR     0.0         6 = FREEZING RAIN OR DRIZZLE
                        GRTST DEPTH:   0           7 = DUSTSTORM OR SANDSTORM:
                                                       VSBY 1/2 MILE OR LESS
                                                   8 = SMOKE OR HAZE
[NO. OF DAYS WITH]      [WEATHER - DAYS WITH]      9 = BLOWING SNOW
                                                   X = TORNADO
MAX 32 OR BELOW:   0    0.01 INCH OR MORE:   0
MAX 90 OR ABOVE:  24    0.10 INCH OR MORE:   0
MIN 32 OR BELOW:   0    0.50 INCH OR MORE:   0
MIN  0 OR BELOW:   0    1.00 INCH OR MORE:   0

[HDD (BASE 65) ]
TOTAL THIS MO.     0    CLEAR  (SCALE 0-3)  26
DPTR FM NORMAL     0    PTCLDY (SCALE 4-7)   0
TOTAL FM JUL 1  1705    CLOUDY (SCALE 8-10)  0
DPTR FM NORMAL  -396

[CDD (BASE 65) ]
TOTAL THIS MO.   558
DPTR FM NORMAL   111    [PRESSURE DATA]
TOTAL FM JAN 1  1006    HIGHEST SLP M ON M
DPTR FM NORMAL   154    LOWEST  SLP 29.55 ON 21

[REMARKS]
