000
CXUS55 KVEF 220940
CF6DAG
PRELIMINARY LOCAL CLIMATOLOGICAL DATA (WS FORM: F-6)

                                          STATION:   BARSTOW-DAGGETT CA
                                          MONTH:     JANUARY
                                          YEAR:      2017
                                          LATITUDE:   34 51 N
                                          LONGITUDE: 116 47 W

  TEMPERATURE IN F:       :PCPN:    SNOW:  WIND      :SUNSHINE: SKY     :PK WND
================================================================================
1   2   3   4   5  6A  6B    7    8   9   10  11  12  13   14  15   16   17  18
                                     12Z  AVG MX 2MIN
DY MAX MIN AVG DEP HDD CDD  WTR  SNW DPTH SPD SPD DIR MIN PSBL S-S WX    SPD DR
================================================================================

 1  60  42  51   4  14   0 0.00  0.0    0 13.9 25 230   M    M   3        30 230
 2  55  41  48   1  17   0 0.00  0.0    0  7.6 16 260   M    M   0        18 260
 3  52  38  45  -2  20   0 0.00  0.0    0  4.4  9  80   M    M   0        12  90
 4  63  34  49   2  16   0 0.00  0.0    0  9.8 21 300   M    M   1 1      26 290
 5  66  47  57  10   8   0 0.06    M    0 23.9 36 230   M    M   2 1      43 260
 6  49  34  42  -5  23   0 0.00  0.0    0  5.4 18 280   M    M   0        22 270
 7  50  36  43  -5  22   0 0.04    M    0  2.3 10 320   M    M   6 3      13 280
 8  57  37  47  -1  18   0 0.00  0.0    0  2.7  8 230   M    M   1         8 280
 9  65  44  55   7  10   0 0.08    M    0 13.4 37 260   M    M   2        44 260
10  64  43  54   6  11   0 0.00  0.0    0 12.2 26 240   M    M   0        35 230
11  65  49  57   9   8   0    T    M    0 16.8 36 260   M    M   3        42 260
12  51  42  47  -1  18   0 0.19    M    0  3.5 15 320   M    M   7 12     18 310
13  49  42  46  -2  19   0 0.59    M    0  4.7 12  60   M    M   9 1      15  80
14  62  40  51   3  14   0 0.00  0.0    0  5.8 14 280   M    M   3        17 280
15  61  40  51   3  14   0 0.00  0.0    0  5.9 13 260   M    M   0        15 270
16  58  37  48   0  17   0 0.00  0.0    0  4.3 10  60   M    M   0        14  90
17  58  33  46  -2  19   0 0.00  0.0    0  4.6 15 270   M    M   0        17 270
18  58  31  45  -3  20   0 0.02  0.0    0  5.6 29 240   M    M   2        36 240
19  59  45  52   3  13   0 0.06    M    0 12.1 32 270   M    M   4 1      40 280
20  50  43  47  -2  18   0 0.14    M    0 11.2 26 250   M    M   8 1      30 250
21  56  42  49   0  16   0 0.00  0.0    0 20.8 39 250   M    M   1        47 250
================================================================================
SM 1208  840       335   0  1.18     0.0 190.9          M       52
================================================================================
AV 57.5 40.0                               9.1 FASTST   M    M   2    MAX(MPH)
                                 MISC ---->  # 39 250               # 47  250
================================================================================
NOTES:
# LAST OF SEVERAL OCCURRENCES

COLUMN 17 PEAK WIND IN M.P.H.

PRELIMINARY LOCAL CLIMATOLOGICAL DATA (WS FORM: F-6) , PAGE 2

                                          STATION:  BARSTOW-DAGGETT CA
                                          MONTH:    JANUARY
                                          YEAR:     2017
                                          LATITUDE:   34 51 N
                                          LONGITUDE: 116 47 W

[TEMPERATURE DATA]      [PRECIPITATION DATA]       SYMBOLS USED IN COLUMN 16

AVERAGE MONTHLY: 48.8   TOTAL FOR MONTH:   1.18    1 = FOG OR MIST
DPTR FM NORMAL:   0.9   DPTR FM NORMAL:    0.75    2 = FOG REDUCING VISIBILITY
HIGHEST:    66 ON  5    GRTST 24HR  0.93 ON 31- 1      TO 1/4 MILE OR LESS
LOWEST:     31 ON 18                               3 = THUNDER
                        SNOW, ICE PELLETS, HAIL    4 = ICE PELLETS
                        TOTAL MONTH:   0.0 INCH    5 = HAIL
                        GRTST 24HR     0.0         6 = FREEZING RAIN OR DRIZZLE
                        GRTST DEPTH:   0           7 = DUSTSTORM OR SANDSTORM:
                                                       VSBY 1/2 MILE OR LESS
                                                   8 = SMOKE OR HAZE
[NO. OF DAYS WITH]      [WEATHER - DAYS WITH]      9 = BLOWING SNOW
                                                   X = TORNADO
MAX 32 OR BELOW:   0    0.01 INCH OR MORE:   8
MAX 90 OR ABOVE:   0    0.10 INCH OR MORE:   3
MIN 32 OR BELOW:   1    0.50 INCH OR MORE:   1
MIN  0 OR BELOW:   0    1.00 INCH OR MORE:   0

[HDD (BASE 65) ]
TOTAL THIS MO.   335    CLEAR  (SCALE 0-3)  14
DPTR FM NORMAL   -25    PTCLDY (SCALE 4-7)   6
TOTAL FM JUL 1  1076    CLOUDY (SCALE 8-10)  1
DPTR FM NORMAL  -174

[CDD (BASE 65) ]
TOTAL THIS MO.     0
DPTR FM NORMAL     0    [PRESSURE DATA]
TOTAL FM JAN 1     0    HIGHEST SLP M ON M
DPTR FM NORMAL     0    LOWEST  SLP 29.34 ON 20

[REMARKS]
