000
CXUS55 KVEF 270940
CF6DAG
PRELIMINARY LOCAL CLIMATOLOGICAL DATA (WS FORM: F-6)

                                          STATION:   BARSTOW-DAGGETT CA
                                          MONTH:     JULY
                                          YEAR:      2015
                                          LATITUDE:   34 51 N
                                          LONGITUDE: 116 47 W

  TEMPERATURE IN F:       :PCPN:    SNOW:  WIND      :SUNSHINE: SKY     :PK WND
================================================================================
1   2   3   4   5  6A  6B    7    8   9   10  11  12  13   14  15   16   17  18
                                     12Z  AVG MX 2MIN
DY MAX MIN AVG DEP HDD CDD  WTR  SNW DPTH SPD SPD DIR MIN PSBL S-S WX    SPD DR
================================================================================

 1  95  75  85  -2   0  20 0.08  0.0    0  9.0 36 110   M    M   1 3      44 110
 2 104  78  91   4   0  26 0.00  0.0    0 11.5 24 240   M    M   1        31 240
 3 105  76  91   4   0  26 0.00  0.0    0  9.2 21 240   M    M   0        26 230
 4 108  80  94   6   0  29 0.00  0.0    0 10.6 23 260   M    M   0        28 220
 5 107  77  92   4   0  27 0.02  0.0    0 10.5 38 190   M    M   1 3      44 200
 6 102  75  89   1   0  24    T  0.0    0 10.3 28 210   M    M   1 3      38 210
 7 104  73  89   1   0  24 0.00  0.0    0 14.4 30 230   M    M   0        35 280
 8  98  72  85  -3   0  20 0.00  0.0    0 18.0 30 240   M    M   0        37 250
 9  91  67  79  -9   0  14 0.00  0.0    0 18.2 29 260   M    M   0        39 270
10  91  65  78 -10   0  13 0.00  0.0    0 11.6 21 280   M    M   1        24 270
11  97  66  82  -7   0  17 0.00  0.0    0 10.5 23 240   M    M   0        26 250
12  99  69  84  -5   0  19 0.00  0.0    0  8.8 21 280   M    M   0        24 250
13 102  69  86  -3   0  21 0.00  0.0    0 12.1 24 250   M    M   0        29 230
14 103  74  89   0   0  24 0.00  0.0    0 15.5 29 250   M    M   0        35 210
15 102  73  88  -1   0  23 0.00  0.0    0 11.2 22 260   M    M   0        27 270
16 104  71  88  -1   0  23 0.00  0.0    0  9.6 24 240   M    M   0        28 240
17 105  70  88  -1   0  23 0.00  0.0    0 14.0 33 240   M    M   0        41 260
18  84  68  76 -13   0  11 0.10  0.0    0 10.0 24 280   M    M   4 3      28 290
19  88  66  77 -12   0  12 0.17  0.0    0  6.5 24 170   M    M   4 3      28 160
20  87  68  78 -11   0  13 0.10  0.0    0  6.1 12 290   M    M   7        16 200
21  97  71  84  -5   0  19 0.00  0.0    0  9.5 23 260   M    M   0        27 260
22  96  72  84  -5   0  19 0.00  0.0    0 15.4 30 240   M    M   0        35 250
23  98  70  84  -5   0  19 0.00  0.0    0 10.2 23 260   M    M   0        28 230
24 100  71  86  -3   0  21 0.00  0.0    0 13.8 26 250   M    M   0        32 250
25 102  73  88  -1   0  23 0.00  0.0    0 16.5 28 270   M    M   0        33 260
26 101  75  88  -1   0  23 0.00  0.0    0 18.0 29 260   M    M   0        34 250
================================================================================
SM 2570 1864         0 533  0.47     0.0 311.0          M       20
================================================================================
AV 98.8 71.7                              12.0 FASTST   M    M   1    MAX(MPH)
                                 MISC ---->  # 38 190               # 44  110
================================================================================
NOTES:
# LAST OF SEVERAL OCCURRENCES

COLUMN 17 PEAK WIND IN M.P.H.

PRELIMINARY LOCAL CLIMATOLOGICAL DATA (WS FORM: F-6) , PAGE 2

                                          STATION:  BARSTOW-DAGGETT CA
                                          MONTH:    JULY
                                          YEAR:     2015
                                          LATITUDE:   34 51 N
                                          LONGITUDE: 116 47 W

[TEMPERATURE DATA]      [PRECIPITATION DATA]       SYMBOLS USED IN COLUMN 16

AVERAGE MONTHLY: 85.3   TOTAL FOR MONTH:   0.47    1 = FOG OR MIST
DPTR FM NORMAL:  -3.2   DPTR FM NORMAL:    0.11    2 = FOG REDUCING VISIBILITY
HIGHEST:   108 ON  4    GRTST 24HR  0.27 ON 19-20      TO 1/4 MILE OR LESS
LOWEST:     65 ON 10                               3 = THUNDER
                        SNOW, ICE PELLETS, HAIL    4 = ICE PELLETS
                        TOTAL MONTH:   0.0 INCH    5 = HAIL
                        GRTST 24HR     0.0         6 = FREEZING RAIN OR DRIZZLE
                        GRTST DEPTH:   0           7 = DUSTSTORM OR SANDSTORM:
                                                       VSBY 1/2 MILE OR LESS
                                                   8 = SMOKE OR HAZE
[NO. OF DAYS WITH]      [WEATHER - DAYS WITH]      9 = BLOWING SNOW
                                                   X = TORNADO
MAX 32 OR BELOW:   0    0.01 INCH OR MORE:   5
MAX 90 OR ABOVE:  23    0.10 INCH OR MORE:   3
MIN 32 OR BELOW:   0    0.50 INCH OR MORE:   0
MIN  0 OR BELOW:   0    1.00 INCH OR MORE:   0

[HDD (BASE 65) ]
TOTAL THIS MO.     0    CLEAR  (SCALE 0-3)  23
DPTR FM NORMAL     0    PTCLDY (SCALE 4-7)   3
TOTAL FM JUL 1     0    CLOUDY (SCALE 8-10)  0
DPTR FM NORMAL     0

[CDD (BASE 65) ]
TOTAL THIS MO.   533
DPTR FM NORMAL   -78    [PRESSURE DATA]
TOTAL FM JAN 1  1664    HIGHEST SLP M ON M
DPTR FM NORMAL   117    LOWEST  SLP 29.58 ON  8

[REMARKS]
