000
CXUS55 KDVN 241100
CF6DBQ
PRELIMINARY LOCAL CLIMATOLOGICAL DATA (WS FORM: F-6)

                                          STATION:   DUBUQUE IA
                                          MONTH:     JULY
                                          YEAR:      2016
                                          LATITUDE:   42 24 N
                                          LONGITUDE:  90 42 W

  TEMPERATURE IN F:       :PCPN:    SNOW:  WIND      :SUNSHINE: SKY     :PK WND
================================================================================
1   2   3   4   5  6A  6B    7    8   9   10  11  12  13   14  15   16   17  18
                                     12Z  AVG MX 2MIN
DY MAX MIN AVG DEP HDD CDD  WTR  SNW DPTH SPD SPD DIR MIN PSBL S-S WX    SPD DR
================================================================================

 1  73  57  65  -7   0   0 0.00  0.0    0  7.2 17  40   M    M   3        23  40
 2  70  56  63  -9   2   0 0.00  0.0    0  6.2 15 200   M    M   1        19 190
 3  75  53  64  -8   1   0 0.00  0.0    0  7.9 17 120   M    M   1 1      22 110
 4  74  58  66  -6   0   1 0.00  0.0    0  3.9 10 250   M    M   8        13 170
 5  83  66  75   3   0  10 0.44  0.0    0  8.9 29 360   M    M   6 13     35 350
 6  80  66  73   1   0   8 1.44  0.0    0  7.6 31 260   M    M   4 123    46 270
 7  83  68  76   4   0  11 0.09  0.0    0  5.1 22 140   M    M   6 123    25 140
 8  81  64  73   1   0   8 0.00  0.0    0 11.3 29 280   M    M   1 1      36 280
 9  81  61  71  -1   0   6 0.00  0.0    0  6.4 14  10   M    M   1        17  10
10  75  63  69  -3   0   4 0.02  0.0    0 10.5 24 160   M    M   2 1      31 180
11  88  71  80   8   0  15 0.00  0.0    0 14.2 23 180   M    M   1 1      30 180
12  80  67  74   2   0   9 0.25  0.0    0 10.9 33 140   M    M   4 13     44 150
13  84  67  76   4   0  11 0.02  0.0    0  8.7 21 160   M    M   1 3      26 170
14  82  62  72   0   0   7 0.00  0.0    0 10.6 24 280   M    M   2 12     33 300
15  71  55  63  -9   2   0    T  0.0    0  6.8 18 340   M    M   3        22 340
16  77  52  65  -7   0   0 0.00  0.0    0  6.3 16 150   M    M   0        20 150
17  80  65  73   1   0   8 0.58  0.0    0 11.4 28 230   M    M   3 13     36 220
18  85  67  76   4   0  11 0.00  0.0    0  4.4 13 340   M    M   2 1      15 330
19  79  63  71  -1   0   6 0.16  0.0    0  5.5 15 170   M    M   2 13     18 170
20  82  67  75   3   0  10 1.45  0.0    0  9.7 21  90   M    M   3 13     26 280
21  91  68  80   8   0  15 1.42  0.0    0 12.7 31  50   M    M   3 13     37  60
22  87  68  78   6   0  13 0.00  0.0    0  5.1 14 180   M    M   5 1      17 180
23  81  71  76   4   0  11 0.49  0.0    0  7.0 29 290   M    M   6 13     37 280
================================================================================
SM 1842 1455         5 164  6.36     0.0 188.3          M       68
================================================================================
AV 80.1 63.3                               8.2 FASTST   M    M   3    MAX(MPH)
                                 MISC ---->  # 33 140               # 46  270
================================================================================
NOTES:
# LAST OF SEVERAL OCCURRENCES

COLUMN 17 PEAK WIND IN M.P.H.

PRELIMINARY LOCAL CLIMATOLOGICAL DATA (WS FORM: F-6) , PAGE 2

                                          STATION:  DUBUQUE IA
                                          MONTH:    JULY
                                          YEAR:     2016
                                          LATITUDE:   42 24 N
                                          LONGITUDE:  90 42 W

[TEMPERATURE DATA]      [PRECIPITATION DATA]       SYMBOLS USED IN COLUMN 16

AVERAGE MONTHLY: 71.7   TOTAL FOR MONTH:   6.36    1 = FOG OR MIST
DPTR FM NORMAL:  -0.3   DPTR FM NORMAL:    3.15    2 = FOG REDUCING VISIBILITY
HIGHEST:    91 ON 21    GRTST 24HR  1.88 ON  5- 6      TO 1/4 MILE OR LESS
LOWEST:     52 ON 16                               3 = THUNDER
                        SNOW, ICE PELLETS, HAIL    4 = ICE PELLETS
                        TOTAL MONTH:   0.0 INCH    5 = HAIL
                        GRTST 24HR     0.0         6 = FREEZING RAIN OR DRIZZLE
                        GRTST DEPTH:   0           7 = DUSTSTORM OR SANDSTORM:
                                                       VSBY 1/2 MILE OR LESS
                                                   8 = SMOKE OR HAZE
[NO. OF DAYS WITH]      [WEATHER - DAYS WITH]      9 = BLOWING SNOW
                                                   X = TORNADO
MAX 32 OR BELOW:   0    0.01 INCH OR MORE:  11
MAX 90 OR ABOVE:   1    0.10 INCH OR MORE:   8
MIN 32 OR BELOW:   0    0.50 INCH OR MORE:   4
MIN  0 OR BELOW:   0    1.00 INCH OR MORE:   3

[HDD (BASE 65) ]
TOTAL THIS MO.     5    CLEAR  (SCALE 0-3)  14
DPTR FM NORMAL     5    PTCLDY (SCALE 4-7)   8
TOTAL FM JUL 1     5    CLOUDY (SCALE 8-10)  1
DPTR FM NORMAL     5

[CDD (BASE 65) ]
TOTAL THIS MO.   164
DPTR FM NORMAL     2    [PRESSURE DATA]
TOTAL FM JAN 1   389    HIGHEST SLP M ON M
DPTR FM NORMAL    51    LOWEST  SLP 29.71 ON M

[REMARKS]
