000
CXUS54 KHUN 011015
CF6DCU
PRELIMINARY LOCAL CLIMATOLOGICAL DATA (WS FORM: F-6)

                                          STATION:   DECATUR
                                          MONTH:     FEBRUARY
                                          YEAR:      2015
                                          LATITUDE:   34 39 N
                                          LONGITUDE:  86 56 W

  TEMPERATURE IN F:       :PCPN:    SNOW:  WIND      :SUNSHINE: SKY     :PK WND
================================================================================
1   2   3   4   5  6A  6B    7    8   9   10  11  12  13   14  15   16   17  18
                                     12Z  AVG MX 2MIN
DY MAX MIN AVG DEP HDD CDD  WTR  SNW DPTH SPD SPD DIR MIN PSBL S-S WX    SPD DR
================================================================================

 1  57  44  51   9  14   0 1.05  0.0    0 13.9 28 190   M    M   8 1      37 180
 2  49  25  37  -5  28   0 0.01    T    0  9.7 23 320   M    M   8 18     29 300
 3  46  22  34  -8  31   0 0.00  0.0    0  2.1  7 150   M    M   0         7 170
 4  50  24  37  -5  28   0 0.00  0.0    0  4.0 13 180   M    M   1        15 180
 5  43  24  34  -8  31   0    T  0.0    0 12.2 23 360   M    M   4        32  10
 6  53  17  35  -7  30   0 0.00  0.0    0  1.8  7 180   M    M   0         9 170
 7  64  25  45   3  20   0 0.00  0.0    0  8.8 20 210   M    M   0 8      23 210
 8  65  46  56  13   9   0 0.02  0.0    0 10.6 22 210   M    M   7        27 200
 9  59  36  48   5  17   0 0.01  0.0    0 11.8 22 360   M    M   8 18     26 350
10  44  26  35  -8  30   0 0.00  0.0    0 10.8 22 350   M    M   6 1      28  10
11  56  23  40  -3  25   0 0.00  0.0    0  3.9 12 250   M    M   0 1      13 360
12  40  23  32 -12  33   0 0.00  0.0    0 14.5 26 340   M    M   4        32 350
13  40  18  29 -15  36   0 0.00  0.0    0  3.9 16 360   M    M   0        19  10
14  59  22  41  -3  24   0 0.00  0.0    0  9.9 25 360   M    M   2        31 360
15  32  16  24 -20  41   0 0.00  0.0    0  8.8 21  10   M    M   5        27  20
16  36  23  30 -14  35   0 1.10  0.0    0  8.8 23 340   M    M  10 1      27 340
17  29  20  25 -20  40   0    T    T    0  8.5 21 350   M    M   9 18     26 350
18  32  17  25 -20  40   0    T    T    T 12.5 28 290   M    M   7 1      34 290
19  25   9  17 -28  48   0 0.00  0.0    0  8.4 18  10   M    M   1        22  10
20  33  19  26 -20  39   0 0.05  0.5    0  9.8 20 140   M    M  10 16     24 140
21  57  33  45  -1  20   0 1.14    T    0 18.0 33 180   M    M  10 146    42 170
22  44  34  39  -7  26   0 0.05  0.0    0   M   M   M   M    M  10 1       M  M
23  39  28  34 -12  31   0 0.06    T    0 12.7 23 350   M    M   8 18     29 350
24  38  26  32 -15  33   0 0.00  0.0    0  5.5 13 330   M    M   8        15 310
25  37  23  30 -17  35   0 0.50  8.5    0  2.9 12  80   M    M   5 12     16  80
26  40  20  30 -17  35   0    T    T    M   M   M   M   M    M   2 1       M  M
27  36  24  30 -18  35   0 0.00  0.0    0  9.7 16  10   M    M   5        20 360
28  53  28  41  -7  24   0 0.00  0.0    0  7.0 22 140   M    M   7        28 140
================================================================================
SM 1256  695       838   0  3.99     9.0 230.5          M      145
================================================================================
AV 44.9 24.8                               8.9 FASTST   M    M   5    MAX(MPH)
                                 MISC ---->  # 33 180               # 42  170
================================================================================
NOTES:
# LAST OF SEVERAL OCCURRENCES

COLUMN 17 PEAK WIND IN M.P.H.

PRELIMINARY LOCAL CLIMATOLOGICAL DATA (WS FORM: F-6) , PAGE 2

                                          STATION:  DECATUR
                                          MONTH:    FEBRUARY
                                          YEAR:     2015
                                          LATITUDE:   34 39 N
                                          LONGITUDE:  86 56 W

[TEMPERATURE DATA]      [PRECIPITATION DATA]       SYMBOLS USED IN COLUMN 16

AVERAGE MONTHLY: 34.8   TOTAL FOR MONTH:   3.99    1 = FOG OR MIST
DPTR FM NORMAL:  -9.6   DPTR FM NORMAL:   -0.78    2 = FOG REDUCING VISIBILITY
HIGHEST:    65 ON  8    GRTST 24HR  1.14 ON 21-21      TO 1/4 MILE OR LESS
LOWEST:      9 ON 19                               3 = THUNDER
                        SNOW, ICE PELLETS, HAIL    4 = ICE PELLETS
                        TOTAL MONTH:   9.0 INCHES  5 = HAIL
                        GRTST 24HR   8.5 ON 25-25  6 = FREEZING RAIN OR DRIZZLE
                        GRTST DEPTH:   T           7 = DUSTSTORM OR SANDSTORM:
                                                       VSBY 1/2 MILE OR LESS
                                                   8 = SMOKE OR HAZE
[NO. OF DAYS WITH]      [WEATHER - DAYS WITH]      9 = BLOWING SNOW
                                                   X = TORNADO
MAX 32 OR BELOW:   4    0.01 INCH OR MORE:  10
MAX 90 OR ABOVE:   0    0.10 INCH OR MORE:   4
MIN 32 OR BELOW:  23    0.50 INCH OR MORE:   4
MIN  0 OR BELOW:   0    1.00 INCH OR MORE:   3

[HDD (BASE 65) ]
TOTAL THIS MO.   838    CLEAR  (SCALE 0-3)   9
DPTR FM NORMAL   259    PTCLDY (SCALE 4-7)  13
TOTAL FM JUL 1  2953    CLOUDY (SCALE 8-10)  6
DPTR FM NORMAL   336

[CDD (BASE 65) ]
TOTAL THIS MO.     0
DPTR FM NORMAL    -1    [PRESSURE DATA]
TOTAL FM JAN 1     0    HIGHEST SLP 30.58 ON 28
DPTR FM NORMAL    -1    LOWEST  SLP 29.70 ON  1

[REMARKS]
#FINAL-02-15#
