000
CXUS54 KHUN 191319
CF6DCU
PRELIMINARY LOCAL CLIMATOLOGICAL DATA (WS FORM: F-6)

                                          STATION:   DECATUR
                                          MONTH:     SEPTEMBER
                                          YEAR:      2014
                                          LATITUDE:   34 39 N
                                          LONGITUDE:  86 56 W

  TEMPERATURE IN F:       :PCPN:    SNOW:  WIND      :SUNSHINE: SKY     :PK WND
================================================================================
1   2   3   4   5  6A  6B    7    8   9   10  11  12  13   14  15   16   17  18
                                     12Z  AVG MX 2MIN
DY MAX MIN AVG DEP HDD CDD  WTR  SNW DPTH SPD SPD DIR MIN PSBL S-S WX    SPD DR
================================================================================

 1  93  71  82   5   0  17 0.00  0.0    0   M   M   M   M    M   0         M  M
 2  94  71  83   6   0  18    T  0.0    0  5.8 18 220   M    M   2        23 220
 3  89  72  81   5   0  16    T  0.0    0  3.5 14 270   M    M   5        17 270
 4  89  71  80   4   0  15 0.00  0.0    0  3.5  9 140   M    M   4        12 180
 5  92  71  82   6   0  17 0.33  0.0    0  2.7 18  10   M    M   1 138    22  10
 6  92  69  81   5   0  16    T  0.0    0  3.1 23 360   M    M   1 13     31  10
 7  89  69  79   4   0  14 0.00  0.0    0  6.5 16 350   M    M   4 18     18  20
 8  87  67  77   2   0  12 0.00  0.0    0  2.5  9 330   M    M   3 18     15 270
 9  92  69  81   6   0  16 0.00  0.0    0  4.5 15 140   M    M   3 1      17 140
10  93  71  82   8   0  17 0.00  0.0    0 10.2 20 160   M    M   4        26 190
11  93  73  83   9   0  18 0.01  0.0    0  7.3 16 350   M    M   4 13     23 200
12  84  69  77   3   0  12 0.02  0.0    0  6.3 13 350   M    M   8 18     15 340
13  76  59  68  -6   0   3 0.00  0.0    0  9.2 16  10   M    M   8 1      21  10
14  85  56  71  -2   0   6 0.00  0.0    0  4.3 10 320   M    M   0 1      13 340
15  86  62  74   1   0   9 0.00  0.0    0  1.4  9 310   M    M   3 18     10 320
16  87  65  76   4   0  11    T  0.0    0  5.2 14 360   M    M   2 1      16  10
17  82  61  72   0   0   7 0.00  0.0    0  4.7 13 340   M    M   2 18     20 270
18  84  62  73   1   0   8    M  0.0    0  4.0 12 260   M    M   6 1      20  70
================================================================================
SM 1587 1208         0 232  0.36     0.0  84.7          M       60
================================================================================
AV 88.2 67.1                               5.0 FASTST   M    M   3    MAX(MPH)
                                 MISC ---->  # 23 360               # 31   10
================================================================================
NOTES:
# LAST OF SEVERAL OCCURRENCES

COLUMN 17 PEAK WIND IN M.P.H.

PRELIMINARY LOCAL CLIMATOLOGICAL DATA (WS FORM: F-6) , PAGE 2

                                          STATION:  DECATUR
                                          MONTH:    SEPTEMBER
                                          YEAR:     2014
                                          LATITUDE:   34 39 N
                                          LONGITUDE:  86 56 W

[TEMPERATURE DATA]      [PRECIPITATION DATA]       SYMBOLS USED IN COLUMN 16

AVERAGE MONTHLY: 77.6   TOTAL FOR MONTH:   0.36    1 = FOG OR MIST
DPTR FM NORMAL:   3.1   DPTR FM NORMAL:   -1.83    2 = FOG REDUCING VISIBILITY
HIGHEST:    94 ON  2    GRTST 24HR  0.37 ON 31- 1      TO 1/4 MILE OR LESS
LOWEST:     56 ON 14                               3 = THUNDER
                        SNOW, ICE PELLETS, HAIL    4 = ICE PELLETS
                        TOTAL MONTH:   0.0 INCH    5 = HAIL
                        GRTST 24HR     0.0         6 = FREEZING RAIN OR DRIZZLE
                        GRTST DEPTH:   0           7 = DUSTSTORM OR SANDSTORM:
                                                       VSBY 1/2 MILE OR LESS
                                                   8 = SMOKE OR HAZE
[NO. OF DAYS WITH]      [WEATHER - DAYS WITH]      9 = BLOWING SNOW
                                                   X = TORNADO
MAX 32 OR BELOW:   0    0.01 INCH OR MORE:   3
MAX 90 OR ABOVE:   7    0.10 INCH OR MORE:   1
MIN 32 OR BELOW:   0    0.50 INCH OR MORE:   0
MIN  0 OR BELOW:   0    1.00 INCH OR MORE:   0

[HDD (BASE 65) ]
TOTAL THIS MO.     0    CLEAR  (SCALE 0-3)   9
DPTR FM NORMAL     0    PTCLDY (SCALE 4-7)   9
TOTAL FM JUL 1     0    CLOUDY (SCALE 8-10)  0
DPTR FM NORMAL     0

[CDD (BASE 65) ]
TOTAL THIS MO.   232
DPTR FM NORMAL    60    [PRESSURE DATA]
TOTAL FM JAN 1  1602    HIGHEST SLP M ON M
DPTR FM NORMAL   -22    LOWEST  SLP 29.89 ON 10

[REMARKS]
